{"id":1017,"date":"2022-06-17T13:46:49","date_gmt":"2022-06-17T13:46:49","guid":{"rendered":"https:\/\/www.ibikecuneo.com\/eine-radtour-im-zeichen-von-kunst-und-natur-cuneo-grana-tal-und-maira-tal\/dronero-und-maira-tal\/"},"modified":"2022-08-24T11:12:43","modified_gmt":"2022-08-24T11:12:43","slug":"dronero-und-maira-tal","status":"publish","type":"page","link":"https:\/\/www.ibikecuneo.com\/de\/routen\/eine-radtour-im-zeichen-von-kunst-und-natur-cuneo-grana-tal-und-maira-tal\/dronero-und-maira-tal\/","title":{"rendered":"Dronero und Maira-Tal"},"content":{"rendered":"\n  <div id=\"page-header-77534417\" class=\"page-header-wrapper\">\n  <div class=\"page-title dark featured-title\">\n\n        <div class=\"page-title-bg\">\n      <div class=\"title-bg fill bg-fill\"\n        data-parallax-container=\".page-title\"\n        data-parallax-background\n        data-parallax=\"-\">\n      <\/div>\n      <div class=\"title-overlay fill\"><\/div>\n    <\/div>\n    \n    <div class=\"page-title-inner container align-center flex-row medium-flex-wrap\" >\n              <div class=\"title-wrapper flex-col text-left medium-text-center\">\n          <h1 class=\"entry-title mb-0\">\n            Dronero und Maira-Tal          <\/h1>\n        <\/div>\n                    <div class=\"title-content flex-col flex-right text-right medium-text-center\">\n        <div class=\"title-breadcrumbs pb-half pt-half\"><\/div>      <\/div>\n    <\/div>\n\n     \n<style>\n#page-header-77534417 .page-title-inner {\n  min-height: 160px;\n}\n#page-header-77534417 .title-bg {\n  background-image: url(https:\/\/www.ibikecuneo.com\/wp-content\/uploads\/2022\/07\/img328.jpg);\n}\n#page-header-77534417 .title-overlay {\n  background-color: rgba(0,0,0,.5);\n}\n<\/style>\n  <\/div>\n    <\/div>\n  \n\n\t<section class=\"section\" id=\"section_3907318\">\n\t\t<div class=\"bg section-bg fill bg-fill  bg-loaded\" >\n\n\t\t\t\n\t\t\t\n\t\t\t\n\n\t\t<\/div>\n\n\t\t\n\n\t\t<div class=\"section-content relative\">\n\t\t\t\n\n<div class=\"row row-large row-divided\"  id=\"row-1555067234\">\n\n\n\t<div id=\"col-1538497904\" class=\"col medium-8 large-8\"  >\n\t\t\t\t<div class=\"col-inner\"  >\n\t\t\t\n\t\t\t\n\n<p>Nach Caraglio f\u00fchrt die Strecke weiter in Richtung Dronero am Eingang des Maira-Tals, das vor allem bei Wanderern beliebt ist sowie bei allen, die gerne im Freien Sport treiben.<\/p>\n<p>Im Maira-Tal, das f\u00fcr seine Gastfreundschaft ber\u00fchmt ist, wird heute noch die Tradition der okzitanischen Kultur gepflegt. Ein weiterer Aspekt, weshalb es zu jeder Jahreszeit Besucher und Touristen anzieht, die sich der Natur, der Kultur oder dem Sport verschrieben haben. Die gastfreundliche Atmosph\u00e4re wird durch die okzitanische Sprache und Musik verst\u00e4rkt, die zu den Lauten der Drehleier jung und alt zum Tanz vereint.<\/p>\n<p>Das St\u00e4dtchen Dronero liegt auf 621 m H\u00f6he und liegt eingebettet wie ein Juwel zwischen den Anh\u00f6hen der Berge am Beginn des Maira-Tals. Der Name der mittelalterlichen Stadt geht auf die Legende des schwarzen Drachens (Drago nero &gt; Dronero) zur\u00fcck, der einst in der Gegend gehaust haben soll. Zu ihrem au\u00dfergew\u00f6hnlichen architektonischen Kulturerbe geh\u00f6ren Kirchen und Adelspal\u00e4ste von seltener Sch\u00f6nheit.<\/p>\n<p>Man sollte sich auf jeden Fall ein wenig Zeit nehmen, um die zauberhaften G\u00e4sschen, Pl\u00e4tze und Arkaden zu erkunden und den atemberaubenden Ausblick von der Teufelsbr\u00fccke zu genie\u00dfen, einer eindrucksvollen mit Zinnen versehenen Br\u00fccke, die sich steil \u00fcber dem Fluss Maira erhebt.<\/p>\n<p>Eine weitere Attraktion in Dronero ist die alte Steinm\u00fchle, die dank des traditionellen Anbaus von Getreide und der Mehlproduktion in der Region heute noch in Betrieb ist. Die alte M\u00fchle Mulino della Riviera di Dronero kann auch unter der F\u00fchrung der heutigen Besitzer, Familie Cavanna, besichtigt werden. Die Besucher erfahren unter anderem, wie besondere Mehlarten hergestellt werden, wie die Mahlsteine funktionieren und wie das Wasser die M\u00fchlr\u00e4der antreibt. Am Ende der Tour kann man k\u00f6stliche Kekse aus der betriebseigenen B\u00e4ckerei probieren.<\/p>\n\t<div class=\"img has-hover x md-x lg-x y md-y lg-y\" id=\"image_1717255722\">\n\t\t<a class=\"image-lightbox lightbox-gallery\" title=\"\" href=\"https:\/\/www.ibikecuneo.com\/wp-content\/uploads\/2022\/07\/img328-1024x625.jpg\">\t\t\t\t\t\t<div class=\"img-inner dark\" >\n\t\t\t<img width=\"1020\" height=\"623\" src=\"https:\/\/www.ibikecuneo.com\/wp-content\/uploads\/2022\/07\/img328-1024x625.jpg\" class=\"attachment-large size-large\" alt=\"\" decoding=\"async\" loading=\"lazy\" srcset=\"https:\/\/www.ibikecuneo.com\/wp-content\/uploads\/2022\/07\/img328-1024x625.jpg 1024w, https:\/\/www.ibikecuneo.com\/wp-content\/uploads\/2022\/07\/img328-300x183.jpg 300w, https:\/\/www.ibikecuneo.com\/wp-content\/uploads\/2022\/07\/img328-768x469.jpg 768w, https:\/\/www.ibikecuneo.com\/wp-content\/uploads\/2022\/07\/img328.jpg 1165w\" sizes=\"(max-width: 1020px) 100vw, 1020px\" \/>\t\t\t\t\t\t\n\t\t\t\t\t<\/div>\n\t\t\t\t\t\t<\/a>\t\t\n<style>\n#image_1717255722 {\n  width: 100%;\n}\n<\/style>\n\t<\/div>\n\t\n\n\n\t\t<\/div>\n\t\t\t\t\t<\/div>\n\n\t\n\n\t<div id=\"col-1787828364\" class=\"col medium-4 large-4\"  >\n\t\t\t\t<div class=\"col-inner\"  >\n\t\t\t\n\t\t\t\n\n<div class=\"row row-collapse row-full-width\"  id=\"row-743759509\">\n\n\n\t<div id=\"col-1438975875\" class=\"col small-12 large-12\"  >\n\t\t\t\t<div class=\"col-inner\"  >\n\t\t\t\n\t\t\t\n\n\t<div id=\"text-502312347\" class=\"text\">\n\t\t\n\n<h4>Eine Radtour im Zeichen von Kunst und Natur: Cuneo, Grana-Tal und Maira-Tal<\/h4>\n<h5>Segmenti<\/h5>\n\n\t\t\n<style>\n#text-502312347 {\n  line-height: 1.2;\n}\n<\/style>\n\t<\/div>\n\t\n\t<div class=\"ux-menu stack stack-col justify-start ux-menu--divider-solid\">\n\t\t\n\n\t<div class=\"ux-menu-link flex menu-item\">\n\t\t<a class=\"ux-menu-link__link flex\" href=\"https:\/\/www.ibikecuneo.com\/percorsi\/pedalare-tra-arte-e-natura-cuneo-valle-grana-e-valle-maira\/da-cuneo-alla-valle-grana\/\"  >\n\t\t\t\t\t\t<span class=\"ux-menu-link__text\">\n\t\t\t\tVon Cuneo ins Grana-Tal\t\t\t<\/span>\n\t\t<\/a>\n\t<\/div>\n\t\n\n\t<div class=\"ux-menu-link flex menu-item\">\n\t\t<a class=\"ux-menu-link__link flex\" href=\"https:\/\/www.ibikecuneo.com\/percorsi\/pedalare-tra-arte-e-natura-cuneo-valle-grana-e-valle-maira\/dronero-e-la-valle-maira\/\"  >\n\t\t\t\t\t\t<span class=\"ux-menu-link__text\">\n\t\t\t\tDronero und Maira-Tal\t\t\t<\/span>\n\t\t<\/a>\n\t<\/div>\n\t\n\n\t<div class=\"ux-menu-link flex menu-item\">\n\t\t<a class=\"ux-menu-link__link flex\" href=\"https:\/\/www.ibikecuneo.com\/percorsi\/pedalare-tra-arte-e-natura-cuneo-valle-grana-e-valle-maira\/la-riserva-naturale-ciciu-del-villar\/\"  >\n\t\t\t\t\t\t<span class=\"ux-menu-link__text\">\n\t\t\t\tNaturschutzgebiet Ciciu del Villar\t\t\t<\/span>\n\t\t<\/a>\n\t<\/div>\n\t\n\n\n\t<\/div>\n\t\n<div class=\"text-center\"><div class=\"is-divider divider clearfix\" style=\"background-color:rgb(0, 162, 157);\"><\/div><\/div>\n\n\t<div id=\"text-2134550507\" class=\"text\">\n\t\t\n\n<h4>Andere Routen<\/h4>\n\t\t\n<style>\n#text-2134550507 {\n  line-height: 1.2;\n}\n<\/style>\n\t<\/div>\n\t\n\t<div class=\"ux-menu stack stack-col justify-start ux-menu--divider-solid\">\n\t\t\n\n\t<div class=\"ux-menu-link flex menu-item\">\n\t\t<a class=\"ux-menu-link__link flex\" href=\"https:\/\/www.ibikecuneo.com\/percorsi\/alla-scoperta-di-cuneo-e-del-parco-fluviale-gesso-e-stura\/\"  >\n\t\t\t\t\t\t<span class=\"ux-menu-link__text\">\n\t\t\t\tCuneo und der Flusspark Gesso und Stura\t\t\t<\/span>\n\t\t<\/a>\n\t<\/div>\n\t\n\n\t<div class=\"ux-menu-link flex menu-item\">\n\t\t<a class=\"ux-menu-link__link flex\" href=\"https:\/\/www.ibikecuneo.com\/percorsi\/da-cuneo-alle-terme-di-valdieri-pedalare-tra-natura-e-benessere\/\"  >\n\t\t\t\t\t\t<span class=\"ux-menu-link__text\">\n\t\t\t\tVon Cuneo zu den Thermen von Valdieri, eine Radtour zwischen Natur und Wellness\t\t\t<\/span>\n\t\t<\/a>\n\t<\/div>\n\t\n\n\t<div class=\"ux-menu-link flex menu-item\">\n\t\t<a class=\"ux-menu-link__link flex\" href=\"https:\/\/www.ibikecuneo.com\/percorsi\/in-bicicletta-tra-cuneo-mondovi-vicoforte-e-chiusa-di-pesio\/\"  >\n\t\t\t\t\t\t<span class=\"ux-menu-link__text\">\n\t\t\t\tEine Radtour von Cuneo nach Mondov\u00ec, Vicoforte und Chiusa di Pesio\t\t\t<\/span>\n\t\t<\/a>\n\t<\/div>\n\t\n\n\t<div class=\"ux-menu-link flex menu-item\">\n\t\t<a class=\"ux-menu-link__link flex\" href=\"https:\/\/www.ibikecuneo.com\"  >\n\t\t\t\t\t\t<span class=\"ux-menu-link__text\">\n\t\t\t\tPercorso 5\t\t\t<\/span>\n\t\t<\/a>\n\t<\/div>\n\t\n\n\n\t<\/div>\n\t\n\n\t\t<\/div>\n\t\t\t\t\t<\/div>\n\n\t\n\n<\/div>\n\n\n\n\n\t\t<\/div>\n\t\t\t\t\t<\/div>\n\n\t\n\n<\/div>\n\n\t\t<\/div>\n\n\t\t\n<style>\n#section_3907318 {\n  padding-top: 30px;\n  padding-bottom: 30px;\n}\n#section_3907318 .ux-shape-divider--top svg {\n  height: 150px;\n  --divider-top-width: 100%;\n}\n#section_3907318 .ux-shape-divider--bottom svg {\n  height: 150px;\n  --divider-width: 100%;\n}\n<\/style>\n\t<\/section>\n\t\n","protected":false},"excerpt":{"rendered":"","protected":false},"author":1,"featured_media":477,"parent":1007,"menu_order":2,"comment_status":"closed","ping_status":"closed","template":"","meta":[],"_links":{"self":[{"href":"https:\/\/www.ibikecuneo.com\/de\/wp-json\/wp\/v2\/pages\/1017"}],"collection":[{"href":"https:\/\/www.ibikecuneo.com\/de\/wp-json\/wp\/v2\/pages"}],"about":[{"href":"https:\/\/www.ibikecuneo.com\/de\/wp-json\/wp\/v2\/types\/page"}],"author":[{"embeddable":true,"href":"https:\/\/www.ibikecuneo.com\/de\/wp-json\/wp\/v2\/users\/1"}],"replies":[{"embeddable":true,"href":"https:\/\/www.ibikecuneo.com\/de\/wp-json\/wp\/v2\/comments?post=1017"}],"version-history":[{"count":1,"href":"https:\/\/www.ibikecuneo.com\/de\/wp-json\/wp\/v2\/pages\/1017\/revisions"}],"predecessor-version":[{"id":1018,"href":"https:\/\/www.ibikecuneo.com\/de\/wp-json\/wp\/v2\/pages\/1017\/revisions\/1018"}],"up":[{"embeddable":true,"href":"https:\/\/www.ibikecuneo.com\/de\/wp-json\/wp\/v2\/pages\/1007"}],"wp:featuredmedia":[{"embeddable":true,"href":"https:\/\/www.ibikecuneo.com\/de\/wp-json\/wp\/v2\/media\/477"}],"wp:attachment":[{"href":"https:\/\/www.ibikecuneo.com\/de\/wp-json\/wp\/v2\/media?parent=1017"}],"curies":[{"name":"wp","href":"https:\/\/api.w.org\/{rel}","templated":true}]}}

<div id="page-header-77534417" class="page-header-wrapper">
  <div class="page-title dark featured-title">

        <div class="page-title-bg">
      <div class="title-bg fill bg-fill"
        data-parallax-container=".page-title"
        data-parallax-background
        data-parallax="-">
      </div>
      <div class="title-overlay fill"></div>
    </div>
    
    <div class="page-title-inner container align-center flex-row medium-flex-wrap" >
              <div class="title-wrapper flex-col text-left medium-text-center">
          <h1 class="entry-title mb-0">
            Dronero und Maira-Tal          </h1>
        </div>
                    <div class="title-content flex-col flex-right text-right medium-text-center">
        <div class="title-breadcrumbs pb-half pt-half"></div>      </div>
    </div>

     
<style>
#page-header-77534417 .page-title-inner {
  min-height: 160px;
}
#page-header-77534417 .title-bg {
  background-image: url(https://www.ibikecuneo.com/wp-content/uploads/2022/07/img328.jpg);
}
#page-header-77534417 .title-overlay {
  background-color: rgba(0,0,0,.5);
}
</style>
  </div>
    </div>
  

	<section class="section" id="section_3907318">
		<div class="bg section-bg fill bg-fill  bg-loaded" >

			
			
			

		</div>

		

		<div class="section-content relative">
			

<div class="row row-large row-divided"  id="row-1555067234">


	<div id="col-1538497904" class="col medium-8 large-8"  >
				<div class="col-inner"  >
			
			

<p>Nach Caraglio führt die Strecke weiter in Richtung Dronero am Eingang des Maira-Tals, das vor allem bei Wanderern beliebt ist sowie bei allen, die gerne im Freien Sport treiben.</p>
<p>Im Maira-Tal, das für seine Gastfreundschaft berühmt ist, wird heute noch die Tradition der okzitanischen Kultur gepflegt. Ein weiterer Aspekt, weshalb es zu jeder Jahreszeit Besucher und Touristen anzieht, die sich der Natur, der Kultur oder dem Sport verschrieben haben. Die gastfreundliche Atmosphäre wird durch die okzitanische Sprache und Musik verstärkt, die zu den Lauten der Drehleier jung und alt zum Tanz vereint.</p>
<p>Das Städtchen Dronero liegt auf 621 m Höhe und liegt eingebettet wie ein Juwel zwischen den Anhöhen der Berge am Beginn des Maira-Tals. Der Name der mittelalterlichen Stadt geht auf die Legende des schwarzen Drachens (Drago nero &gt; Dronero) zurück, der einst in der Gegend gehaust haben soll. Zu ihrem außergewöhnlichen architektonischen Kulturerbe gehören Kirchen und Adelspaläste von seltener Schönheit.</p>
<p>Man sollte sich auf jeden Fall ein wenig Zeit nehmen, um die zauberhaften Gässchen, Plätze und Arkaden zu erkunden und den atemberaubenden Ausblick von der Teufelsbrücke zu genießen, einer eindrucksvollen mit Zinnen versehenen Brücke, die sich steil über dem Fluss Maira erhebt.</p>
<p>Eine weitere Attraktion in Dronero ist die alte Steinmühle, die dank des traditionellen Anbaus von Getreide und der Mehlproduktion in der Region heute noch in Betrieb ist. Die alte Mühle Mulino della Riviera di Dronero kann auch unter der Führung der heutigen Besitzer, Familie Cavanna, besichtigt werden. Die Besucher erfahren unter anderem, wie besondere Mehlarten hergestellt werden, wie die Mahlsteine funktionieren und wie das Wasser die Mühlräder antreibt. Am Ende der Tour kann man köstliche Kekse aus der betriebseigenen Bäckerei probieren.</p>
	<div class="img has-hover x md-x lg-x y md-y lg-y" id="image_1717255722">
		<a class="image-lightbox lightbox-gallery" title="" href="https://www.ibikecuneo.com/wp-content/uploads/2022/07/img328-1024x625.jpg">						<div class="img-inner dark" >
			<img width="1020" height="623" src="https://www.ibikecuneo.com/wp-content/uploads/2022/07/img328-1024x625.jpg" class="attachment-large size-large" alt="" decoding="async" loading="lazy" srcset="https://www.ibikecuneo.com/wp-content/uploads/2022/07/img328-1024x625.jpg 1024w, https://www.ibikecuneo.com/wp-content/uploads/2022/07/img328-300x183.jpg 300w, https://www.ibikecuneo.com/wp-content/uploads/2022/07/img328-768x469.jpg 768w, https://www.ibikecuneo.com/wp-content/uploads/2022/07/img328.jpg 1165w" sizes="(max-width: 1020px) 100vw, 1020px" />						
					</div>
						</a>		
<style>
#image_1717255722 {
  width: 100%;
}
</style>
	</div>
	


		</div>
					</div>

	

	<div id="col-1787828364" class="col medium-4 large-4"  >
				<div class="col-inner"  >
			
			

<div class="row row-collapse row-full-width"  id="row-743759509">


	<div id="col-1438975875" class="col small-12 large-12"  >
				<div class="col-inner"  >
			
			

	<div id="text-502312347" class="text">
		

<h4>Eine Radtour im Zeichen von Kunst und Natur: Cuneo, Grana-Tal und Maira-Tal</h4>
<h5>Segmenti</h5>

		
<style>
#text-502312347 {
  line-height: 1.2;
}
</style>
	</div>
	
	<div class="ux-menu stack stack-col justify-start ux-menu--divider-solid">
		

	<div class="ux-menu-link flex menu-item">
		<a class="ux-menu-link__link flex" href="https://www.ibikecuneo.com/percorsi/pedalare-tra-arte-e-natura-cuneo-valle-grana-e-valle-maira/da-cuneo-alla-valle-grana/"  >
						<span class="ux-menu-link__text">
				Von Cuneo ins Grana-Tal			</span>
		</a>
	</div>
	

	<div class="ux-menu-link flex menu-item">
		<a class="ux-menu-link__link flex" href="https://www.ibikecuneo.com/percorsi/pedalare-tra-arte-e-natura-cuneo-valle-grana-e-valle-maira/dronero-e-la-valle-maira/"  >
						<span class="ux-menu-link__text">
				Dronero und Maira-Tal			</span>
		</a>
	</div>
	

	<div class="ux-menu-link flex menu-item">
		<a class="ux-menu-link__link flex" href="https://www.ibikecuneo.com/percorsi/pedalare-tra-arte-e-natura-cuneo-valle-grana-e-valle-maira/la-riserva-naturale-ciciu-del-villar/"  >
						<span class="ux-menu-link__text">
				Naturschutzgebiet Ciciu del Villar			</span>
		</a>
	</div>
	


	</div>
	
<div class="text-center"><div class="is-divider divider clearfix" style="background-color:rgb(0, 162, 157);"></div></div>

	<div id="text-2134550507" class="text">
		

<h4>Andere Routen</h4>
		
<style>
#text-2134550507 {
  line-height: 1.2;
}
</style>
	</div>
	
	<div class="ux-menu stack stack-col justify-start ux-menu--divider-solid">
		

	<div class="ux-menu-link flex menu-item">
		<a class="ux-menu-link__link flex" href="https://www.ibikecuneo.com/percorsi/alla-scoperta-di-cuneo-e-del-parco-fluviale-gesso-e-stura/"  >
						<span class="ux-menu-link__text">
				Cuneo und der Flusspark Gesso und Stura			</span>
		</a>
	</div>
	

	<div class="ux-menu-link flex menu-item">
		<a class="ux-menu-link__link flex" href="https://www.ibikecuneo.com/percorsi/da-cuneo-alle-terme-di-valdieri-pedalare-tra-natura-e-benessere/"  >
						<span class="ux-menu-link__text">
				Von Cuneo zu den Thermen von Valdieri, eine Radtour zwischen Natur und Wellness			</span>
		</a>
	</div>
	

	<div class="ux-menu-link flex menu-item">
		<a class="ux-menu-link__link flex" href="https://www.ibikecuneo.com/percorsi/in-bicicletta-tra-cuneo-mondovi-vicoforte-e-chiusa-di-pesio/"  >
						<span class="ux-menu-link__text">
				Eine Radtour von Cuneo nach Mondovì, Vicoforte und Chiusa di Pesio			</span>
		</a>
	</div>
	

	<div class="ux-menu-link flex menu-item">
		<a class="ux-menu-link__link flex" href="https://www.ibikecuneo.com"  >
						<span class="ux-menu-link__text">
				Percorso 5			</span>
		</a>
	</div>
	


	</div>
	

		</div>
					</div>

	

</div>




		</div>
					</div>

	

</div>

		</div>

		
<style>
#section_3907318 {
  padding-top: 30px;
  padding-bottom: 30px;
}
#section_3907318 .ux-shape-divider--top svg {
  height: 150px;
  --divider-top-width: 100%;
}
#section_3907318 .ux-shape-divider--bottom svg {
  height: 150px;
  --divider-width: 100%;
}
</style>
	</section>
