{"id":1030,"date":"2022-06-17T13:54:25","date_gmt":"2022-06-17T13:54:25","guid":{"rendered":"https:\/\/www.ibikecuneo.com\/eine-radtour-von-cuneo-nach-mondovi-vicoforte-und-chiusa-di-pesio\/von-mondovi-ueber-chiusa-di-pesio-nach-cuneo\/"},"modified":"2022-08-26T20:15:53","modified_gmt":"2022-08-26T20:15:53","slug":"von-mondovi-ueber-chiusa-di-pesio-nach-cuneo","status":"publish","type":"page","link":"https:\/\/www.ibikecuneo.com\/de\/routen\/eine-radtour-von-cuneo-nach-mondovi-vicoforte-und-chiusa-di-pesio\/von-mondovi-ueber-chiusa-di-pesio-nach-cuneo\/","title":{"rendered":"Von Mondov\u00ec \u00fcber Chiusa di Pesio nach Cuneo"},"content":{"rendered":"\n  <div id=\"page-header-1179121883\" class=\"page-header-wrapper\">\n  <div class=\"page-title dark featured-title\">\n\n        <div class=\"page-title-bg\">\n      <div class=\"title-bg fill bg-fill\"\n        data-parallax-container=\".page-title\"\n        data-parallax-background\n        data-parallax=\"-\">\n      <\/div>\n      <div class=\"title-overlay fill\"><\/div>\n    <\/div>\n    \n    <div class=\"page-title-inner container align-center flex-row medium-flex-wrap\" >\n              <div class=\"title-wrapper flex-col text-left medium-text-center\">\n          <h1 class=\"entry-title mb-0\">\n            Von Mondov\u00ec \u00fcber Chiusa di Pesio nach Cuneo          <\/h1>\n        <\/div>\n                    <div class=\"title-content flex-col flex-right text-right medium-text-center\">\n        <div class=\"title-breadcrumbs pb-half pt-half\"><\/div>      <\/div>\n    <\/div>\n\n     \n<style>\n#page-header-1179121883 .page-title-inner {\n  min-height: 160px;\n}\n#page-header-1179121883 .title-bg {\n  background-image: url(https:\/\/www.ibikecuneo.com\/wp-content\/uploads\/2022\/07\/img393.jpg);\n}\n#page-header-1179121883 .title-overlay {\n  background-color: rgba(0,0,0,.5);\n}\n<\/style>\n  <\/div>\n    <\/div>\n  \n\n\t<section class=\"section\" id=\"section_634754943\">\n\t\t<div class=\"bg section-bg fill bg-fill  bg-loaded\" >\n\n\t\t\t\n\t\t\t\n\t\t\t\n\n\t\t<\/div>\n\n\t\t\n\n\t\t<div class=\"section-content relative\">\n\t\t\t\n\n<div class=\"row row-large row-divided\"  id=\"row-1702137125\">\n\n\n\t<div id=\"col-1420813685\" class=\"col medium-8 large-8\"  >\n\t\t\t\t<div class=\"col-inner\"  >\n\t\t\t\n\t\t\t\n\n<p>Die zweite Etappe unserer Radtour zu den Attraktionen der Region Cuneo beginnt in Mondov\u00ec und f\u00fchrt \u00fcber Chiusa di Pesio zur\u00fcck nach Cuneo.<\/p>\n<p>Man verl\u00e4sst Mondov\u00ec \u00fcber die Via San Bernardo und folgt anschlie\u00dfend der Via Vecchia di Cuneo sowie einigen Feldwegen, die an Bauernh\u00f6fen und Anwesen vorbeif\u00fchren und exemplarisch f\u00fcr die heute noch fest verwurzelte landwirtschaftliche Tradition der Region sind. Die Fahrt f\u00fchrt \u00fcber die sanfte H\u00fcgellandschaft der Umgebung Mondov\u00ecs, die immer wieder von W\u00e4ldern und Obsthainen durchzogen ist.<\/p>\n\t<div class=\"img has-hover x md-x lg-x y md-y lg-y\" id=\"image_1921326326\">\n\t\t<a class=\"image-lightbox lightbox-gallery\" title=\"\" href=\"https:\/\/www.ibikecuneo.com\/wp-content\/uploads\/2022\/07\/img393-1024x473.jpg\">\t\t\t\t\t\t<div class=\"img-inner dark\" >\n\t\t\t<img width=\"1020\" height=\"471\" src=\"https:\/\/www.ibikecuneo.com\/wp-content\/uploads\/2022\/07\/img393-1024x473.jpg\" class=\"attachment-large size-large\" alt=\"\" decoding=\"async\" loading=\"lazy\" srcset=\"https:\/\/www.ibikecuneo.com\/wp-content\/uploads\/2022\/07\/img393-1024x473.jpg 1024w, https:\/\/www.ibikecuneo.com\/wp-content\/uploads\/2022\/07\/img393-300x139.jpg 300w, https:\/\/www.ibikecuneo.com\/wp-content\/uploads\/2022\/07\/img393-768x355.jpg 768w, https:\/\/www.ibikecuneo.com\/wp-content\/uploads\/2022\/07\/img393.jpg 1165w\" sizes=\"(max-width: 1020px) 100vw, 1020px\" \/>\t\t\t\t\t\t\n\t\t\t\t\t<\/div>\n\t\t\t\t\t\t<\/a>\t\t\n<style>\n#image_1921326326 {\n  width: 100%;\n}\n<\/style>\n\t<\/div>\n\t\n\n<div class=\"text-center\"><div class=\"is-divider divider clearfix\" style=\"margin-top:1.8em;margin-bottom:1.8em;max-width:68px;\"><\/div><\/div>\n\n<p>Nach dem Ortsteil Merlo geht es weiter in Richtung Roracco und Pianfei auf der Via Vecchia Pianfei, wobei die Strecke nun konstant leicht aufw\u00e4rts in Richtung Chiusa di Pesio f\u00fchrt. Auf nur wenigen Kilometern durchquert man eine Reihe von D\u00f6rfern und Ortschaften, so dass man keine Schwierigkeiten hat, einen Ort zum Rasten zu finden, um eine Kleinigkeit zu essen, einen Espresso zu trinken oder einfach nur ein wenig die Beine ruhen zu lassen. Wer m\u00f6chte, kann in Chiusa di Pesio einen Abstecher bis zur Kartause von Pesio machen. Von diesem faszinierenden Ort f\u00fchrt ein Weg zum Pian delle Gorre, wo man einkehren und sich erfrischen kann. Vielleicht bleibt sogar noch ein wenig Zeit, um die Wasserf\u00e4lle von Saut zu besuchen.<\/p>\n<p>Zur\u00fcck in Chiusa di Pesio folgt man der kaum befahrenen alten Stra\u00dfe nach Montefallonio, die in die Ortschaft f\u00fchrt. Die Strecke ist zwar leicht ansteigend, doch einfach zu meistern und verl\u00e4uft durch bebaute gr\u00fcne Felder, die die Fahrt mit ihren typischen Aromen begleiten. Nach einer kurzen Abfahrt erreicht man Peveragno, das f\u00fcr seine k\u00f6stlichen Erdbeeren ber\u00fchmt ist. Danach f\u00e4hrt man durch die Ortschaft Rivoira, ab der die Strecke bis zum Ende erneut absch\u00fcssig ist.<\/p>\n<p>Nachdem man Boves durchquert hat, ein malerisches Dorf, in dem sich ein Kastanienmuseum befindet, geht es weiter in Richtung Fontanelle mit der Wallfahrtskirche Regina Pacis. Anschlie\u00dfend \u00fcberquert man den Fluss Vermenagna auf einer eisernen Bogenbr\u00fccke, um Borgo San Dalmazzo zu erreichen. Hier biegt man dann auf den Radweg des Flussparks Gesso und Stura ab. Die letzten 10 Kilometer der Tour f\u00fchren am linken Ufer des Flusses Gesso entlang bis ins Stadtzentrum von Cuneo. Nachdem man den Weg entlang des Gesso verlassen und die Bahnunterf\u00fchrung durchquert hat, folgt man der Via Vecchia di Cuneo und der langen Viale Mistral, die auf die Viale degli Angeli f\u00fchrt. Sie sorgt f\u00fcr eine triumphale Einfahrt nach Cuneo, vorbei an eleganten Jugendstilvillen, die an erhabene franz\u00f6sische Boulevards erinnern.<\/p>\n\t<div class=\"img has-hover x md-x lg-x y md-y lg-y\" id=\"image_1302893632\">\n\t\t<a class=\"image-lightbox lightbox-gallery\" title=\"\" href=\"https:\/\/www.ibikecuneo.com\/wp-content\/uploads\/2022\/07\/img396-1024x577.jpg\">\t\t\t\t\t\t<div class=\"img-inner dark\" >\n\t\t\t<img width=\"1020\" height=\"575\" src=\"https:\/\/www.ibikecuneo.com\/wp-content\/uploads\/2022\/07\/img396-1024x577.jpg\" class=\"attachment-large size-large\" alt=\"\" decoding=\"async\" loading=\"lazy\" srcset=\"https:\/\/www.ibikecuneo.com\/wp-content\/uploads\/2022\/07\/img396-1024x577.jpg 1024w, https:\/\/www.ibikecuneo.com\/wp-content\/uploads\/2022\/07\/img396-300x169.jpg 300w, https:\/\/www.ibikecuneo.com\/wp-content\/uploads\/2022\/07\/img396-768x432.jpg 768w, https:\/\/www.ibikecuneo.com\/wp-content\/uploads\/2022\/07\/img396.jpg 1165w\" sizes=\"(max-width: 1020px) 100vw, 1020px\" \/>\t\t\t\t\t\t\n\t\t\t\t\t<\/div>\n\t\t\t\t\t\t<\/a>\t\t\n<style>\n#image_1302893632 {\n  width: 100%;\n}\n<\/style>\n\t<\/div>\n\t\n\n\n\t\t<\/div>\n\t\t\t\t\t<\/div>\n\n\t\n\n\t<div id=\"col-1024734982\" class=\"col medium-4 large-4\"  >\n\t\t\t\t<div class=\"col-inner\"  >\n\t\t\t\n\t\t\t\n\n<div class=\"row row-collapse row-full-width\"  id=\"row-405040367\">\n\n\n\t<div id=\"col-1969802613\" class=\"col small-12 large-12\"  >\n\t\t\t\t<div class=\"col-inner\"  >\n\t\t\t\n\t\t\t\n\n\t<div id=\"text-3124034569\" class=\"text\">\n\t\t\n\n<h4>Eine Radtour von Cuneo nach Mondov\u00ec, Vicoforte und Chiusa di Pesio<\/h4>\n<h5>Segmente<\/h5>\n\n\t\t\n<style>\n#text-3124034569 {\n  line-height: 1.2;\n}\n<\/style>\n\t<\/div>\n\t\n\t<div class=\"ux-menu stack stack-col justify-start ux-menu--divider-solid\">\n\t\t\n\n\t<div class=\"ux-menu-link flex menu-item\">\n\t\t<a class=\"ux-menu-link__link flex\" href=\"https:\/\/www.ibikecuneo.com\/percorsi\/in-bicicletta-tra-cuneo-mondovi-vicoforte-e-chiusa-di-pesio\/da-cuneo-a-mondovi-in-bici\/\"  >\n\t\t\t\t\t\t<span class=\"ux-menu-link__text\">\n\t\t\t\tMit dem Rad von Cuneo nach Mondov\u00ec\t\t\t<\/span>\n\t\t<\/a>\n\t<\/div>\n\t\n\n\t<div class=\"ux-menu-link flex menu-item\">\n\t\t<a class=\"ux-menu-link__link flex\" href=\"https:\/\/www.ibikecuneo.com\/percorsi\/in-bicicletta-tra-cuneo-mondovi-vicoforte-e-chiusa-di-pesio\/scoprire-mondovi\/\"  >\n\t\t\t\t\t\t<span class=\"ux-menu-link__text\">\n\t\t\t\tAuf Entdeckungstour durch Mondov\u00ec\t\t\t<\/span>\n\t\t<\/a>\n\t<\/div>\n\t\n\n\t<div class=\"ux-menu-link flex menu-item\">\n\t\t<a class=\"ux-menu-link__link flex\" href=\"https:\/\/www.ibikecuneo.com\/percorsi\/in-bicicletta-tra-cuneo-mondovi-vicoforte-e-chiusa-di-pesio\/il-santuario-di-vicoforte-e-il-magnificat\/\"  >\n\t\t\t\t\t\t<span class=\"ux-menu-link__text\">\n\t\t\t\tDie Wallfahrtskirche Vicoforte und Magnificat\t\t\t<\/span>\n\t\t<\/a>\n\t<\/div>\n\t\n\n\t<div class=\"ux-menu-link flex menu-item\">\n\t\t<a class=\"ux-menu-link__link flex\" href=\"https:\/\/www.ibikecuneo.com\/percorsi\/in-bicicletta-tra-cuneo-mondovi-vicoforte-e-chiusa-di-pesio\/da-mondovi-a-cuneo-passando-da-chiusa-di-pesio\/\"  >\n\t\t\t\t\t\t<span class=\"ux-menu-link__text\">\n\t\t\t\tVon Mondov\u00ec \u00fcber Chiusa di Pesio nach Cuneo\t\t\t<\/span>\n\t\t<\/a>\n\t<\/div>\n\t\n\n\n\t<\/div>\n\t\n<div class=\"text-center\"><div class=\"is-divider divider clearfix\" style=\"background-color:rgb(0, 162, 157);\"><\/div><\/div>\n\n\t<div id=\"text-3785212356\" class=\"text\">\n\t\t\n\n<h4>Andere Routen<\/h4>\n\t\t\n<style>\n#text-3785212356 {\n  line-height: 1.2;\n}\n<\/style>\n\t<\/div>\n\t\n\t<div class=\"ux-menu stack stack-col justify-start ux-menu--divider-solid\">\n\t\t\n\n\t<div class=\"ux-menu-link flex menu-item\">\n\t\t<a class=\"ux-menu-link__link flex\" href=\"https:\/\/www.ibikecuneo.com\/percorsi\/alla-scoperta-di-cuneo-e-del-parco-fluviale-gesso-e-stura\/\"  >\n\t\t\t\t\t\t<span class=\"ux-menu-link__text\">\n\t\t\t\tCuneo und der Flusspark Gesso und Stura\t\t\t<\/span>\n\t\t<\/a>\n\t<\/div>\n\t\n\n\t<div class=\"ux-menu-link flex menu-item\">\n\t\t<a class=\"ux-menu-link__link flex\" href=\"https:\/\/www.ibikecuneo.com\/percorsi\/pedalare-tra-arte-e-natura-cuneo-valle-grana-e-valle-maira\/\"  >\n\t\t\t\t\t\t<span class=\"ux-menu-link__text\">\n\t\t\t\tEine Radtour im Zeichen von Kunst und Natur: Cuneo, Grana-Tal und Maira-Tal\t\t\t<\/span>\n\t\t<\/a>\n\t<\/div>\n\t\n\n\t<div class=\"ux-menu-link flex menu-item\">\n\t\t<a class=\"ux-menu-link__link flex\" href=\"https:\/\/www.ibikecuneo.com\/percorsi\/da-cuneo-alle-terme-di-valdieri-pedalare-tra-natura-e-benessere\/\"  >\n\t\t\t\t\t\t<span class=\"ux-menu-link__text\">\n\t\t\t\tVon Cuneo zu den Thermen von Valdieri, eine Radtour zwischen Natur und Wellness\t\t\t<\/span>\n\t\t<\/a>\n\t<\/div>\n\t\n\n\t<div class=\"ux-menu-link flex menu-item\">\n\t\t<a class=\"ux-menu-link__link flex\" href=\"https:\/\/www.ibikecuneo.com\"  >\n\t\t\t\t\t\t<span class=\"ux-menu-link__text\">\n\t\t\t\tPercorso 5\t\t\t<\/span>\n\t\t<\/a>\n\t<\/div>\n\t\n\n\n\t<\/div>\n\t\n\n\t\t<\/div>\n\t\t\t\t\t<\/div>\n\n\t\n\n<\/div>\n\n\n\n\n\t\t<\/div>\n\t\t\t\t\t<\/div>\n\n\t\n\n<\/div>\n\n\t\t<\/div>\n\n\t\t\n<style>\n#section_634754943 {\n  padding-top: 30px;\n  padding-bottom: 30px;\n}\n#section_634754943 .ux-shape-divider--top svg {\n  height: 150px;\n  --divider-top-width: 100%;\n}\n#section_634754943 .ux-shape-divider--bottom svg {\n  height: 150px;\n  --divider-width: 100%;\n}\n<\/style>\n\t<\/section>\n\t\n\n","protected":false},"excerpt":{"rendered":"","protected":false},"author":1,"featured_media":539,"parent":1022,"menu_order":4,"comment_status":"closed","ping_status":"closed","template":"","meta":[],"_links":{"self":[{"href":"https:\/\/www.ibikecuneo.com\/de\/wp-json\/wp\/v2\/pages\/1030"}],"collection":[{"href":"https:\/\/www.ibikecuneo.com\/de\/wp-json\/wp\/v2\/pages"}],"about":[{"href":"https:\/\/www.ibikecuneo.com\/de\/wp-json\/wp\/v2\/types\/page"}],"author":[{"embeddable":true,"href":"https:\/\/www.ibikecuneo.com\/de\/wp-json\/wp\/v2\/users\/1"}],"replies":[{"embeddable":true,"href":"https:\/\/www.ibikecuneo.com\/de\/wp-json\/wp\/v2\/comments?post=1030"}],"version-history":[{"count":1,"href":"https:\/\/www.ibikecuneo.com\/de\/wp-json\/wp\/v2\/pages\/1030\/revisions"}],"predecessor-version":[{"id":1031,"href":"https:\/\/www.ibikecuneo.com\/de\/wp-json\/wp\/v2\/pages\/1030\/revisions\/1031"}],"up":[{"embeddable":true,"href":"https:\/\/www.ibikecuneo.com\/de\/wp-json\/wp\/v2\/pages\/1022"}],"wp:featuredmedia":[{"embeddable":true,"href":"https:\/\/www.ibikecuneo.com\/de\/wp-json\/wp\/v2\/media\/539"}],"wp:attachment":[{"href":"https:\/\/www.ibikecuneo.com\/de\/wp-json\/wp\/v2\/media?parent=1030"}],"curies":[{"name":"wp","href":"https:\/\/api.w.org\/{rel}","templated":true}]}}

Von Mondovì über Chiusa di Pesio nach Cuneo

<div id="page-header-1179121883" class="page-header-wrapper">
  <div class="page-title dark featured-title">

        <div class="page-title-bg">
      <div class="title-bg fill bg-fill"
        data-parallax-container=".page-title"
        data-parallax-background
        data-parallax="-">
      </div>
      <div class="title-overlay fill"></div>
    </div>
    
    <div class="page-title-inner container align-center flex-row medium-flex-wrap" >
              <div class="title-wrapper flex-col text-left medium-text-center">
          <h1 class="entry-title mb-0">
            Von Mondovì über Chiusa di Pesio nach Cuneo          </h1>
        </div>
                    <div class="title-content flex-col flex-right text-right medium-text-center">
        <div class="title-breadcrumbs pb-half pt-half"></div>      </div>
    </div>

     
<style>
#page-header-1179121883 .page-title-inner {
  min-height: 160px;
}
#page-header-1179121883 .title-bg {
  background-image: url(https://www.ibikecuneo.com/wp-content/uploads/2022/07/img393.jpg);
}
#page-header-1179121883 .title-overlay {
  background-color: rgba(0,0,0,.5);
}
</style>
  </div>
    </div>
  

	<section class="section" id="section_634754943">
		<div class="bg section-bg fill bg-fill  bg-loaded" >

			
			
			

		</div>

		

		<div class="section-content relative">
			

<div class="row row-large row-divided"  id="row-1702137125">


	<div id="col-1420813685" class="col medium-8 large-8"  >
				<div class="col-inner"  >
			
			

<p>Die zweite Etappe unserer Radtour zu den Attraktionen der Region Cuneo beginnt in Mondovì und führt über Chiusa di Pesio zurück nach Cuneo.</p>
<p>Man verlässt Mondovì über die Via San Bernardo und folgt anschließend der Via Vecchia di Cuneo sowie einigen Feldwegen, die an Bauernhöfen und Anwesen vorbeiführen und exemplarisch für die heute noch fest verwurzelte landwirtschaftliche Tradition der Region sind. Die Fahrt führt über die sanfte Hügellandschaft der Umgebung Mondovìs, die immer wieder von Wäldern und Obsthainen durchzogen ist.</p>
	<div class="img has-hover x md-x lg-x y md-y lg-y" id="image_1921326326">
		<a class="image-lightbox lightbox-gallery" title="" href="https://www.ibikecuneo.com/wp-content/uploads/2022/07/img393-1024x473.jpg">						<div class="img-inner dark" >
			<img width="1020" height="471" src="https://www.ibikecuneo.com/wp-content/uploads/2022/07/img393-1024x473.jpg" class="attachment-large size-large" alt="" decoding="async" loading="lazy" srcset="https://www.ibikecuneo.com/wp-content/uploads/2022/07/img393-1024x473.jpg 1024w, https://www.ibikecuneo.com/wp-content/uploads/2022/07/img393-300x139.jpg 300w, https://www.ibikecuneo.com/wp-content/uploads/2022/07/img393-768x355.jpg 768w, https://www.ibikecuneo.com/wp-content/uploads/2022/07/img393.jpg 1165w" sizes="(max-width: 1020px) 100vw, 1020px" />						
					</div>
						</a>		
<style>
#image_1921326326 {
  width: 100%;
}
</style>
	</div>
	

<div class="text-center"><div class="is-divider divider clearfix" style="margin-top:1.8em;margin-bottom:1.8em;max-width:68px;"></div></div>

<p>Nach dem Ortsteil Merlo geht es weiter in Richtung Roracco und Pianfei auf der Via Vecchia Pianfei, wobei die Strecke nun konstant leicht aufwärts in Richtung Chiusa di Pesio führt. Auf nur wenigen Kilometern durchquert man eine Reihe von Dörfern und Ortschaften, so dass man keine Schwierigkeiten hat, einen Ort zum Rasten zu finden, um eine Kleinigkeit zu essen, einen Espresso zu trinken oder einfach nur ein wenig die Beine ruhen zu lassen. Wer möchte, kann in Chiusa di Pesio einen Abstecher bis zur Kartause von Pesio machen. Von diesem faszinierenden Ort führt ein Weg zum Pian delle Gorre, wo man einkehren und sich erfrischen kann. Vielleicht bleibt sogar noch ein wenig Zeit, um die Wasserfälle von Saut zu besuchen.</p>
<p>Zurück in Chiusa di Pesio folgt man der kaum befahrenen alten Straße nach Montefallonio, die in die Ortschaft führt. Die Strecke ist zwar leicht ansteigend, doch einfach zu meistern und verläuft durch bebaute grüne Felder, die die Fahrt mit ihren typischen Aromen begleiten. Nach einer kurzen Abfahrt erreicht man Peveragno, das für seine köstlichen Erdbeeren berühmt ist. Danach fährt man durch die Ortschaft Rivoira, ab der die Strecke bis zum Ende erneut abschüssig ist.</p>
<p>Nachdem man Boves durchquert hat, ein malerisches Dorf, in dem sich ein Kastanienmuseum befindet, geht es weiter in Richtung Fontanelle mit der Wallfahrtskirche Regina Pacis. Anschließend überquert man den Fluss Vermenagna auf einer eisernen Bogenbrücke, um Borgo San Dalmazzo zu erreichen. Hier biegt man dann auf den Radweg des Flussparks Gesso und Stura ab. Die letzten 10 Kilometer der Tour führen am linken Ufer des Flusses Gesso entlang bis ins Stadtzentrum von Cuneo. Nachdem man den Weg entlang des Gesso verlassen und die Bahnunterführung durchquert hat, folgt man der Via Vecchia di Cuneo und der langen Viale Mistral, die auf die Viale degli Angeli führt. Sie sorgt für eine triumphale Einfahrt nach Cuneo, vorbei an eleganten Jugendstilvillen, die an erhabene französische Boulevards erinnern.</p>
	<div class="img has-hover x md-x lg-x y md-y lg-y" id="image_1302893632">
		<a class="image-lightbox lightbox-gallery" title="" href="https://www.ibikecuneo.com/wp-content/uploads/2022/07/img396-1024x577.jpg">						<div class="img-inner dark" >
			<img width="1020" height="575" src="https://www.ibikecuneo.com/wp-content/uploads/2022/07/img396-1024x577.jpg" class="attachment-large size-large" alt="" decoding="async" loading="lazy" srcset="https://www.ibikecuneo.com/wp-content/uploads/2022/07/img396-1024x577.jpg 1024w, https://www.ibikecuneo.com/wp-content/uploads/2022/07/img396-300x169.jpg 300w, https://www.ibikecuneo.com/wp-content/uploads/2022/07/img396-768x432.jpg 768w, https://www.ibikecuneo.com/wp-content/uploads/2022/07/img396.jpg 1165w" sizes="(max-width: 1020px) 100vw, 1020px" />						
					</div>
						</a>		
<style>
#image_1302893632 {
  width: 100%;
}
</style>
	</div>
	


		</div>
					</div>

	

	<div id="col-1024734982" class="col medium-4 large-4"  >
				<div class="col-inner"  >
			
			

<div class="row row-collapse row-full-width"  id="row-405040367">


	<div id="col-1969802613" class="col small-12 large-12"  >
				<div class="col-inner"  >
			
			

	<div id="text-3124034569" class="text">
		

<h4>Eine Radtour von Cuneo nach Mondovì, Vicoforte und Chiusa di Pesio</h4>
<h5>Segmente</h5>

		
<style>
#text-3124034569 {
  line-height: 1.2;
}
</style>
	</div>
	
	<div class="ux-menu stack stack-col justify-start ux-menu--divider-solid">
		

	<div class="ux-menu-link flex menu-item">
		<a class="ux-menu-link__link flex" href="https://www.ibikecuneo.com/percorsi/in-bicicletta-tra-cuneo-mondovi-vicoforte-e-chiusa-di-pesio/da-cuneo-a-mondovi-in-bici/"  >
						<span class="ux-menu-link__text">
				Mit dem Rad von Cuneo nach Mondovì			</span>
		</a>
	</div>
	

	<div class="ux-menu-link flex menu-item">
		<a class="ux-menu-link__link flex" href="https://www.ibikecuneo.com/percorsi/in-bicicletta-tra-cuneo-mondovi-vicoforte-e-chiusa-di-pesio/scoprire-mondovi/"  >
						<span class="ux-menu-link__text">
				Auf Entdeckungstour durch Mondovì			</span>
		</a>
	</div>
	

	<div class="ux-menu-link flex menu-item">
		<a class="ux-menu-link__link flex" href="https://www.ibikecuneo.com/percorsi/in-bicicletta-tra-cuneo-mondovi-vicoforte-e-chiusa-di-pesio/il-santuario-di-vicoforte-e-il-magnificat/"  >
						<span class="ux-menu-link__text">
				Die Wallfahrtskirche Vicoforte und Magnificat			</span>
		</a>
	</div>
	

	<div class="ux-menu-link flex menu-item">
		<a class="ux-menu-link__link flex" href="https://www.ibikecuneo.com/percorsi/in-bicicletta-tra-cuneo-mondovi-vicoforte-e-chiusa-di-pesio/da-mondovi-a-cuneo-passando-da-chiusa-di-pesio/"  >
						<span class="ux-menu-link__text">
				Von Mondovì über Chiusa di Pesio nach Cuneo			</span>
		</a>
	</div>
	


	</div>
	
<div class="text-center"><div class="is-divider divider clearfix" style="background-color:rgb(0, 162, 157);"></div></div>

	<div id="text-3785212356" class="text">
		

<h4>Andere Routen</h4>
		
<style>
#text-3785212356 {
  line-height: 1.2;
}
</style>
	</div>
	
	<div class="ux-menu stack stack-col justify-start ux-menu--divider-solid">
		

	<div class="ux-menu-link flex menu-item">
		<a class="ux-menu-link__link flex" href="https://www.ibikecuneo.com/percorsi/alla-scoperta-di-cuneo-e-del-parco-fluviale-gesso-e-stura/"  >
						<span class="ux-menu-link__text">
				Cuneo und der Flusspark Gesso und Stura			</span>
		</a>
	</div>
	

	<div class="ux-menu-link flex menu-item">
		<a class="ux-menu-link__link flex" href="https://www.ibikecuneo.com/percorsi/pedalare-tra-arte-e-natura-cuneo-valle-grana-e-valle-maira/"  >
						<span class="ux-menu-link__text">
				Eine Radtour im Zeichen von Kunst und Natur: Cuneo, Grana-Tal und Maira-Tal			</span>
		</a>
	</div>
	

	<div class="ux-menu-link flex menu-item">
		<a class="ux-menu-link__link flex" href="https://www.ibikecuneo.com/percorsi/da-cuneo-alle-terme-di-valdieri-pedalare-tra-natura-e-benessere/"  >
						<span class="ux-menu-link__text">
				Von Cuneo zu den Thermen von Valdieri, eine Radtour zwischen Natur und Wellness			</span>
		</a>
	</div>
	

	<div class="ux-menu-link flex menu-item">
		<a class="ux-menu-link__link flex" href="https://www.ibikecuneo.com"  >
						<span class="ux-menu-link__text">
				Percorso 5			</span>
		</a>
	</div>
	


	</div>
	

		</div>
					</div>

	

</div>




		</div>
					</div>

	

</div>

		</div>

		
<style>
#section_634754943 {
  padding-top: 30px;
  padding-bottom: 30px;
}
#section_634754943 .ux-shape-divider--top svg {
  height: 150px;
  --divider-top-width: 100%;
}
#section_634754943 .ux-shape-divider--bottom svg {
  height: 150px;
  --divider-width: 100%;
}
</style>
	</section>
