{"id":1034,"date":"2022-06-17T13:55:17","date_gmt":"2022-06-17T13:55:17","guid":{"rendered":"https:\/\/www.ibikecuneo.com\/von-cuneo-zu-den-thermen-von-valdieri-eine-radtour-zwischen-natur-und-wellness\/von-cuneo-ins-stura-tal\/"},"modified":"2022-08-26T20:30:13","modified_gmt":"2022-08-26T20:30:13","slug":"von-cuneo-ins-stura-tal","status":"publish","type":"page","link":"https:\/\/www.ibikecuneo.com\/de\/routen\/von-cuneo-zu-den-thermen-von-valdieri-eine-radtour-zwischen-natur-und-wellness\/von-cuneo-ins-stura-tal\/","title":{"rendered":"Von Cuneo ins Stura-Tal"},"content":{"rendered":"\n  <div id=\"page-header-2087920704\" class=\"page-header-wrapper\">\n  <div class=\"page-title dark featured-title\">\n\n        <div class=\"page-title-bg\">\n      <div class=\"title-bg fill bg-fill\"\n        data-parallax-container=\".page-title\"\n        data-parallax-background\n        data-parallax=\"-\">\n      <\/div>\n      <div class=\"title-overlay fill\"><\/div>\n    <\/div>\n    \n    <div class=\"page-title-inner container align-center flex-row medium-flex-wrap\" >\n              <div class=\"title-wrapper flex-col text-left medium-text-center\">\n          <h1 class=\"entry-title mb-0\">\n            Von Cuneo ins Stura-Tal          <\/h1>\n        <\/div>\n                    <div class=\"title-content flex-col flex-right text-right medium-text-center\">\n        <div class=\"title-breadcrumbs pb-half pt-half\"><\/div>      <\/div>\n    <\/div>\n\n     \n<style>\n#page-header-2087920704 .page-title-inner {\n  min-height: 160px;\n}\n#page-header-2087920704 .title-bg {\n  background-image: url(https:\/\/www.ibikecuneo.com\/wp-content\/uploads\/2022\/07\/img414.jpg);\n}\n#page-header-2087920704 .title-overlay {\n  background-color: rgba(0,0,0,.5);\n}\n<\/style>\n  <\/div>\n    <\/div>\n  \n\n\t<section class=\"section\" id=\"section_328425555\">\n\t\t<div class=\"bg section-bg fill bg-fill  bg-loaded\" >\n\n\t\t\t\n\t\t\t\n\t\t\t\n\n\t\t<\/div>\n\n\t\t\n\n\t\t<div class=\"section-content relative\">\n\t\t\t\n\n<div class=\"row row-large row-divided\"  id=\"row-1319788355\">\n\n\n\t<div id=\"col-1461583096\" class=\"col medium-8 large-8\"  >\n\t\t\t\t<div class=\"col-inner\"  >\n\t\t\t\n\t\t\t\n\n<p>Von der stimmungsvollen Piazza Galimberti, dem Salon der Altstadt von Cuneo, f\u00e4hrt man zun\u00e4chst auf die Via Pascal und biegt am Kreisverkehr links ab, um einige Kilometer der Via Basse Sant\u2018Anna zu folgen, auf der man die Stadt in westlicher Richtung verl\u00e4sst. Anschlie\u00dfend f\u00e4hrt man durch die Bahn\u00fcberf\u00fchrung Soleri und \u00fcberquert die Stegbr\u00fccke Vassallo \u00fcber den Fluss Stura di Demonte, wo es auf dem Gebiet des Flussparks Gesso und Stura weitergeht.<\/p>\n<p>Die ersten 10 Kilometer der Strecke bis Vignolo f\u00fchren durch die gr\u00fcne Landschaft entlang der Via Antica di Vignolo, vorbei an Bauernh\u00f6fen und bebauten Feldern in direkter N\u00e4he der Flussarme und Verbindungskan\u00e4le des Flusses Stura. Anschlie\u00dfend geht es in angenehmer und entspannter Fahrt am Flusslauf des Stura weiter in Richtung der mittelalterlichen Ortschaft Roccasparvera. F\u00fcr eine kleine Mittagsrast in Roccasparvera kann man bei La Fame einkehren, einer ehemaligen Holzofen-B\u00e4ckerei, die von zwei tatkr\u00e4ftigen jungen Leuten \u00fcbernommen wurde. Sie bieten nicht nur Backwaren an, sondern beispielsweise auch Ula al forno, einen typischen Ofeneintopf, der zu den traditionellsten und k\u00f6stlichsten Gerichten der Region Cuneo geh\u00f6rt.<\/p>\n\t<div class=\"img has-hover x md-x lg-x y md-y lg-y\" id=\"image_790984040\">\n\t\t<a class=\"image-lightbox lightbox-gallery\" title=\"\" href=\"https:\/\/www.ibikecuneo.com\/wp-content\/uploads\/2022\/07\/img414-1024x595.jpg\">\t\t\t\t\t\t<div class=\"img-inner dark\" >\n\t\t\t<img width=\"1020\" height=\"593\" src=\"https:\/\/www.ibikecuneo.com\/wp-content\/uploads\/2022\/07\/img414-1024x595.jpg\" class=\"attachment-large size-large\" alt=\"\" decoding=\"async\" loading=\"lazy\" srcset=\"https:\/\/www.ibikecuneo.com\/wp-content\/uploads\/2022\/07\/img414-1024x595.jpg 1024w, https:\/\/www.ibikecuneo.com\/wp-content\/uploads\/2022\/07\/img414-300x174.jpg 300w, https:\/\/www.ibikecuneo.com\/wp-content\/uploads\/2022\/07\/img414-768x446.jpg 768w, https:\/\/www.ibikecuneo.com\/wp-content\/uploads\/2022\/07\/img414.jpg 1165w\" sizes=\"(max-width: 1020px) 100vw, 1020px\" \/>\t\t\t\t\t\t\n\t\t\t\t\t<\/div>\n\t\t\t\t\t\t<\/a>\t\t\n<style>\n#image_790984040 {\n  width: 100%;\n}\n<\/style>\n\t<\/div>\n\t\n\n\n\t\t<\/div>\n\t\t\t\t\t<\/div>\n\n\t\n\n\t<div id=\"col-53551410\" class=\"col medium-4 large-4\"  >\n\t\t\t\t<div class=\"col-inner\"  >\n\t\t\t\n\t\t\t\n\n<div class=\"row row-collapse row-full-width\"  id=\"row-2094173587\">\n\n\n\t<div id=\"col-386794159\" class=\"col small-12 large-12\"  >\n\t\t\t\t<div class=\"col-inner\"  >\n\t\t\t\n\t\t\t\n\n\t<div id=\"text-2933732950\" class=\"text\">\n\t\t\n\n<h4>Von Cuneo zu den Thermen von Valdieri, eine Radtour zwischen Natur und Wellness<\/h4>\n<h5>Segmente<\/h5>\n\t\t\n<style>\n#text-2933732950 {\n  line-height: 1.2;\n}\n<\/style>\n\t<\/div>\n\t\n\t<div class=\"ux-menu stack stack-col justify-start ux-menu--divider-solid\">\n\t\t\n\n\t<div class=\"ux-menu-link flex menu-item\">\n\t\t<a class=\"ux-menu-link__link flex\" href=\"https:\/\/www.ibikecuneo.com\/percorsi\/da-cuneo-alle-terme-di-valdieri-pedalare-tra-natura-e-benessere\/da-cuneo-alla-valle-stura\/\"  >\n\t\t\t\t\t\t<span class=\"ux-menu-link__text\">\n\t\t\t\tVon Cuneo ins Stura-Tal\t\t\t<\/span>\n\t\t<\/a>\n\t<\/div>\n\t\n\n\t<div class=\"ux-menu-link flex menu-item\">\n\t\t<a class=\"ux-menu-link__link flex\" href=\"https:\/\/www.ibikecuneo.com\/percorsi\/da-cuneo-alle-terme-di-valdieri-pedalare-tra-natura-e-benessere\/gaiola-e-il-rafting\/\"  >\n\t\t\t\t\t\t<span class=\"ux-menu-link__text\">\n\t\t\t\tRafting in Gaiola\t\t\t<\/span>\n\t\t<\/a>\n\t<\/div>\n\t\n\n\t<div class=\"ux-menu-link flex menu-item\">\n\t\t<a class=\"ux-menu-link__link flex\" href=\"https:\/\/www.ibikecuneo.com\/percorsi\/da-cuneo-alle-terme-di-valdieri-pedalare-tra-natura-e-benessere\/entracque-borgo-di-villeggiatura\/\"  >\n\t\t\t\t\t\t<span class=\"ux-menu-link__text\">\n\t\t\t\tEntracque, ein traditionsreicher Ferienort\t\t\t<\/span>\n\t\t<\/a>\n\t<\/div>\n\t\n\n\t<div class=\"ux-menu-link flex menu-item\">\n\t\t<a class=\"ux-menu-link__link flex\" href=\"https:\/\/www.ibikecuneo.com\/percorsi\/da-cuneo-alle-terme-di-valdieri-pedalare-tra-natura-e-benessere\/centro-faunistico-uomini-e-lupi\/\"  >\n\t\t\t\t\t\t<span class=\"ux-menu-link__text\">\n\t\t\t\tWildpark Uomini e Lupi (Mensch und Wolf)\t\t\t<\/span>\n\t\t<\/a>\n\t<\/div>\n\t\n\n\t<div class=\"ux-menu-link flex menu-item\">\n\t\t<a class=\"ux-menu-link__link flex\" href=\"https:\/\/www.ibikecuneo.com\/percorsi\/da-cuneo-alle-terme-di-valdieri-pedalare-tra-natura-e-benessere\/le-terme-reali-di-valdieri\/\"  >\n\t\t\t\t\t\t<span class=\"ux-menu-link__text\">\n\t\t\t\tDie k\u00f6niglichen Thermen von Valdieri\t\t\t<\/span>\n\t\t<\/a>\n\t<\/div>\n\t\n\n\t<div class=\"ux-menu-link flex menu-item\">\n\t\t<a class=\"ux-menu-link__link flex\" href=\"https:\/\/www.ibikecuneo.com\/percorsi\/da-cuneo-alle-terme-di-valdieri-pedalare-tra-natura-e-benessere\/rientro-a-cuneo\/\"  >\n\t\t\t\t\t\t<span class=\"ux-menu-link__text\">\n\t\t\t\tR\u00fcckfahrt nach Cuneo\t\t\t<\/span>\n\t\t<\/a>\n\t<\/div>\n\t\n\n\n\t<\/div>\n\t\n<div class=\"text-center\"><div class=\"is-divider divider clearfix\" style=\"background-color:rgb(0, 162, 157);\"><\/div><\/div>\n\n\t<div id=\"text-320525454\" class=\"text\">\n\t\t\n\n<h4>Andere Routen<\/h4>\n\t\t\n<style>\n#text-320525454 {\n  line-height: 1.2;\n}\n<\/style>\n\t<\/div>\n\t\n\t<div class=\"ux-menu stack stack-col justify-start ux-menu--divider-solid\">\n\t\t\n\n\t<div class=\"ux-menu-link flex menu-item\">\n\t\t<a class=\"ux-menu-link__link flex\" href=\"https:\/\/www.ibikecuneo.com\/percorsi\/alla-scoperta-di-cuneo-e-del-parco-fluviale-gesso-e-stura\/\"  >\n\t\t\t\t\t\t<span class=\"ux-menu-link__text\">\n\t\t\t\tCuneo und der Flusspark Gesso und Stura\t\t\t<\/span>\n\t\t<\/a>\n\t<\/div>\n\t\n\n\t<div class=\"ux-menu-link flex menu-item\">\n\t\t<a class=\"ux-menu-link__link flex\" href=\"https:\/\/www.ibikecuneo.com\/percorsi\/pedalare-tra-arte-e-natura-cuneo-valle-grana-e-valle-maira\/\"  >\n\t\t\t\t\t\t<span class=\"ux-menu-link__text\">\n\t\t\t\tEine Radtour im Zeichen von Kunst und Natur: Cuneo, Grana-Tal und Maira-Tal\t\t\t<\/span>\n\t\t<\/a>\n\t<\/div>\n\t\n\n\t<div class=\"ux-menu-link flex menu-item\">\n\t\t<a class=\"ux-menu-link__link flex\" href=\"https:\/\/www.ibikecuneo.com\/percorsi\/in-bicicletta-tra-cuneo-mondovi-vicoforte-e-chiusa-di-pesio\/\"  >\n\t\t\t\t\t\t<span class=\"ux-menu-link__text\">\n\t\t\t\tEine Radtour von Cuneo nach Mondov\u00ec, Vicoforte und Chiusa di Pesio\t\t\t<\/span>\n\t\t<\/a>\n\t<\/div>\n\t\n\n\t<div class=\"ux-menu-link flex menu-item\">\n\t\t<a class=\"ux-menu-link__link flex\" href=\"https:\/\/www.ibikecuneo.com\"  >\n\t\t\t\t\t\t<span class=\"ux-menu-link__text\">\n\t\t\t\tPercorso 5\t\t\t<\/span>\n\t\t<\/a>\n\t<\/div>\n\t\n\n\n\t<\/div>\n\t\n\n\t\t<\/div>\n\t\t\t\t\t<\/div>\n\n\t\n\n<\/div>\n\n\n\n\n\t\t<\/div>\n\t\t\t\t\t<\/div>\n\n\t\n\n<\/div>\n\n\t\t<\/div>\n\n\t\t\n<style>\n#section_328425555 {\n  padding-top: 30px;\n  padding-bottom: 30px;\n}\n#section_328425555 .ux-shape-divider--top svg {\n  height: 150px;\n  --divider-top-width: 100%;\n}\n#section_328425555 .ux-shape-divider--bottom svg {\n  height: 150px;\n  --divider-width: 100%;\n}\n<\/style>\n\t<\/section>\n\t\n\n","protected":false},"excerpt":{"rendered":"","protected":false},"author":1,"featured_media":556,"parent":1032,"menu_order":1,"comment_status":"closed","ping_status":"closed","template":"","meta":[],"_links":{"self":[{"href":"https:\/\/www.ibikecuneo.com\/de\/wp-json\/wp\/v2\/pages\/1034"}],"collection":[{"href":"https:\/\/www.ibikecuneo.com\/de\/wp-json\/wp\/v2\/pages"}],"about":[{"href":"https:\/\/www.ibikecuneo.com\/de\/wp-json\/wp\/v2\/types\/page"}],"author":[{"embeddable":true,"href":"https:\/\/www.ibikecuneo.com\/de\/wp-json\/wp\/v2\/users\/1"}],"replies":[{"embeddable":true,"href":"https:\/\/www.ibikecuneo.com\/de\/wp-json\/wp\/v2\/comments?post=1034"}],"version-history":[{"count":1,"href":"https:\/\/www.ibikecuneo.com\/de\/wp-json\/wp\/v2\/pages\/1034\/revisions"}],"predecessor-version":[{"id":1035,"href":"https:\/\/www.ibikecuneo.com\/de\/wp-json\/wp\/v2\/pages\/1034\/revisions\/1035"}],"up":[{"embeddable":true,"href":"https:\/\/www.ibikecuneo.com\/de\/wp-json\/wp\/v2\/pages\/1032"}],"wp:featuredmedia":[{"embeddable":true,"href":"https:\/\/www.ibikecuneo.com\/de\/wp-json\/wp\/v2\/media\/556"}],"wp:attachment":[{"href":"https:\/\/www.ibikecuneo.com\/de\/wp-json\/wp\/v2\/media?parent=1034"}],"curies":[{"name":"wp","href":"https:\/\/api.w.org\/{rel}","templated":true}]}}

<div id="page-header-2087920704" class="page-header-wrapper">
  <div class="page-title dark featured-title">

        <div class="page-title-bg">
      <div class="title-bg fill bg-fill"
        data-parallax-container=".page-title"
        data-parallax-background
        data-parallax="-">
      </div>
      <div class="title-overlay fill"></div>
    </div>
    
    <div class="page-title-inner container align-center flex-row medium-flex-wrap" >
              <div class="title-wrapper flex-col text-left medium-text-center">
          <h1 class="entry-title mb-0">
            Von Cuneo ins Stura-Tal          </h1>
        </div>
                    <div class="title-content flex-col flex-right text-right medium-text-center">
        <div class="title-breadcrumbs pb-half pt-half"></div>      </div>
    </div>

     
<style>
#page-header-2087920704 .page-title-inner {
  min-height: 160px;
}
#page-header-2087920704 .title-bg {
  background-image: url(https://www.ibikecuneo.com/wp-content/uploads/2022/07/img414.jpg);
}
#page-header-2087920704 .title-overlay {
  background-color: rgba(0,0,0,.5);
}
</style>
  </div>
    </div>
  

	<section class="section" id="section_328425555">
		<div class="bg section-bg fill bg-fill  bg-loaded" >

			
			
			

		</div>

		

		<div class="section-content relative">
			

<div class="row row-large row-divided"  id="row-1319788355">


	<div id="col-1461583096" class="col medium-8 large-8"  >
				<div class="col-inner"  >
			
			

<p>Von der stimmungsvollen Piazza Galimberti, dem Salon der Altstadt von Cuneo, fährt man zunächst auf die Via Pascal und biegt am Kreisverkehr links ab, um einige Kilometer der Via Basse Sant‘Anna zu folgen, auf der man die Stadt in westlicher Richtung verlässt. Anschließend fährt man durch die Bahnüberführung Soleri und überquert die Stegbrücke Vassallo über den Fluss Stura di Demonte, wo es auf dem Gebiet des Flussparks Gesso und Stura weitergeht.</p>
<p>Die ersten 10 Kilometer der Strecke bis Vignolo führen durch die grüne Landschaft entlang der Via Antica di Vignolo, vorbei an Bauernhöfen und bebauten Feldern in direkter Nähe der Flussarme und Verbindungskanäle des Flusses Stura. Anschließend geht es in angenehmer und entspannter Fahrt am Flusslauf des Stura weiter in Richtung der mittelalterlichen Ortschaft Roccasparvera. Für eine kleine Mittagsrast in Roccasparvera kann man bei La Fame einkehren, einer ehemaligen Holzofen-Bäckerei, die von zwei tatkräftigen jungen Leuten übernommen wurde. Sie bieten nicht nur Backwaren an, sondern beispielsweise auch Ula al forno, einen typischen Ofeneintopf, der zu den traditionellsten und köstlichsten Gerichten der Region Cuneo gehört.</p>
	<div class="img has-hover x md-x lg-x y md-y lg-y" id="image_790984040">
		<a class="image-lightbox lightbox-gallery" title="" href="https://www.ibikecuneo.com/wp-content/uploads/2022/07/img414-1024x595.jpg">						<div class="img-inner dark" >
			<img width="1020" height="593" src="https://www.ibikecuneo.com/wp-content/uploads/2022/07/img414-1024x595.jpg" class="attachment-large size-large" alt="" decoding="async" loading="lazy" srcset="https://www.ibikecuneo.com/wp-content/uploads/2022/07/img414-1024x595.jpg 1024w, https://www.ibikecuneo.com/wp-content/uploads/2022/07/img414-300x174.jpg 300w, https://www.ibikecuneo.com/wp-content/uploads/2022/07/img414-768x446.jpg 768w, https://www.ibikecuneo.com/wp-content/uploads/2022/07/img414.jpg 1165w" sizes="(max-width: 1020px) 100vw, 1020px" />						
					</div>
						</a>		
<style>
#image_790984040 {
  width: 100%;
}
</style>
	</div>
	


		</div>
					</div>

	

	<div id="col-53551410" class="col medium-4 large-4"  >
				<div class="col-inner"  >
			
			

<div class="row row-collapse row-full-width"  id="row-2094173587">


	<div id="col-386794159" class="col small-12 large-12"  >
				<div class="col-inner"  >
			
			

	<div id="text-2933732950" class="text">
		

<h4>Von Cuneo zu den Thermen von Valdieri, eine Radtour zwischen Natur und Wellness</h4>
<h5>Segmente</h5>
		
<style>
#text-2933732950 {
  line-height: 1.2;
}
</style>
	</div>
	
	<div class="ux-menu stack stack-col justify-start ux-menu--divider-solid">
		

	<div class="ux-menu-link flex menu-item">
		<a class="ux-menu-link__link flex" href="https://www.ibikecuneo.com/percorsi/da-cuneo-alle-terme-di-valdieri-pedalare-tra-natura-e-benessere/da-cuneo-alla-valle-stura/"  >
						<span class="ux-menu-link__text">
				Von Cuneo ins Stura-Tal			</span>
		</a>
	</div>
	

	<div class="ux-menu-link flex menu-item">
		<a class="ux-menu-link__link flex" href="https://www.ibikecuneo.com/percorsi/da-cuneo-alle-terme-di-valdieri-pedalare-tra-natura-e-benessere/gaiola-e-il-rafting/"  >
						<span class="ux-menu-link__text">
				Rafting in Gaiola			</span>
		</a>
	</div>
	

	<div class="ux-menu-link flex menu-item">
		<a class="ux-menu-link__link flex" href="https://www.ibikecuneo.com/percorsi/da-cuneo-alle-terme-di-valdieri-pedalare-tra-natura-e-benessere/entracque-borgo-di-villeggiatura/"  >
						<span class="ux-menu-link__text">
				Entracque, ein traditionsreicher Ferienort			</span>
		</a>
	</div>
	

	<div class="ux-menu-link flex menu-item">
		<a class="ux-menu-link__link flex" href="https://www.ibikecuneo.com/percorsi/da-cuneo-alle-terme-di-valdieri-pedalare-tra-natura-e-benessere/centro-faunistico-uomini-e-lupi/"  >
						<span class="ux-menu-link__text">
				Wildpark Uomini e Lupi (Mensch und Wolf)			</span>
		</a>
	</div>
	

	<div class="ux-menu-link flex menu-item">
		<a class="ux-menu-link__link flex" href="https://www.ibikecuneo.com/percorsi/da-cuneo-alle-terme-di-valdieri-pedalare-tra-natura-e-benessere/le-terme-reali-di-valdieri/"  >
						<span class="ux-menu-link__text">
				Die königlichen Thermen von Valdieri			</span>
		</a>
	</div>
	

	<div class="ux-menu-link flex menu-item">
		<a class="ux-menu-link__link flex" href="https://www.ibikecuneo.com/percorsi/da-cuneo-alle-terme-di-valdieri-pedalare-tra-natura-e-benessere/rientro-a-cuneo/"  >
						<span class="ux-menu-link__text">
				Rückfahrt nach Cuneo			</span>
		</a>
	</div>
	


	</div>
	
<div class="text-center"><div class="is-divider divider clearfix" style="background-color:rgb(0, 162, 157);"></div></div>

	<div id="text-320525454" class="text">
		

<h4>Andere Routen</h4>
		
<style>
#text-320525454 {
  line-height: 1.2;
}
</style>
	</div>
	
	<div class="ux-menu stack stack-col justify-start ux-menu--divider-solid">
		

	<div class="ux-menu-link flex menu-item">
		<a class="ux-menu-link__link flex" href="https://www.ibikecuneo.com/percorsi/alla-scoperta-di-cuneo-e-del-parco-fluviale-gesso-e-stura/"  >
						<span class="ux-menu-link__text">
				Cuneo und der Flusspark Gesso und Stura			</span>
		</a>
	</div>
	

	<div class="ux-menu-link flex menu-item">
		<a class="ux-menu-link__link flex" href="https://www.ibikecuneo.com/percorsi/pedalare-tra-arte-e-natura-cuneo-valle-grana-e-valle-maira/"  >
						<span class="ux-menu-link__text">
				Eine Radtour im Zeichen von Kunst und Natur: Cuneo, Grana-Tal und Maira-Tal			</span>
		</a>
	</div>
	

	<div class="ux-menu-link flex menu-item">
		<a class="ux-menu-link__link flex" href="https://www.ibikecuneo.com/percorsi/in-bicicletta-tra-cuneo-mondovi-vicoforte-e-chiusa-di-pesio/"  >
						<span class="ux-menu-link__text">
				Eine Radtour von Cuneo nach Mondovì, Vicoforte und Chiusa di Pesio			</span>
		</a>
	</div>
	

	<div class="ux-menu-link flex menu-item">
		<a class="ux-menu-link__link flex" href="https://www.ibikecuneo.com"  >
						<span class="ux-menu-link__text">
				Percorso 5			</span>
		</a>
	</div>
	


	</div>
	

		</div>
					</div>

	

</div>




		</div>
					</div>

	

</div>

		</div>

		
<style>
#section_328425555 {
  padding-top: 30px;
  padding-bottom: 30px;
}
#section_328425555 .ux-shape-divider--top svg {
  height: 150px;
  --divider-top-width: 100%;
}
#section_328425555 .ux-shape-divider--bottom svg {
  height: 150px;
  --divider-width: 100%;
}
</style>
	</section>
