{"id":1044,"date":"2022-06-17T13:57:28","date_gmt":"2022-06-17T13:57:28","guid":{"rendered":"https:\/\/www.ibikecuneo.com\/von-cuneo-zu-den-thermen-von-valdieri-eine-radtour-zwischen-natur-und-wellness\/rueckfahrt-nach-cuneo\/"},"modified":"2022-08-26T20:47:22","modified_gmt":"2022-08-26T20:47:22","slug":"rueckfahrt-nach-cuneo","status":"publish","type":"page","link":"https:\/\/www.ibikecuneo.com\/de\/routen\/von-cuneo-zu-den-thermen-von-valdieri-eine-radtour-zwischen-natur-und-wellness\/rueckfahrt-nach-cuneo\/","title":{"rendered":"R\u00fcckfahrt nach Cuneo"},"content":{"rendered":"\n  <div id=\"page-header-1257986437\" class=\"page-header-wrapper\">\n  <div class=\"page-title dark featured-title\">\n\n        <div class=\"page-title-bg\">\n      <div class=\"title-bg fill bg-fill\"\n        data-parallax-container=\".page-title\"\n        data-parallax-background\n        data-parallax=\"-\">\n      <\/div>\n      <div class=\"title-overlay fill\"><\/div>\n    <\/div>\n    \n    <div class=\"page-title-inner container align-center flex-row medium-flex-wrap\" >\n              <div class=\"title-wrapper flex-col text-left medium-text-center\">\n          <h1 class=\"entry-title mb-0\">\n            R\u00fcckfahrt nach Cuneo          <\/h1>\n        <\/div>\n                    <div class=\"title-content flex-col flex-right text-right medium-text-center\">\n        <div class=\"title-breadcrumbs pb-half pt-half\"><\/div>      <\/div>\n    <\/div>\n\n     \n<style>\n#page-header-1257986437 .page-title-inner {\n  min-height: 160px;\n}\n#page-header-1257986437 .title-bg {\n  background-image: url(https:\/\/www.ibikecuneo.com\/wp-content\/uploads\/2022\/07\/img426.jpg);\n}\n#page-header-1257986437 .title-overlay {\n  background-color: rgba(0,0,0,.5);\n}\n<\/style>\n  <\/div>\n    <\/div>\n  \n\n\t<section class=\"section\" id=\"section_2095265938\">\n\t\t<div class=\"bg section-bg fill bg-fill  bg-loaded\" >\n\n\t\t\t\n\t\t\t\n\t\t\t\n\n\t\t<\/div>\n\n\t\t\n\n\t\t<div class=\"section-content relative\">\n\t\t\t\n\n<div class=\"row row-large row-divided\"  id=\"row-543050840\">\n\n\n\t<div id=\"col-629245884\" class=\"col medium-8 large-8\"  >\n\t\t\t\t<div class=\"col-inner\"  >\n\t\t\t\n\t\t\t\n\n<p>Nachdem man die Muskeln entspannt, ein Bad in den K\u00f6niglichen Thermen genossen und mit dem w\u00fcrzigen Duft der Bergluft alle Sinne erweckt hat, kann man erholt die R\u00fcckfahrt nach Cuneo antreten. Der R\u00fcckweg in die Stadt ist ca. 36 Kilometer lang und f\u00fchrt leicht absteigend durch Kastanienw\u00e4lder und nat\u00fcrliche Landschaften wie das Naturschutzgebiet Grotte del Bandito in Roaschia, wo Reste des H\u00f6hlenb\u00e4ren aufgefunden wurden. Auch auf der R\u00fcckfahrt, die am rechten Ufer des Gesso entlang bis in die Stadt verl\u00e4uft, ist das Wasser ein st\u00e4ndiger Begleiter dieser Radtour.<\/p>\n\t<div class=\"img has-hover x md-x lg-x y md-y lg-y\" id=\"image_1444216014\">\n\t\t<a class=\"image-lightbox lightbox-gallery\" title=\"\" href=\"https:\/\/www.ibikecuneo.com\/wp-content\/uploads\/2022\/07\/img426-1024x591.jpg\">\t\t\t\t\t\t<div class=\"img-inner dark\" >\n\t\t\t<img width=\"1020\" height=\"589\" src=\"https:\/\/www.ibikecuneo.com\/wp-content\/uploads\/2022\/07\/img426-1024x591.jpg\" class=\"attachment-large size-large\" alt=\"\" decoding=\"async\" loading=\"lazy\" srcset=\"https:\/\/www.ibikecuneo.com\/wp-content\/uploads\/2022\/07\/img426-1024x591.jpg 1024w, https:\/\/www.ibikecuneo.com\/wp-content\/uploads\/2022\/07\/img426-300x173.jpg 300w, https:\/\/www.ibikecuneo.com\/wp-content\/uploads\/2022\/07\/img426-768x443.jpg 768w, https:\/\/www.ibikecuneo.com\/wp-content\/uploads\/2022\/07\/img426.jpg 1166w\" sizes=\"(max-width: 1020px) 100vw, 1020px\" \/>\t\t\t\t\t\t\n\t\t\t\t\t<\/div>\n\t\t\t\t\t\t<\/a>\t\t\n<style>\n#image_1444216014 {\n  width: 100%;\n}\n<\/style>\n\t<\/div>\n\t\n\n\n\t\t<\/div>\n\t\t\t\t\t<\/div>\n\n\t\n\n\t<div id=\"col-1408029006\" class=\"col medium-4 large-4\"  >\n\t\t\t\t<div class=\"col-inner\"  >\n\t\t\t\n\t\t\t\n\n<div class=\"row row-collapse row-full-width\"  id=\"row-1065208028\">\n\n\n\t<div id=\"col-422637658\" class=\"col small-12 large-12\"  >\n\t\t\t\t<div class=\"col-inner\"  >\n\t\t\t\n\t\t\t\n\n\t<div id=\"text-3805507902\" class=\"text\">\n\t\t\n\n<h4>Von Cuneo zu den Thermen von Valdieri, eine Radtour zwischen Natur und Wellness<\/h4>\n<h5>Segmente<\/h5>\n\t\t\n<style>\n#text-3805507902 {\n  line-height: 1.2;\n}\n<\/style>\n\t<\/div>\n\t\n\t<div class=\"ux-menu stack stack-col justify-start ux-menu--divider-solid\">\n\t\t\n\n\t<div class=\"ux-menu-link flex menu-item\">\n\t\t<a class=\"ux-menu-link__link flex\" href=\"https:\/\/www.ibikecuneo.com\/percorsi\/da-cuneo-alle-terme-di-valdieri-pedalare-tra-natura-e-benessere\/da-cuneo-alla-valle-stura\/\"  >\n\t\t\t\t\t\t<span class=\"ux-menu-link__text\">\n\t\t\t\tVon Cuneo ins Stura-Tal\t\t\t<\/span>\n\t\t<\/a>\n\t<\/div>\n\t\n\n\t<div class=\"ux-menu-link flex menu-item\">\n\t\t<a class=\"ux-menu-link__link flex\" href=\"https:\/\/www.ibikecuneo.com\/percorsi\/da-cuneo-alle-terme-di-valdieri-pedalare-tra-natura-e-benessere\/gaiola-e-il-rafting\/\"  >\n\t\t\t\t\t\t<span class=\"ux-menu-link__text\">\n\t\t\t\tRafting in Gaiola\t\t\t<\/span>\n\t\t<\/a>\n\t<\/div>\n\t\n\n\t<div class=\"ux-menu-link flex menu-item\">\n\t\t<a class=\"ux-menu-link__link flex\" href=\"https:\/\/www.ibikecuneo.com\/percorsi\/da-cuneo-alle-terme-di-valdieri-pedalare-tra-natura-e-benessere\/entracque-borgo-di-villeggiatura\/\"  >\n\t\t\t\t\t\t<span class=\"ux-menu-link__text\">\n\t\t\t\tEntracque, ein traditionsreicher Ferienort\t\t\t<\/span>\n\t\t<\/a>\n\t<\/div>\n\t\n\n\t<div class=\"ux-menu-link flex menu-item\">\n\t\t<a class=\"ux-menu-link__link flex\" href=\"https:\/\/www.ibikecuneo.com\/percorsi\/da-cuneo-alle-terme-di-valdieri-pedalare-tra-natura-e-benessere\/centro-faunistico-uomini-e-lupi\/\"  >\n\t\t\t\t\t\t<span class=\"ux-menu-link__text\">\n\t\t\t\tWildpark Uomini e Lupi (Mensch und Wolf)\t\t\t<\/span>\n\t\t<\/a>\n\t<\/div>\n\t\n\n\t<div class=\"ux-menu-link flex menu-item\">\n\t\t<a class=\"ux-menu-link__link flex\" href=\"https:\/\/www.ibikecuneo.com\/percorsi\/da-cuneo-alle-terme-di-valdieri-pedalare-tra-natura-e-benessere\/le-terme-reali-di-valdieri\/\"  >\n\t\t\t\t\t\t<span class=\"ux-menu-link__text\">\n\t\t\t\tDie k\u00f6niglichen Thermen von Valdieri\t\t\t<\/span>\n\t\t<\/a>\n\t<\/div>\n\t\n\n\t<div class=\"ux-menu-link flex menu-item\">\n\t\t<a class=\"ux-menu-link__link flex\" href=\"https:\/\/www.ibikecuneo.com\/percorsi\/da-cuneo-alle-terme-di-valdieri-pedalare-tra-natura-e-benessere\/rientro-a-cuneo\/\"  >\n\t\t\t\t\t\t<span class=\"ux-menu-link__text\">\n\t\t\t\tR\u00fcckfahrt nach Cuneo\t\t\t<\/span>\n\t\t<\/a>\n\t<\/div>\n\t\n\n\n\t<\/div>\n\t\n<div class=\"text-center\"><div class=\"is-divider divider clearfix\" style=\"background-color:rgb(0, 162, 157);\"><\/div><\/div>\n\n\t<div id=\"text-814550657\" class=\"text\">\n\t\t\n\n<h4>Andere Routen<\/h4>\n\t\t\n<style>\n#text-814550657 {\n  line-height: 1.2;\n}\n<\/style>\n\t<\/div>\n\t\n\t<div class=\"ux-menu stack stack-col justify-start ux-menu--divider-solid\">\n\t\t\n\n\t<div class=\"ux-menu-link flex menu-item\">\n\t\t<a class=\"ux-menu-link__link flex\" href=\"https:\/\/www.ibikecuneo.com\/percorsi\/alla-scoperta-di-cuneo-e-del-parco-fluviale-gesso-e-stura\/\"  >\n\t\t\t\t\t\t<span class=\"ux-menu-link__text\">\n\t\t\t\tCuneo und der Flusspark Gesso und Stura\t\t\t<\/span>\n\t\t<\/a>\n\t<\/div>\n\t\n\n\t<div class=\"ux-menu-link flex menu-item\">\n\t\t<a class=\"ux-menu-link__link flex\" href=\"https:\/\/www.ibikecuneo.com\/percorsi\/pedalare-tra-arte-e-natura-cuneo-valle-grana-e-valle-maira\/\"  >\n\t\t\t\t\t\t<span class=\"ux-menu-link__text\">\n\t\t\t\tEine Radtour im Zeichen von Kunst und Natur: Cuneo, Grana-Tal und Maira-Tal\t\t\t<\/span>\n\t\t<\/a>\n\t<\/div>\n\t\n\n\t<div class=\"ux-menu-link flex menu-item\">\n\t\t<a class=\"ux-menu-link__link flex\" href=\"https:\/\/www.ibikecuneo.com\/percorsi\/in-bicicletta-tra-cuneo-mondovi-vicoforte-e-chiusa-di-pesio\/\"  >\n\t\t\t\t\t\t<span class=\"ux-menu-link__text\">\n\t\t\t\tEine Radtour von Cuneo nach Mondov\u00ec, Vicoforte und Chiusa di Pesio\t\t\t<\/span>\n\t\t<\/a>\n\t<\/div>\n\t\n\n\t<div class=\"ux-menu-link flex menu-item\">\n\t\t<a class=\"ux-menu-link__link flex\" href=\"https:\/\/www.ibikecuneo.com\"  >\n\t\t\t\t\t\t<span class=\"ux-menu-link__text\">\n\t\t\t\tPercorso 5\t\t\t<\/span>\n\t\t<\/a>\n\t<\/div>\n\t\n\n\n\t<\/div>\n\t\n\n\t\t<\/div>\n\t\t\t\t\t<\/div>\n\n\t\n\n<\/div>\n\n\n\n\n\t\t<\/div>\n\t\t\t\t\t<\/div>\n\n\t\n\n<\/div>\n\n\t\t<\/div>\n\n\t\t\n<style>\n#section_2095265938 {\n  padding-top: 30px;\n  padding-bottom: 30px;\n}\n#section_2095265938 .ux-shape-divider--top svg {\n  height: 150px;\n  --divider-top-width: 100%;\n}\n#section_2095265938 .ux-shape-divider--bottom svg {\n  height: 150px;\n  --divider-width: 100%;\n}\n<\/style>\n\t<\/section>\n\t\n\n","protected":false},"excerpt":{"rendered":"","protected":false},"author":1,"featured_media":572,"parent":1032,"menu_order":6,"comment_status":"closed","ping_status":"closed","template":"","meta":[],"_links":{"self":[{"href":"https:\/\/www.ibikecuneo.com\/de\/wp-json\/wp\/v2\/pages\/1044"}],"collection":[{"href":"https:\/\/www.ibikecuneo.com\/de\/wp-json\/wp\/v2\/pages"}],"about":[{"href":"https:\/\/www.ibikecuneo.com\/de\/wp-json\/wp\/v2\/types\/page"}],"author":[{"embeddable":true,"href":"https:\/\/www.ibikecuneo.com\/de\/wp-json\/wp\/v2\/users\/1"}],"replies":[{"embeddable":true,"href":"https:\/\/www.ibikecuneo.com\/de\/wp-json\/wp\/v2\/comments?post=1044"}],"version-history":[{"count":1,"href":"https:\/\/www.ibikecuneo.com\/de\/wp-json\/wp\/v2\/pages\/1044\/revisions"}],"predecessor-version":[{"id":1045,"href":"https:\/\/www.ibikecuneo.com\/de\/wp-json\/wp\/v2\/pages\/1044\/revisions\/1045"}],"up":[{"embeddable":true,"href":"https:\/\/www.ibikecuneo.com\/de\/wp-json\/wp\/v2\/pages\/1032"}],"wp:featuredmedia":[{"embeddable":true,"href":"https:\/\/www.ibikecuneo.com\/de\/wp-json\/wp\/v2\/media\/572"}],"wp:attachment":[{"href":"https:\/\/www.ibikecuneo.com\/de\/wp-json\/wp\/v2\/media?parent=1044"}],"curies":[{"name":"wp","href":"https:\/\/api.w.org\/{rel}","templated":true}]}}

Rückfahrt nach Cuneo

<div id="page-header-1257986437" class="page-header-wrapper">
  <div class="page-title dark featured-title">

        <div class="page-title-bg">
      <div class="title-bg fill bg-fill"
        data-parallax-container=".page-title"
        data-parallax-background
        data-parallax="-">
      </div>
      <div class="title-overlay fill"></div>
    </div>
    
    <div class="page-title-inner container align-center flex-row medium-flex-wrap" >
              <div class="title-wrapper flex-col text-left medium-text-center">
          <h1 class="entry-title mb-0">
            Rückfahrt nach Cuneo          </h1>
        </div>
                    <div class="title-content flex-col flex-right text-right medium-text-center">
        <div class="title-breadcrumbs pb-half pt-half"></div>      </div>
    </div>

     
<style>
#page-header-1257986437 .page-title-inner {
  min-height: 160px;
}
#page-header-1257986437 .title-bg {
  background-image: url(https://www.ibikecuneo.com/wp-content/uploads/2022/07/img426.jpg);
}
#page-header-1257986437 .title-overlay {
  background-color: rgba(0,0,0,.5);
}
</style>
  </div>
    </div>
  

	<section class="section" id="section_2095265938">
		<div class="bg section-bg fill bg-fill  bg-loaded" >

			
			
			

		</div>

		

		<div class="section-content relative">
			

<div class="row row-large row-divided"  id="row-543050840">


	<div id="col-629245884" class="col medium-8 large-8"  >
				<div class="col-inner"  >
			
			

<p>Nachdem man die Muskeln entspannt, ein Bad in den Königlichen Thermen genossen und mit dem würzigen Duft der Bergluft alle Sinne erweckt hat, kann man erholt die Rückfahrt nach Cuneo antreten. Der Rückweg in die Stadt ist ca. 36 Kilometer lang und führt leicht absteigend durch Kastanienwälder und natürliche Landschaften wie das Naturschutzgebiet Grotte del Bandito in Roaschia, wo Reste des Höhlenbären aufgefunden wurden. Auch auf der Rückfahrt, die am rechten Ufer des Gesso entlang bis in die Stadt verläuft, ist das Wasser ein ständiger Begleiter dieser Radtour.</p>
	<div class="img has-hover x md-x lg-x y md-y lg-y" id="image_1444216014">
		<a class="image-lightbox lightbox-gallery" title="" href="https://www.ibikecuneo.com/wp-content/uploads/2022/07/img426-1024x591.jpg">						<div class="img-inner dark" >
			<img width="1020" height="589" src="https://www.ibikecuneo.com/wp-content/uploads/2022/07/img426-1024x591.jpg" class="attachment-large size-large" alt="" decoding="async" loading="lazy" srcset="https://www.ibikecuneo.com/wp-content/uploads/2022/07/img426-1024x591.jpg 1024w, https://www.ibikecuneo.com/wp-content/uploads/2022/07/img426-300x173.jpg 300w, https://www.ibikecuneo.com/wp-content/uploads/2022/07/img426-768x443.jpg 768w, https://www.ibikecuneo.com/wp-content/uploads/2022/07/img426.jpg 1166w" sizes="(max-width: 1020px) 100vw, 1020px" />						
					</div>
						</a>		
<style>
#image_1444216014 {
  width: 100%;
}
</style>
	</div>
	


		</div>
					</div>

	

	<div id="col-1408029006" class="col medium-4 large-4"  >
				<div class="col-inner"  >
			
			

<div class="row row-collapse row-full-width"  id="row-1065208028">


	<div id="col-422637658" class="col small-12 large-12"  >
				<div class="col-inner"  >
			
			

	<div id="text-3805507902" class="text">
		

<h4>Von Cuneo zu den Thermen von Valdieri, eine Radtour zwischen Natur und Wellness</h4>
<h5>Segmente</h5>
		
<style>
#text-3805507902 {
  line-height: 1.2;
}
</style>
	</div>
	
	<div class="ux-menu stack stack-col justify-start ux-menu--divider-solid">
		

	<div class="ux-menu-link flex menu-item">
		<a class="ux-menu-link__link flex" href="https://www.ibikecuneo.com/percorsi/da-cuneo-alle-terme-di-valdieri-pedalare-tra-natura-e-benessere/da-cuneo-alla-valle-stura/"  >
						<span class="ux-menu-link__text">
				Von Cuneo ins Stura-Tal			</span>
		</a>
	</div>
	

	<div class="ux-menu-link flex menu-item">
		<a class="ux-menu-link__link flex" href="https://www.ibikecuneo.com/percorsi/da-cuneo-alle-terme-di-valdieri-pedalare-tra-natura-e-benessere/gaiola-e-il-rafting/"  >
						<span class="ux-menu-link__text">
				Rafting in Gaiola			</span>
		</a>
	</div>
	

	<div class="ux-menu-link flex menu-item">
		<a class="ux-menu-link__link flex" href="https://www.ibikecuneo.com/percorsi/da-cuneo-alle-terme-di-valdieri-pedalare-tra-natura-e-benessere/entracque-borgo-di-villeggiatura/"  >
						<span class="ux-menu-link__text">
				Entracque, ein traditionsreicher Ferienort			</span>
		</a>
	</div>
	

	<div class="ux-menu-link flex menu-item">
		<a class="ux-menu-link__link flex" href="https://www.ibikecuneo.com/percorsi/da-cuneo-alle-terme-di-valdieri-pedalare-tra-natura-e-benessere/centro-faunistico-uomini-e-lupi/"  >
						<span class="ux-menu-link__text">
				Wildpark Uomini e Lupi (Mensch und Wolf)			</span>
		</a>
	</div>
	

	<div class="ux-menu-link flex menu-item">
		<a class="ux-menu-link__link flex" href="https://www.ibikecuneo.com/percorsi/da-cuneo-alle-terme-di-valdieri-pedalare-tra-natura-e-benessere/le-terme-reali-di-valdieri/"  >
						<span class="ux-menu-link__text">
				Die königlichen Thermen von Valdieri			</span>
		</a>
	</div>
	

	<div class="ux-menu-link flex menu-item">
		<a class="ux-menu-link__link flex" href="https://www.ibikecuneo.com/percorsi/da-cuneo-alle-terme-di-valdieri-pedalare-tra-natura-e-benessere/rientro-a-cuneo/"  >
						<span class="ux-menu-link__text">
				Rückfahrt nach Cuneo			</span>
		</a>
	</div>
	


	</div>
	
<div class="text-center"><div class="is-divider divider clearfix" style="background-color:rgb(0, 162, 157);"></div></div>

	<div id="text-814550657" class="text">
		

<h4>Andere Routen</h4>
		
<style>
#text-814550657 {
  line-height: 1.2;
}
</style>
	</div>
	
	<div class="ux-menu stack stack-col justify-start ux-menu--divider-solid">
		

	<div class="ux-menu-link flex menu-item">
		<a class="ux-menu-link__link flex" href="https://www.ibikecuneo.com/percorsi/alla-scoperta-di-cuneo-e-del-parco-fluviale-gesso-e-stura/"  >
						<span class="ux-menu-link__text">
				Cuneo und der Flusspark Gesso und Stura			</span>
		</a>
	</div>
	

	<div class="ux-menu-link flex menu-item">
		<a class="ux-menu-link__link flex" href="https://www.ibikecuneo.com/percorsi/pedalare-tra-arte-e-natura-cuneo-valle-grana-e-valle-maira/"  >
						<span class="ux-menu-link__text">
				Eine Radtour im Zeichen von Kunst und Natur: Cuneo, Grana-Tal und Maira-Tal			</span>
		</a>
	</div>
	

	<div class="ux-menu-link flex menu-item">
		<a class="ux-menu-link__link flex" href="https://www.ibikecuneo.com/percorsi/in-bicicletta-tra-cuneo-mondovi-vicoforte-e-chiusa-di-pesio/"  >
						<span class="ux-menu-link__text">
				Eine Radtour von Cuneo nach Mondovì, Vicoforte und Chiusa di Pesio			</span>
		</a>
	</div>
	

	<div class="ux-menu-link flex menu-item">
		<a class="ux-menu-link__link flex" href="https://www.ibikecuneo.com"  >
						<span class="ux-menu-link__text">
				Percorso 5			</span>
		</a>
	</div>
	


	</div>
	

		</div>
					</div>

	

</div>




		</div>
					</div>

	

</div>

		</div>

		
<style>
#section_2095265938 {
  padding-top: 30px;
  padding-bottom: 30px;
}
#section_2095265938 .ux-shape-divider--top svg {
  height: 150px;
  --divider-top-width: 100%;
}
#section_2095265938 .ux-shape-divider--bottom svg {
  height: 150px;
  --divider-width: 100%;
}
</style>
	</section>
