{"id":1072,"date":"2022-06-17T14:09:52","date_gmt":"2022-06-17T14:09:52","guid":{"rendered":"https:\/\/www.ibikecuneo.com\/ein-ausflug-in-die-barockzeit\/die-wallfahrtskirche-vicoforte-und-die-groesste-elliptische-kuppel-der-welt\/"},"modified":"2022-08-27T10:48:11","modified_gmt":"2022-08-27T10:48:11","slug":"die-wallfahrtskirche-vicoforte-und-die-groesste-elliptische-kuppel-der-welt","status":"publish","type":"page","link":"https:\/\/www.ibikecuneo.com\/de\/ein-ausflug-in-die-barockzeit\/die-wallfahrtskirche-vicoforte-und-die-groesste-elliptische-kuppel-der-welt\/","title":{"rendered":"Die Wallfahrtskirche Vicoforte und die gr\u00f6\u00dfte elliptische Kuppel der Welt"},"content":{"rendered":"\n  <div id=\"page-header-464450014\" class=\"page-header-wrapper\">\n  <div class=\"page-title dark featured-title\">\n\n        <div class=\"page-title-bg\">\n      <div class=\"title-bg fill bg-fill\"\n        data-parallax-container=\".page-title\"\n        data-parallax-background\n        data-parallax=\"-\">\n      <\/div>\n      <div class=\"title-overlay fill\"><\/div>\n    <\/div>\n    \n    <div class=\"page-title-inner container align-center flex-row medium-flex-wrap\" >\n              <div class=\"title-wrapper flex-col text-left medium-text-center\">\n          <h1 class=\"entry-title mb-0\">\n            Die Wallfahrtskirche Vicoforte und die gr\u00f6\u00dfte elliptische Kuppel der Welt          <\/h1>\n        <\/div>\n                    <div class=\"title-content flex-col flex-right text-right medium-text-center\">\n        <div class=\"title-breadcrumbs pb-half pt-half\"><\/div>      <\/div>\n    <\/div>\n\n     \n<style>\n#page-header-464450014 .page-title-inner {\n  min-height: 160px;\n}\n#page-header-464450014 .title-bg {\n  background-image: url(https:\/\/www.ibikecuneo.com\/wp-content\/uploads\/2022\/07\/img358.jpg);\n}\n#page-header-464450014 .title-overlay {\n  background-color: rgba(0,0,0,.5);\n}\n<\/style>\n  <\/div>\n    <\/div>\n  \n\n\t<section class=\"section\" id=\"section_1988616032\">\n\t\t<div class=\"bg section-bg fill bg-fill  bg-loaded\" >\n\n\t\t\t\n\t\t\t\n\t\t\t\n\n\t\t<\/div>\n\n\t\t\n\n\t\t<div class=\"section-content relative\">\n\t\t\t\n\n<div class=\"row row-large row-divided\"  id=\"row-965381737\">\n\n\n\t<div id=\"col-2050664317\" class=\"col medium-8 large-8\"  >\n\t\t\t\t<div class=\"col-inner\"  >\n\t\t\t\n\t\t\t\n\n<p>Die Wallfahrtskirche Vicoforte geh\u00f6rt mit ihrer gr\u00f6\u00dften elliptischen Kuppel der Welt zu einer der ber\u00fchmtesten Sehensw\u00fcrdigkeiten des Piemonts.<\/p>\n<p>Der Ursprung des Geb\u00e4udes geht auf einen Bildstock mit dem Gem\u00e4lde einer Madonna mit Kind aus dem 15. Jh. zur\u00fcck, die um das gute Gelingen der Herstellung von Backsteinen angerufen wurde. Ein wundersamer Jagdunfall sorgte daf\u00fcr, dass der Ort zu einem beliebten Pilgerziel wurde, weshalb der Herzog Carlo Emanuele I. von Savoyen 1596 die Errichtung einer gro\u00dfen Wallfahrtskirche in Auftrag gab.<\/p>\n<p>Sie sollte Platz f\u00fcr zahlreiche Wallfahrer bieten und au\u00dferdem als Grabst\u00e4tte f\u00fcr die Herrscherfamilie genutzt werden (sp\u00e4ter wurde das Mausoleum der Savoyer in die Basilika Superga verlegt).<\/p>\n\t<div class=\"img has-hover x md-x lg-x y md-y lg-y\" id=\"image_2013435965\">\n\t\t<a class=\"image-lightbox lightbox-gallery\" title=\"\" href=\"https:\/\/www.ibikecuneo.com\/wp-content\/uploads\/2022\/07\/img355-1024x627.jpg\">\t\t\t\t\t\t<div class=\"img-inner dark\" >\n\t\t\t<img width=\"1020\" height=\"625\" src=\"https:\/\/www.ibikecuneo.com\/wp-content\/uploads\/2022\/07\/img355-1024x627.jpg\" class=\"attachment-large size-large\" alt=\"\" decoding=\"async\" loading=\"lazy\" srcset=\"https:\/\/www.ibikecuneo.com\/wp-content\/uploads\/2022\/07\/img355-1024x627.jpg 1024w, https:\/\/www.ibikecuneo.com\/wp-content\/uploads\/2022\/07\/img355-300x184.jpg 300w, https:\/\/www.ibikecuneo.com\/wp-content\/uploads\/2022\/07\/img355-768x470.jpg 768w, https:\/\/www.ibikecuneo.com\/wp-content\/uploads\/2022\/07\/img355.jpg 1165w\" sizes=\"(max-width: 1020px) 100vw, 1020px\" \/>\t\t\t\t\t\t\n\t\t\t\t\t<\/div>\n\t\t\t\t\t\t<\/a>\t\t\n<style>\n#image_2013435965 {\n  width: 100%;\n}\n<\/style>\n\t<\/div>\n\t\n\n<div class=\"text-center\"><div class=\"is-divider divider clearfix\" ><\/div><\/div>\n\n<p>Durch das Ableben sowohl des Architekten als auch des Herzogs kam das Projekt jedoch f\u00fcr eine Weile zum Stillstand und die Arbeiten wurden erst viele Jahre sp\u00e4ter wieder aufgenommen.<\/p>\n<p>Es war wieder einmal Francesco Gallo, der die Kastanien aus dem Feuer holte und sich 1728 an die Errichtung der immensen elliptischen Kuppel von 74 m H\u00f6he machte. Es wird erz\u00e4hlt, dass sich die Arbeiter als es nach der Fertigstellung der Kuppel an die Ausschalung ging, aufgrund ihrer enormen Gr\u00f6\u00dfe weigerten, das St\u00fctzwerk zu entfernen, da sie ihren Einsturz f\u00fcrchteten. Daher musste Gallo selbst das Ger\u00fcst abbauen um zu beweisen, dass die Kuppel hielt.<\/p>\n<p>Um den Zulauf der zahlreichen Pilger zur Wallfahrtskirche Vicoforte zu erleichtern, wurde 1884 eine Stra\u00dfenbahn eingerichtet, die direkt vor dem Eingang hielt. Sie wurde jedoch in den 50er Jahren stillgelegt.<\/p>\n\t<div class=\"img has-hover x md-x lg-x y md-y lg-y\" id=\"image_1570929438\">\n\t\t<a class=\"image-lightbox lightbox-gallery\" title=\"\" href=\"https:\/\/www.ibikecuneo.com\/wp-content\/uploads\/2022\/07\/img358-1024x765.jpg\">\t\t\t\t\t\t<div class=\"img-inner dark\" >\n\t\t\t<img width=\"1020\" height=\"762\" src=\"https:\/\/www.ibikecuneo.com\/wp-content\/uploads\/2022\/07\/img358-1024x765.jpg\" class=\"attachment-large size-large\" alt=\"\" decoding=\"async\" loading=\"lazy\" srcset=\"https:\/\/www.ibikecuneo.com\/wp-content\/uploads\/2022\/07\/img358-1024x765.jpg 1024w, https:\/\/www.ibikecuneo.com\/wp-content\/uploads\/2022\/07\/img358-300x224.jpg 300w, https:\/\/www.ibikecuneo.com\/wp-content\/uploads\/2022\/07\/img358-768x574.jpg 768w, https:\/\/www.ibikecuneo.com\/wp-content\/uploads\/2022\/07\/img358.jpg 1168w\" sizes=\"(max-width: 1020px) 100vw, 1020px\" \/>\t\t\t\t\t\t\n\t\t\t\t\t<\/div>\n\t\t\t\t\t\t<\/a>\t\t\n<style>\n#image_1570929438 {\n  width: 100%;\n}\n<\/style>\n\t<\/div>\n\t\n\n\n\t\t<\/div>\n\t\t\t\t\t<\/div>\n\n\t\n\n\t<div id=\"col-1383779771\" class=\"col medium-4 large-4\"  >\n\t\t\t\t<div class=\"col-inner\"  >\n\t\t\t\n\t\t\t\n\n<div class=\"row row-collapse row-full-width\"  id=\"row-1908564625\">\n\n\n\t<div id=\"col-464135670\" class=\"col small-12 large-12\"  >\n\t\t\t\t<div class=\"col-inner\"  >\n\t\t\t\n\t\t\t\n\n\t<div id=\"text-2840439825\" class=\"text\">\n\t\t\n\n<h4>Ein Ausflug in die Barockzeit<\/h4>\n\n\t\t\n<style>\n#text-2840439825 {\n  line-height: 1.2;\n}\n<\/style>\n\t<\/div>\n\t\n\t<div class=\"ux-menu stack stack-col justify-start ux-menu--divider-solid\">\n\t\t\n\n\t<div class=\"ux-menu-link flex menu-item\">\n\t\t<a class=\"ux-menu-link__link flex\" href=\"https:\/\/www.ibikecuneo.com\/in-viaggio-nel-barocco\/architetture-barocche-di-cuneo-e-dintorni\/\"  >\n\t\t\t\t\t\t<span class=\"ux-menu-link__text\">\n\t\t\t\tBarocke Architektur in Cuneo und Umgebung\t\t\t<\/span>\n\t\t<\/a>\n\t<\/div>\n\t\n\n\t<div class=\"ux-menu-link flex menu-item\">\n\t\t<a class=\"ux-menu-link__link flex\" href=\"https:\/\/www.ibikecuneo.com\/in-viaggio-nel-barocco\/la-cattedrale-di-san-donato\/\"  >\n\t\t\t\t\t\t<span class=\"ux-menu-link__text\">\n\t\t\t\tKathedrale San Donato\t\t\t<\/span>\n\t\t<\/a>\n\t<\/div>\n\t\n\n\t<div class=\"ux-menu-link flex menu-item\">\n\t\t<a class=\"ux-menu-link__link flex\" href=\"https:\/\/www.ibikecuneo.com\/in-viaggio-nel-barocco\/chiesa-di-san-francesco-saverio-di-mondovi\/\"  >\n\t\t\t\t\t\t<span class=\"ux-menu-link__text\">\n\t\t\t\tSan Francesco Saverio in Mondov\u00ec\t\t\t<\/span>\n\t\t<\/a>\n\t<\/div>\n\t\n\n\t<div class=\"ux-menu-link flex menu-item\">\n\t\t<a class=\"ux-menu-link__link flex\" href=\"https:\/\/www.ibikecuneo.com\/in-viaggio-nel-barocco\/il-santuario-di-vicoforte-e-la-cupola-ellittica-piu-grande-al-mondo\/\"  >\n\t\t\t\t\t\t<span class=\"ux-menu-link__text\">\n\t\t\t\tDie Wallfahrtskirche Vicoforte und die gr\u00f6\u00dfte elliptische Kuppel der Welt\t\t\t<\/span>\n\t\t<\/a>\n\t<\/div>\n\t\n\n\t<div class=\"ux-menu-link flex menu-item\">\n\t\t<a class=\"ux-menu-link__link flex\" href=\"https:\/\/www.ibikecuneo.com\/in-viaggio-nel-barocco\/lesperienza-del-magnificat\/\"  >\n\t\t\t\t\t\t<span class=\"ux-menu-link__text\">\n\t\t\t\tErlebnisf\u00fchrung Magnificat\t\t\t<\/span>\n\t\t<\/a>\n\t<\/div>\n\t\n\n\n\t<\/div>\n\t\n\n\t\t<\/div>\n\t\t\t\t\t<\/div>\n\n\t\n\n<\/div>\n\n\n\n\n\t\t<\/div>\n\t\t\t\t\t<\/div>\n\n\t\n\n<\/div>\n\n\t\t<\/div>\n\n\t\t\n<style>\n#section_1988616032 {\n  padding-top: 30px;\n  padding-bottom: 30px;\n}\n#section_1988616032 .ux-shape-divider--top svg {\n  height: 150px;\n  --divider-top-width: 100%;\n}\n#section_1988616032 .ux-shape-divider--bottom svg {\n  height: 150px;\n  --divider-width: 100%;\n}\n<\/style>\n\t<\/section>\n\t\n\n","protected":false},"excerpt":{"rendered":"","protected":false},"author":1,"featured_media":696,"parent":1063,"menu_order":4,"comment_status":"closed","ping_status":"closed","template":"","meta":[],"_links":{"self":[{"href":"https:\/\/www.ibikecuneo.com\/de\/wp-json\/wp\/v2\/pages\/1072"}],"collection":[{"href":"https:\/\/www.ibikecuneo.com\/de\/wp-json\/wp\/v2\/pages"}],"about":[{"href":"https:\/\/www.ibikecuneo.com\/de\/wp-json\/wp\/v2\/types\/page"}],"author":[{"embeddable":true,"href":"https:\/\/www.ibikecuneo.com\/de\/wp-json\/wp\/v2\/users\/1"}],"replies":[{"embeddable":true,"href":"https:\/\/www.ibikecuneo.com\/de\/wp-json\/wp\/v2\/comments?post=1072"}],"version-history":[{"count":1,"href":"https:\/\/www.ibikecuneo.com\/de\/wp-json\/wp\/v2\/pages\/1072\/revisions"}],"predecessor-version":[{"id":1073,"href":"https:\/\/www.ibikecuneo.com\/de\/wp-json\/wp\/v2\/pages\/1072\/revisions\/1073"}],"up":[{"embeddable":true,"href":"https:\/\/www.ibikecuneo.com\/de\/wp-json\/wp\/v2\/pages\/1063"}],"wp:featuredmedia":[{"embeddable":true,"href":"https:\/\/www.ibikecuneo.com\/de\/wp-json\/wp\/v2\/media\/696"}],"wp:attachment":[{"href":"https:\/\/www.ibikecuneo.com\/de\/wp-json\/wp\/v2\/media?parent=1072"}],"curies":[{"name":"wp","href":"https:\/\/api.w.org\/{rel}","templated":true}]}}

Die Wallfahrtskirche Vicoforte und die größte elliptische Kuppel der Welt

<div id="page-header-464450014" class="page-header-wrapper">
  <div class="page-title dark featured-title">

        <div class="page-title-bg">
      <div class="title-bg fill bg-fill"
        data-parallax-container=".page-title"
        data-parallax-background
        data-parallax="-">
      </div>
      <div class="title-overlay fill"></div>
    </div>
    
    <div class="page-title-inner container align-center flex-row medium-flex-wrap" >
              <div class="title-wrapper flex-col text-left medium-text-center">
          <h1 class="entry-title mb-0">
            Die Wallfahrtskirche Vicoforte und die größte elliptische Kuppel der Welt          </h1>
        </div>
                    <div class="title-content flex-col flex-right text-right medium-text-center">
        <div class="title-breadcrumbs pb-half pt-half"></div>      </div>
    </div>

     
<style>
#page-header-464450014 .page-title-inner {
  min-height: 160px;
}
#page-header-464450014 .title-bg {
  background-image: url(https://www.ibikecuneo.com/wp-content/uploads/2022/07/img358.jpg);
}
#page-header-464450014 .title-overlay {
  background-color: rgba(0,0,0,.5);
}
</style>
  </div>
    </div>
  

	<section class="section" id="section_1988616032">
		<div class="bg section-bg fill bg-fill  bg-loaded" >

			
			
			

		</div>

		

		<div class="section-content relative">
			

<div class="row row-large row-divided"  id="row-965381737">


	<div id="col-2050664317" class="col medium-8 large-8"  >
				<div class="col-inner"  >
			
			

<p>Die Wallfahrtskirche Vicoforte gehört mit ihrer größten elliptischen Kuppel der Welt zu einer der berühmtesten Sehenswürdigkeiten des Piemonts.</p>
<p>Der Ursprung des Gebäudes geht auf einen Bildstock mit dem Gemälde einer Madonna mit Kind aus dem 15. Jh. zurück, die um das gute Gelingen der Herstellung von Backsteinen angerufen wurde. Ein wundersamer Jagdunfall sorgte dafür, dass der Ort zu einem beliebten Pilgerziel wurde, weshalb der Herzog Carlo Emanuele I. von Savoyen 1596 die Errichtung einer großen Wallfahrtskirche in Auftrag gab.</p>
<p>Sie sollte Platz für zahlreiche Wallfahrer bieten und außerdem als Grabstätte für die Herrscherfamilie genutzt werden (später wurde das Mausoleum der Savoyer in die Basilika Superga verlegt).</p>
	<div class="img has-hover x md-x lg-x y md-y lg-y" id="image_2013435965">
		<a class="image-lightbox lightbox-gallery" title="" href="https://www.ibikecuneo.com/wp-content/uploads/2022/07/img355-1024x627.jpg">						<div class="img-inner dark" >
			<img width="1020" height="625" src="https://www.ibikecuneo.com/wp-content/uploads/2022/07/img355-1024x627.jpg" class="attachment-large size-large" alt="" decoding="async" loading="lazy" srcset="https://www.ibikecuneo.com/wp-content/uploads/2022/07/img355-1024x627.jpg 1024w, https://www.ibikecuneo.com/wp-content/uploads/2022/07/img355-300x184.jpg 300w, https://www.ibikecuneo.com/wp-content/uploads/2022/07/img355-768x470.jpg 768w, https://www.ibikecuneo.com/wp-content/uploads/2022/07/img355.jpg 1165w" sizes="(max-width: 1020px) 100vw, 1020px" />						
					</div>
						</a>		
<style>
#image_2013435965 {
  width: 100%;
}
</style>
	</div>
	

<div class="text-center"><div class="is-divider divider clearfix" ></div></div>

<p>Durch das Ableben sowohl des Architekten als auch des Herzogs kam das Projekt jedoch für eine Weile zum Stillstand und die Arbeiten wurden erst viele Jahre später wieder aufgenommen.</p>
<p>Es war wieder einmal Francesco Gallo, der die Kastanien aus dem Feuer holte und sich 1728 an die Errichtung der immensen elliptischen Kuppel von 74 m Höhe machte. Es wird erzählt, dass sich die Arbeiter als es nach der Fertigstellung der Kuppel an die Ausschalung ging, aufgrund ihrer enormen Größe weigerten, das Stützwerk zu entfernen, da sie ihren Einsturz fürchteten. Daher musste Gallo selbst das Gerüst abbauen um zu beweisen, dass die Kuppel hielt.</p>
<p>Um den Zulauf der zahlreichen Pilger zur Wallfahrtskirche Vicoforte zu erleichtern, wurde 1884 eine Straßenbahn eingerichtet, die direkt vor dem Eingang hielt. Sie wurde jedoch in den 50er Jahren stillgelegt.</p>
	<div class="img has-hover x md-x lg-x y md-y lg-y" id="image_1570929438">
		<a class="image-lightbox lightbox-gallery" title="" href="https://www.ibikecuneo.com/wp-content/uploads/2022/07/img358-1024x765.jpg">						<div class="img-inner dark" >
			<img width="1020" height="762" src="https://www.ibikecuneo.com/wp-content/uploads/2022/07/img358-1024x765.jpg" class="attachment-large size-large" alt="" decoding="async" loading="lazy" srcset="https://www.ibikecuneo.com/wp-content/uploads/2022/07/img358-1024x765.jpg 1024w, https://www.ibikecuneo.com/wp-content/uploads/2022/07/img358-300x224.jpg 300w, https://www.ibikecuneo.com/wp-content/uploads/2022/07/img358-768x574.jpg 768w, https://www.ibikecuneo.com/wp-content/uploads/2022/07/img358.jpg 1168w" sizes="(max-width: 1020px) 100vw, 1020px" />						
					</div>
						</a>		
<style>
#image_1570929438 {
  width: 100%;
}
</style>
	</div>
	


		</div>
					</div>

	

	<div id="col-1383779771" class="col medium-4 large-4"  >
				<div class="col-inner"  >
			
			

<div class="row row-collapse row-full-width"  id="row-1908564625">


	<div id="col-464135670" class="col small-12 large-12"  >
				<div class="col-inner"  >
			
			

	<div id="text-2840439825" class="text">
		

<h4>Ein Ausflug in die Barockzeit</h4>

		
<style>
#text-2840439825 {
  line-height: 1.2;
}
</style>
	</div>
	
	<div class="ux-menu stack stack-col justify-start ux-menu--divider-solid">
		

	<div class="ux-menu-link flex menu-item">
		<a class="ux-menu-link__link flex" href="https://www.ibikecuneo.com/in-viaggio-nel-barocco/architetture-barocche-di-cuneo-e-dintorni/"  >
						<span class="ux-menu-link__text">
				Barocke Architektur in Cuneo und Umgebung			</span>
		</a>
	</div>
	

	<div class="ux-menu-link flex menu-item">
		<a class="ux-menu-link__link flex" href="https://www.ibikecuneo.com/in-viaggio-nel-barocco/la-cattedrale-di-san-donato/"  >
						<span class="ux-menu-link__text">
				Kathedrale San Donato			</span>
		</a>
	</div>
	

	<div class="ux-menu-link flex menu-item">
		<a class="ux-menu-link__link flex" href="https://www.ibikecuneo.com/in-viaggio-nel-barocco/chiesa-di-san-francesco-saverio-di-mondovi/"  >
						<span class="ux-menu-link__text">
				San Francesco Saverio in Mondovì			</span>
		</a>
	</div>
	

	<div class="ux-menu-link flex menu-item">
		<a class="ux-menu-link__link flex" href="https://www.ibikecuneo.com/in-viaggio-nel-barocco/il-santuario-di-vicoforte-e-la-cupola-ellittica-piu-grande-al-mondo/"  >
						<span class="ux-menu-link__text">
				Die Wallfahrtskirche Vicoforte und die größte elliptische Kuppel der Welt			</span>
		</a>
	</div>
	

	<div class="ux-menu-link flex menu-item">
		<a class="ux-menu-link__link flex" href="https://www.ibikecuneo.com/in-viaggio-nel-barocco/lesperienza-del-magnificat/"  >
						<span class="ux-menu-link__text">
				Erlebnisführung Magnificat			</span>
		</a>
	</div>
	


	</div>
	

		</div>
					</div>

	

</div>




		</div>
					</div>

	

</div>

		</div>

		
<style>
#section_1988616032 {
  padding-top: 30px;
  padding-bottom: 30px;
}
#section_1988616032 .ux-shape-divider--top svg {
  height: 150px;
  --divider-top-width: 100%;
}
#section_1988616032 .ux-shape-divider--bottom svg {
  height: 150px;
  --divider-width: 100%;
}
</style>
	</section>
