{"id":995,"date":"2022-06-16T15:38:40","date_gmt":"2022-06-16T15:38:40","guid":{"rendered":"https:\/\/www.ibikecuneo.com\/cuneo-und-der-flusspark-gesso-und-stura\/die-stadt-cuneo\/"},"modified":"2023-01-19T09:19:55","modified_gmt":"2023-01-19T09:19:55","slug":"die-stadt-cuneo","status":"publish","type":"page","link":"https:\/\/www.ibikecuneo.com\/de\/routen\/cuneo-und-der-flusspark-gesso-und-stura\/die-stadt-cuneo\/","title":{"rendered":"Die Stadt Cuneo"},"content":{"rendered":"\n  <div id=\"page-header-1123976808\" class=\"page-header-wrapper\">\n  <div class=\"page-title dark featured-title\">\n\n        <div class=\"page-title-bg\">\n      <div class=\"title-bg fill bg-fill\"\n        data-parallax-container=\".page-title\"\n        data-parallax-background\n        data-parallax=\"-\">\n      <\/div>\n      <div class=\"title-overlay fill\"><\/div>\n    <\/div>\n    \n    <div class=\"page-title-inner container align-center flex-row medium-flex-wrap\" >\n              <div class=\"title-wrapper flex-col text-left medium-text-center\">\n          <h1 class=\"entry-title mb-0\">\n            Die Stadt Cuneo          <\/h1>\n        <\/div>\n                    <div class=\"title-content flex-col flex-right text-right medium-text-center\">\n        <div class=\"title-breadcrumbs pb-half pt-half\"><\/div>      <\/div>\n    <\/div>\n\n     \n<style>\n#page-header-1123976808 .page-title-inner {\n  min-height: 160px;\n}\n#page-header-1123976808 .title-bg {\n  background-image: url(https:\/\/www.ibikecuneo.com\/wp-content\/uploads\/2022\/06\/img232.jpg);\n}\n#page-header-1123976808 .title-overlay {\n  background-color: rgba(0,0,0,.5);\n}\n<\/style>\n  <\/div>\n    <\/div>\n  \n\n\t<section class=\"section\" id=\"section_448904259\">\n\t\t<div class=\"bg section-bg fill bg-fill  bg-loaded\" >\n\n\t\t\t\n\t\t\t\n\t\t\t\n\n\t\t<\/div>\n\n\t\t\n\n\t\t<div class=\"section-content relative\">\n\t\t\t\n\n<div class=\"row row-large row-divided\"  id=\"row-959250592\">\n\n\n\t<div id=\"col-1872745830\" class=\"col medium-8 large-8\"  >\n\t\t\t\t<div class=\"col-inner\"  >\n\t\t\t\n\t\t\t\n\n<p>Die Altstadt von <strong>Cuneo<\/strong> liegt auf einer Hochebene mit dreieckiger Form, die an einen Keil erinnert (daher auch der Name \u201eCuneo\u201c, italienisch <em>\u201eKeil\u201c<\/em>). Sie bietet eine Reihe historischer, baulicher und kultureller Sehensw\u00fcrdigkeiten und bezaubernde Aussichtspunkte.<\/p>\n<p>Die Stra\u00dfen des Zentrums sind von verschiedenen bedeutenden Geb\u00e4uden wie dem Rathaus und dem Stadtturm ges\u00e4umt. Von den Sakralbauten der Stadt sind vor allem die Kirche Santa Chiara und die Kirche Santa Croce erw\u00e4hnenswert, zwei wichtige Denkm\u00e4ler des piemontesischen Barocks. Sie wurden von dem Architekten Francesco Gallo entworfen, der aus der Umgebung von Mondov\u00ec stammte.<\/p>\n<p>Zu den stimmungsvollsten Winkeln geh\u00f6ren die G\u00e4sschen der Contrada Mondov\u00ec, wo sich einst das j\u00fcdische Getto befand, mit der Synagoge und dem nahegelegenen Teatro Toselli. Dank der 13 Kilometer langen Arkaden kann man die Stadt bequem zu Fu\u00df erkunden (das Fahrrad sollte hier allerdings geschoben werden), beispielsweise um kulinarische K\u00f6stlichkeiten in einem der vielen einladenden Restaurants kennenzulernen. Nicht leicht zu sagen, wo es am besten ist. Doch egal, wo man sich auf der zentralen Via Roma niederl\u00e4sst: man kann eigentlich nichts falsch machen.<\/p>\n\t<div class=\"img has-hover x md-x lg-x y md-y lg-y\" id=\"image_304075322\">\n\t\t<a class=\"image-lightbox lightbox-gallery\" title=\"\" href=\"https:\/\/www.ibikecuneo.com\/wp-content\/uploads\/2022\/06\/img232-1024x547.jpg\">\t\t\t\t\t\t<div class=\"img-inner dark\" >\n\t\t\t<img width=\"1020\" height=\"545\" src=\"https:\/\/www.ibikecuneo.com\/wp-content\/uploads\/2022\/06\/img232-1024x547.jpg\" class=\"attachment-large size-large\" alt=\"\" decoding=\"async\" loading=\"lazy\" srcset=\"https:\/\/www.ibikecuneo.com\/wp-content\/uploads\/2022\/06\/img232-1024x547.jpg 1024w, https:\/\/www.ibikecuneo.com\/wp-content\/uploads\/2022\/06\/img232-300x160.jpg 300w, https:\/\/www.ibikecuneo.com\/wp-content\/uploads\/2022\/06\/img232-768x410.jpg 768w, https:\/\/www.ibikecuneo.com\/wp-content\/uploads\/2022\/06\/img232.jpg 1165w\" sizes=\"(max-width: 1020px) 100vw, 1020px\" \/>\t\t\t\t\t\t\n\t\t\t\t\t<\/div>\n\t\t\t\t\t\t<\/a>\t\t\n<style>\n#image_304075322 {\n  width: 100%;\n}\n<\/style>\n\t<\/div>\n\t\n\n<div class=\"text-center\"><div class=\"is-divider divider clearfix\" style=\"margin-top:1.8em;margin-bottom:1.8em;max-width:68px;\"><\/div><\/div>\n\n<p>Die weitl\u00e4ufige <strong>Piazza Galimberti<\/strong> ist der \u201eSalon\u201c der Stadt, wo auch der Wochenmarkt (jeden Dienstag) und verschiedene Feste stattfinden. Unter den Arkaden liegt die Konditorei Arione, in denen schon der Schriftsteller Hemingway die ber\u00fchmten <strong>\u201eCuneesi\u201c<\/strong> erwarb (Pralinen aus Baiser, Schokolade und Rum). Sie sieht heute noch genauso aus wie zu der Zeit, als sie der amerikanische Autor besuchte.<\/p>\n<p>Piazza Galimberti ist nach dem Lokalhelden <strong>Duccio Galimberti<\/strong> benannt, dem Sohn eines Ministers und der \u00f6sterreichischen Dichterin Alice Schanzer. Im Juli 1943 rief der Rechtsanwalt vom Fenster seiner Kanzlei auf der damaligen Piazza Vittoria (die sp\u00e4ter zu seinen Ehren in Piazza Galimberti umbenannt wurde) die Menge zum Kampf gegen den Nazifaschismus auf. Er starb 1944, nachdem er vom Regime gefangengenommen und gefoltert worden war, und ist dank seiner charismatischen Erscheinung heute noch eine wichtige Symbolfigur f\u00fcr die Widerstandsbewegung.<\/p>\n<p>Heute kann man das <strong>Museumshaus Galimberti<\/strong> besuchen, in dem Werke der bildenden Kunst sowie ein \u00e4u\u00dferst interessantes Wohnambiente aus der damaligen Zeit zu sehen sind.<\/p>\n\t<div class=\"img has-hover x md-x lg-x y md-y lg-y\" id=\"image_509585558\">\n\t\t<a class=\"image-lightbox lightbox-gallery\" title=\"Casa Museo Galimberti,\nCuneo\" href=\"https:\/\/www.ibikecuneo.com\/wp-content\/uploads\/2022\/06\/img235-1024x614.jpg\">\t\t\t\t\t\t<div class=\"img-inner dark\" >\n\t\t\t<img width=\"1020\" height=\"612\" src=\"https:\/\/www.ibikecuneo.com\/wp-content\/uploads\/2022\/06\/img235-1024x614.jpg\" class=\"attachment-large size-large\" alt=\"\" decoding=\"async\" loading=\"lazy\" srcset=\"https:\/\/www.ibikecuneo.com\/wp-content\/uploads\/2022\/06\/img235-1024x614.jpg 1024w, https:\/\/www.ibikecuneo.com\/wp-content\/uploads\/2022\/06\/img235-300x180.jpg 300w, https:\/\/www.ibikecuneo.com\/wp-content\/uploads\/2022\/06\/img235-768x460.jpg 768w, https:\/\/www.ibikecuneo.com\/wp-content\/uploads\/2022\/06\/img235.jpg 1166w\" sizes=\"(max-width: 1020px) 100vw, 1020px\" \/>\t\t\t\t\t\t\n\t\t\t\t\t\t\t<div class=\"caption\">Casa Museo Galimberti,\nCuneo<\/div>\n\t\t\t\t\t<\/div>\n\t\t\t\t\t\t<\/a>\t\t\n<style>\n#image_509585558 {\n  width: 100%;\n}\n<\/style>\n\t<\/div>\n\t\n\n\n\t\t<\/div>\n\t\t\t\t\t<\/div>\n\n\t\n\n\t<div id=\"col-1409222881\" class=\"col medium-4 large-4\"  >\n\t\t\t\t<div class=\"col-inner\"  >\n\t\t\t\n\t\t\t\n\n<div class=\"row row-collapse row-full-width\"  id=\"row-1889595396\">\n\n\n\t<div id=\"col-1281302216\" class=\"col small-12 large-12\"  >\n\t\t\t\t<div class=\"col-inner\"  >\n\t\t\t\n\t\t\t\n\n\t<div id=\"text-1994215798\" class=\"text\">\n\t\t\n\n<h4>Cuneo und der Flusspark Gesso und Stura<\/h4>\n<h5>Segmenti<\/h5>\n\t\t\n<style>\n#text-1994215798 {\n  line-height: 1.2;\n}\n<\/style>\n\t<\/div>\n\t\n\t<div class=\"ux-menu stack stack-col justify-start ux-menu--divider-solid\">\n\t\t\n\n\t<div class=\"ux-menu-link flex menu-item\">\n\t\t<a class=\"ux-menu-link__link flex\" href=\"https:\/\/www.ibikecuneo.com\/percorsi\/alla-scoperta-di-cuneo-e-del-parco-fluviale-gesso-e-stura\/cuneo-citta\/\"  >\n\t\t\t\t\t\t<span class=\"ux-menu-link__text\">\n\t\t\t\tCuneo-Stadt\t\t\t<\/span>\n\t\t<\/a>\n\t<\/div>\n\t\n\n\t<div class=\"ux-menu-link flex menu-item\">\n\t\t<a class=\"ux-menu-link__link flex\" href=\"https:\/\/www.ibikecuneo.com\/percorsi\/alla-scoperta-di-cuneo-e-del-parco-fluviale-gesso-e-stura\/parco-fluviale-gesso-e-stura\/\"  >\n\t\t\t\t\t\t<span class=\"ux-menu-link__text\">\n\t\t\t\tFlusspark Gesso und Stura\t\t\t<\/span>\n\t\t<\/a>\n\t<\/div>\n\t\n\n\t<div class=\"ux-menu-link flex menu-item\">\n\t\t<a class=\"ux-menu-link__link flex\" href=\"https:\/\/www.ibikecuneo.com\/percorsi\/alla-scoperta-di-cuneo-e-del-parco-fluviale-gesso-e-stura\/la-casa-del-fiume\/\"  >\n\t\t\t\t\t\t<span class=\"ux-menu-link__text\">\n\t\t\t\tCasa del Fiume\t\t\t<\/span>\n\t\t<\/a>\n\t<\/div>\n\t\n\n\t<div class=\"ux-menu-link flex menu-item\">\n\t\t<a class=\"ux-menu-link__link flex\" href=\"https:\/\/www.ibikecuneo.com\/percorsi\/alla-scoperta-di-cuneo-e-del-parco-fluviale-gesso-e-stura\/borgo-san-dalmazzo\/\"  >\n\t\t\t\t\t\t<span class=\"ux-menu-link__text\">\n\t\t\t\tBorgo San Dalmazzo\t\t\t<\/span>\n\t\t<\/a>\n\t<\/div>\n\t\n\n\t<div class=\"ux-menu-link flex menu-item\">\n\t\t<a class=\"ux-menu-link__link flex\" href=\"https:\/\/www.ibikecuneo.com\/percorsi\/alla-scoperta-di-cuneo-e-del-parco-fluviale-gesso-e-stura\/cuneo-e-il-suo-boulevard\/\"  >\n\t\t\t\t\t\t<span class=\"ux-menu-link__text\">\n\t\t\t\tDer Boulevard von Cuneo\t\t\t<\/span>\n\t\t<\/a>\n\t<\/div>\n\t\n\n\n\t<\/div>\n\t\n<div class=\"text-center\"><div class=\"is-divider divider clearfix\" style=\"background-color:rgb(0, 162, 157);\"><\/div><\/div>\n\n\t<div id=\"text-3580724260\" class=\"text\">\n\t\t\n\n<h4>Andere Routen<\/h4>\n\t\t\n<style>\n#text-3580724260 {\n  line-height: 1.2;\n}\n<\/style>\n\t<\/div>\n\t\n\t<div class=\"ux-menu stack stack-col justify-start ux-menu--divider-solid\">\n\t\t\n\n\t<div class=\"ux-menu-link flex menu-item\">\n\t\t<a class=\"ux-menu-link__link flex\" href=\"https:\/\/www.ibikecuneo.com\/percorsi\/pedalare-tra-arte-e-natura-cuneo-valle-grana-e-valle-maira\/\"  >\n\t\t\t\t\t\t<span class=\"ux-menu-link__text\">\n\t\t\t\tEine Radtour im Zeichen von Kunst und Natur: Cuneo, Grana-Tal und Maira-Tal\t\t\t<\/span>\n\t\t<\/a>\n\t<\/div>\n\t\n\n\t<div class=\"ux-menu-link flex menu-item\">\n\t\t<a class=\"ux-menu-link__link flex\" href=\"https:\/\/www.ibikecuneo.com\/percorsi\/da-cuneo-alle-terme-di-valdieri-pedalare-tra-natura-e-benessere\/\"  >\n\t\t\t\t\t\t<span class=\"ux-menu-link__text\">\n\t\t\t\tVon Cuneo zu den Thermen von Valdieri, eine Radtour zwischen Natur und Wellness\t\t\t<\/span>\n\t\t<\/a>\n\t<\/div>\n\t\n\n\t<div class=\"ux-menu-link flex menu-item\">\n\t\t<a class=\"ux-menu-link__link flex\" href=\"https:\/\/www.ibikecuneo.com\/percorsi\/in-bicicletta-tra-cuneo-mondovi-vicoforte-e-chiusa-di-pesio\/\"  >\n\t\t\t\t\t\t<span class=\"ux-menu-link__text\">\n\t\t\t\tEine Radtour von Cuneo nach Mondov\u00ec, Vicoforte und Chiusa di Pesio\t\t\t<\/span>\n\t\t<\/a>\n\t<\/div>\n\t\n\n\t<div class=\"ux-menu-link flex menu-item\">\n\t\t<a class=\"ux-menu-link__link flex\" href=\"https:\/\/www.ibikecuneo.com\"  >\n\t\t\t\t\t\t<span class=\"ux-menu-link__text\">\n\t\t\t\tPercorso 5\t\t\t<\/span>\n\t\t<\/a>\n\t<\/div>\n\t\n\n\n\t<\/div>\n\t\n\n\t\t<\/div>\n\t\t\t\t\t<\/div>\n\n\t\n\n<\/div>\n\n\n\n\n\t\t<\/div>\n\t\t\t\t\t<\/div>\n\n\t\n\n<\/div>\n\n\t\t<\/div>\n\n\t\t\n<style>\n#section_448904259 {\n  padding-top: 30px;\n  padding-bottom: 30px;\n}\n#section_448904259 .ux-shape-divider--top svg {\n  height: 150px;\n  --divider-top-width: 100%;\n}\n#section_448904259 .ux-shape-divider--bottom svg {\n  height: 150px;\n  --divider-width: 100%;\n}\n<\/style>\n\t<\/section>\n\t\n\n","protected":false},"excerpt":{"rendered":"","protected":false},"author":1,"featured_media":283,"parent":993,"menu_order":1,"comment_status":"closed","ping_status":"closed","template":"","meta":[],"_links":{"self":[{"href":"https:\/\/www.ibikecuneo.com\/de\/wp-json\/wp\/v2\/pages\/995"}],"collection":[{"href":"https:\/\/www.ibikecuneo.com\/de\/wp-json\/wp\/v2\/pages"}],"about":[{"href":"https:\/\/www.ibikecuneo.com\/de\/wp-json\/wp\/v2\/types\/page"}],"author":[{"embeddable":true,"href":"https:\/\/www.ibikecuneo.com\/de\/wp-json\/wp\/v2\/users\/1"}],"replies":[{"embeddable":true,"href":"https:\/\/www.ibikecuneo.com\/de\/wp-json\/wp\/v2\/comments?post=995"}],"version-history":[{"count":3,"href":"https:\/\/www.ibikecuneo.com\/de\/wp-json\/wp\/v2\/pages\/995\/revisions"}],"predecessor-version":[{"id":998,"href":"https:\/\/www.ibikecuneo.com\/de\/wp-json\/wp\/v2\/pages\/995\/revisions\/998"}],"up":[{"embeddable":true,"href":"https:\/\/www.ibikecuneo.com\/de\/wp-json\/wp\/v2\/pages\/993"}],"wp:featuredmedia":[{"embeddable":true,"href":"https:\/\/www.ibikecuneo.com\/de\/wp-json\/wp\/v2\/media\/283"}],"wp:attachment":[{"href":"https:\/\/www.ibikecuneo.com\/de\/wp-json\/wp\/v2\/media?parent=995"}],"curies":[{"name":"wp","href":"https:\/\/api.w.org\/{rel}","templated":true}]}}

<div id="page-header-1123976808" class="page-header-wrapper">
  <div class="page-title dark featured-title">

        <div class="page-title-bg">
      <div class="title-bg fill bg-fill"
        data-parallax-container=".page-title"
        data-parallax-background
        data-parallax="-">
      </div>
      <div class="title-overlay fill"></div>
    </div>
    
    <div class="page-title-inner container align-center flex-row medium-flex-wrap" >
              <div class="title-wrapper flex-col text-left medium-text-center">
          <h1 class="entry-title mb-0">
            Die Stadt Cuneo          </h1>
        </div>
                    <div class="title-content flex-col flex-right text-right medium-text-center">
        <div class="title-breadcrumbs pb-half pt-half"></div>      </div>
    </div>

     
<style>
#page-header-1123976808 .page-title-inner {
  min-height: 160px;
}
#page-header-1123976808 .title-bg {
  background-image: url(https://www.ibikecuneo.com/wp-content/uploads/2022/06/img232.jpg);
}
#page-header-1123976808 .title-overlay {
  background-color: rgba(0,0,0,.5);
}
</style>
  </div>
    </div>
  

	<section class="section" id="section_448904259">
		<div class="bg section-bg fill bg-fill  bg-loaded" >

			
			
			

		</div>

		

		<div class="section-content relative">
			

<div class="row row-large row-divided"  id="row-959250592">


	<div id="col-1872745830" class="col medium-8 large-8"  >
				<div class="col-inner"  >
			
			

<p>Die Altstadt von <strong>Cuneo</strong> liegt auf einer Hochebene mit dreieckiger Form, die an einen Keil erinnert (daher auch der Name „Cuneo“, italienisch <em>„Keil“</em>). Sie bietet eine Reihe historischer, baulicher und kultureller Sehenswürdigkeiten und bezaubernde Aussichtspunkte.</p>
<p>Die Straßen des Zentrums sind von verschiedenen bedeutenden Gebäuden wie dem Rathaus und dem Stadtturm gesäumt. Von den Sakralbauten der Stadt sind vor allem die Kirche Santa Chiara und die Kirche Santa Croce erwähnenswert, zwei wichtige Denkmäler des piemontesischen Barocks. Sie wurden von dem Architekten Francesco Gallo entworfen, der aus der Umgebung von Mondovì stammte.</p>
<p>Zu den stimmungsvollsten Winkeln gehören die Gässchen der Contrada Mondovì, wo sich einst das jüdische Getto befand, mit der Synagoge und dem nahegelegenen Teatro Toselli. Dank der 13 Kilometer langen Arkaden kann man die Stadt bequem zu Fuß erkunden (das Fahrrad sollte hier allerdings geschoben werden), beispielsweise um kulinarische Köstlichkeiten in einem der vielen einladenden Restaurants kennenzulernen. Nicht leicht zu sagen, wo es am besten ist. Doch egal, wo man sich auf der zentralen Via Roma niederlässt: man kann eigentlich nichts falsch machen.</p>
	<div class="img has-hover x md-x lg-x y md-y lg-y" id="image_304075322">
		<a class="image-lightbox lightbox-gallery" title="" href="https://www.ibikecuneo.com/wp-content/uploads/2022/06/img232-1024x547.jpg">						<div class="img-inner dark" >
			<img width="1020" height="545" src="https://www.ibikecuneo.com/wp-content/uploads/2022/06/img232-1024x547.jpg" class="attachment-large size-large" alt="" decoding="async" loading="lazy" srcset="https://www.ibikecuneo.com/wp-content/uploads/2022/06/img232-1024x547.jpg 1024w, https://www.ibikecuneo.com/wp-content/uploads/2022/06/img232-300x160.jpg 300w, https://www.ibikecuneo.com/wp-content/uploads/2022/06/img232-768x410.jpg 768w, https://www.ibikecuneo.com/wp-content/uploads/2022/06/img232.jpg 1165w" sizes="(max-width: 1020px) 100vw, 1020px" />						
					</div>
						</a>		
<style>
#image_304075322 {
  width: 100%;
}
</style>
	</div>
	

<div class="text-center"><div class="is-divider divider clearfix" style="margin-top:1.8em;margin-bottom:1.8em;max-width:68px;"></div></div>

<p>Die weitläufige <strong>Piazza Galimberti</strong> ist der „Salon“ der Stadt, wo auch der Wochenmarkt (jeden Dienstag) und verschiedene Feste stattfinden. Unter den Arkaden liegt die Konditorei Arione, in denen schon der Schriftsteller Hemingway die berühmten <strong>„Cuneesi“</strong> erwarb (Pralinen aus Baiser, Schokolade und Rum). Sie sieht heute noch genauso aus wie zu der Zeit, als sie der amerikanische Autor besuchte.</p>
<p>Piazza Galimberti ist nach dem Lokalhelden <strong>Duccio Galimberti</strong> benannt, dem Sohn eines Ministers und der österreichischen Dichterin Alice Schanzer. Im Juli 1943 rief der Rechtsanwalt vom Fenster seiner Kanzlei auf der damaligen Piazza Vittoria (die später zu seinen Ehren in Piazza Galimberti umbenannt wurde) die Menge zum Kampf gegen den Nazifaschismus auf. Er starb 1944, nachdem er vom Regime gefangengenommen und gefoltert worden war, und ist dank seiner charismatischen Erscheinung heute noch eine wichtige Symbolfigur für die Widerstandsbewegung.</p>
<p>Heute kann man das <strong>Museumshaus Galimberti</strong> besuchen, in dem Werke der bildenden Kunst sowie ein äußerst interessantes Wohnambiente aus der damaligen Zeit zu sehen sind.</p>
	<div class="img has-hover x md-x lg-x y md-y lg-y" id="image_509585558">
		<a class="image-lightbox lightbox-gallery" title="Casa Museo Galimberti,
Cuneo" href="https://www.ibikecuneo.com/wp-content/uploads/2022/06/img235-1024x614.jpg">						<div class="img-inner dark" >
			<img width="1020" height="612" src="https://www.ibikecuneo.com/wp-content/uploads/2022/06/img235-1024x614.jpg" class="attachment-large size-large" alt="" decoding="async" loading="lazy" srcset="https://www.ibikecuneo.com/wp-content/uploads/2022/06/img235-1024x614.jpg 1024w, https://www.ibikecuneo.com/wp-content/uploads/2022/06/img235-300x180.jpg 300w, https://www.ibikecuneo.com/wp-content/uploads/2022/06/img235-768x460.jpg 768w, https://www.ibikecuneo.com/wp-content/uploads/2022/06/img235.jpg 1166w" sizes="(max-width: 1020px) 100vw, 1020px" />						
							<div class="caption">Casa Museo Galimberti,
Cuneo</div>
					</div>
						</a>		
<style>
#image_509585558 {
  width: 100%;
}
</style>
	</div>
	


		</div>
					</div>

	

	<div id="col-1409222881" class="col medium-4 large-4"  >
				<div class="col-inner"  >
			
			

<div class="row row-collapse row-full-width"  id="row-1889595396">


	<div id="col-1281302216" class="col small-12 large-12"  >
				<div class="col-inner"  >
			
			

	<div id="text-1994215798" class="text">
		

<h4>Cuneo und der Flusspark Gesso und Stura</h4>
<h5>Segmenti</h5>
		
<style>
#text-1994215798 {
  line-height: 1.2;
}
</style>
	</div>
	
	<div class="ux-menu stack stack-col justify-start ux-menu--divider-solid">
		

	<div class="ux-menu-link flex menu-item">
		<a class="ux-menu-link__link flex" href="https://www.ibikecuneo.com/percorsi/alla-scoperta-di-cuneo-e-del-parco-fluviale-gesso-e-stura/cuneo-citta/"  >
						<span class="ux-menu-link__text">
				Cuneo-Stadt			</span>
		</a>
	</div>
	

	<div class="ux-menu-link flex menu-item">
		<a class="ux-menu-link__link flex" href="https://www.ibikecuneo.com/percorsi/alla-scoperta-di-cuneo-e-del-parco-fluviale-gesso-e-stura/parco-fluviale-gesso-e-stura/"  >
						<span class="ux-menu-link__text">
				Flusspark Gesso und Stura			</span>
		</a>
	</div>
	

	<div class="ux-menu-link flex menu-item">
		<a class="ux-menu-link__link flex" href="https://www.ibikecuneo.com/percorsi/alla-scoperta-di-cuneo-e-del-parco-fluviale-gesso-e-stura/la-casa-del-fiume/"  >
						<span class="ux-menu-link__text">
				Casa del Fiume			</span>
		</a>
	</div>
	

	<div class="ux-menu-link flex menu-item">
		<a class="ux-menu-link__link flex" href="https://www.ibikecuneo.com/percorsi/alla-scoperta-di-cuneo-e-del-parco-fluviale-gesso-e-stura/borgo-san-dalmazzo/"  >
						<span class="ux-menu-link__text">
				Borgo San Dalmazzo			</span>
		</a>
	</div>
	

	<div class="ux-menu-link flex menu-item">
		<a class="ux-menu-link__link flex" href="https://www.ibikecuneo.com/percorsi/alla-scoperta-di-cuneo-e-del-parco-fluviale-gesso-e-stura/cuneo-e-il-suo-boulevard/"  >
						<span class="ux-menu-link__text">
				Der Boulevard von Cuneo			</span>
		</a>
	</div>
	


	</div>
	
<div class="text-center"><div class="is-divider divider clearfix" style="background-color:rgb(0, 162, 157);"></div></div>

	<div id="text-3580724260" class="text">
		

<h4>Andere Routen</h4>
		
<style>
#text-3580724260 {
  line-height: 1.2;
}
</style>
	</div>
	
	<div class="ux-menu stack stack-col justify-start ux-menu--divider-solid">
		

	<div class="ux-menu-link flex menu-item">
		<a class="ux-menu-link__link flex" href="https://www.ibikecuneo.com/percorsi/pedalare-tra-arte-e-natura-cuneo-valle-grana-e-valle-maira/"  >
						<span class="ux-menu-link__text">
				Eine Radtour im Zeichen von Kunst und Natur: Cuneo, Grana-Tal und Maira-Tal			</span>
		</a>
	</div>
	

	<div class="ux-menu-link flex menu-item">
		<a class="ux-menu-link__link flex" href="https://www.ibikecuneo.com/percorsi/da-cuneo-alle-terme-di-valdieri-pedalare-tra-natura-e-benessere/"  >
						<span class="ux-menu-link__text">
				Von Cuneo zu den Thermen von Valdieri, eine Radtour zwischen Natur und Wellness			</span>
		</a>
	</div>
	

	<div class="ux-menu-link flex menu-item">
		<a class="ux-menu-link__link flex" href="https://www.ibikecuneo.com/percorsi/in-bicicletta-tra-cuneo-mondovi-vicoforte-e-chiusa-di-pesio/"  >
						<span class="ux-menu-link__text">
				Eine Radtour von Cuneo nach Mondovì, Vicoforte und Chiusa di Pesio			</span>
		</a>
	</div>
	

	<div class="ux-menu-link flex menu-item">
		<a class="ux-menu-link__link flex" href="https://www.ibikecuneo.com"  >
						<span class="ux-menu-link__text">
				Percorso 5			</span>
		</a>
	</div>
	


	</div>
	

		</div>
					</div>

	

</div>




		</div>
					</div>

	

</div>

		</div>

		
<style>
#section_448904259 {
  padding-top: 30px;
  padding-bottom: 30px;
}
#section_448904259 .ux-shape-divider--top svg {
  height: 150px;
  --divider-top-width: 100%;
}
#section_448904259 .ux-shape-divider--bottom svg {
  height: 150px;
  --divider-width: 100%;
}
</style>
	</section>
