{"id":999,"date":"2022-06-16T15:41:34","date_gmt":"2022-06-16T15:41:34","guid":{"rendered":"https:\/\/www.ibikecuneo.com\/cuneo-und-der-flusspark-gesso-und-stura\/flusspark-gesso-und-stura\/"},"modified":"2022-08-23T10:33:14","modified_gmt":"2022-08-23T10:33:14","slug":"flusspark-gesso-und-stura","status":"publish","type":"page","link":"https:\/\/www.ibikecuneo.com\/de\/routen\/cuneo-und-der-flusspark-gesso-und-stura\/flusspark-gesso-und-stura\/","title":{"rendered":"Flusspark Gesso und Stura"},"content":{"rendered":"\n  <div id=\"page-header-969645994\" class=\"page-header-wrapper\">\n  <div class=\"page-title dark featured-title\">\n\n        <div class=\"page-title-bg\">\n      <div class=\"title-bg fill bg-fill\"\n        data-parallax-container=\".page-title\"\n        data-parallax-background\n        data-parallax=\"-\">\n      <\/div>\n      <div class=\"title-overlay fill\"><\/div>\n    <\/div>\n    \n    <div class=\"page-title-inner container align-center flex-row medium-flex-wrap\" >\n              <div class=\"title-wrapper flex-col text-left medium-text-center\">\n          <h1 class=\"entry-title mb-0\">\n            Flusspark Gesso und Stura          <\/h1>\n        <\/div>\n                    <div class=\"title-content flex-col flex-right text-right medium-text-center\">\n        <div class=\"title-breadcrumbs pb-half pt-half\"><\/div>      <\/div>\n    <\/div>\n\n     \n<style>\n#page-header-969645994 .page-title-inner {\n  min-height: 160px;\n}\n#page-header-969645994 .title-bg {\n  background-image: url(https:\/\/www.ibikecuneo.com\/wp-content\/uploads\/2022\/06\/img238.jpg);\n}\n#page-header-969645994 .title-overlay {\n  background-color: rgba(0,0,0,.5);\n}\n<\/style>\n  <\/div>\n    <\/div>\n  \n\n\t<section class=\"section\" id=\"section_381736618\">\n\t\t<div class=\"bg section-bg fill bg-fill  bg-loaded\" >\n\n\t\t\t\n\t\t\t\n\t\t\t\n\n\t\t<\/div>\n\n\t\t\n\n\t\t<div class=\"section-content relative\">\n\t\t\t\n\n<div class=\"row row-large row-divided\"  id=\"row-198598008\">\n\n\n\t<div id=\"col-114584123\" class=\"col medium-8 large-8\"  >\n\t\t\t\t<div class=\"col-inner\"  >\n\t\t\t\n\t\t\t\n\n<p>Cuneo gilt aufgrund seiner zahlreichen Parks und G\u00e4rten als die \u201egr\u00fcne Hauptstadt\u201c des Piemonts. Die gr\u00fcne Lunge der Stadt ist der weitl\u00e4ufige Flusspark Gesso e Stura, den man mit dem Fahrrad auf einer einfachen Strecke vom Zentrum erreichen kann, die auch f\u00fcr Kinder geeignet ist.<\/p>\n<p>Der Weg ist mit Etappen und didaktischen Hinweisen versehen und f\u00fchrt von der Altstadt auf einem gut befestigtenSchotterwegdurcheinegr\u00fcneNaturlandschaft.<\/p>\n<p>Idealerweise legt man die Strecke zum Flusspark Gesso und Stura im Uhrzeigersinn zur\u00fcck. Von der Altstadt Cuneos aus folgt man zun\u00e4chst ab dem Corso Guglielmo Marconi der leicht absch\u00fcssigen Allee Via Porta Mondov\u00ec. Wer die Abfahrt (bzw. Auffahrt) nicht direkt mit dem Fahrrad zur\u00fccklegen will, kann auch den Panoramaaufzug am Beginn des Corso Marconi nehmen. Das Fahrrad kann kostenlos mitgenommen werden und man legt die 27 m H\u00f6henunterschied in 45 Sekunden zur\u00fcck.<\/p>\n\t<div class=\"img has-hover x md-x lg-x y md-y lg-y\" id=\"image_1763238339\">\n\t\t<a class=\"image-lightbox lightbox-gallery\" title=\"\" href=\"https:\/\/www.ibikecuneo.com\/wp-content\/uploads\/2022\/06\/img238-1024x630.jpg\">\t\t\t\t\t\t<div class=\"img-inner dark\" >\n\t\t\t<img width=\"1020\" height=\"628\" src=\"https:\/\/www.ibikecuneo.com\/wp-content\/uploads\/2022\/06\/img238-1024x630.jpg\" class=\"attachment-large size-large\" alt=\"\" decoding=\"async\" loading=\"lazy\" srcset=\"https:\/\/www.ibikecuneo.com\/wp-content\/uploads\/2022\/06\/img238-1024x630.jpg 1024w, https:\/\/www.ibikecuneo.com\/wp-content\/uploads\/2022\/06\/img238-300x185.jpg 300w, https:\/\/www.ibikecuneo.com\/wp-content\/uploads\/2022\/06\/img238-768x473.jpg 768w, https:\/\/www.ibikecuneo.com\/wp-content\/uploads\/2022\/06\/img238.jpg 1165w\" sizes=\"(max-width: 1020px) 100vw, 1020px\" \/>\t\t\t\t\t\t\n\t\t\t\t\t<\/div>\n\t\t\t\t\t\t<\/a>\t\t\n<style>\n#image_1763238339 {\n  width: 100%;\n}\n<\/style>\n\t<\/div>\n\t\n\n\n\t\t<\/div>\n\t\t\t\t\t<\/div>\n\n\t\n\n\t<div id=\"col-260760283\" class=\"col medium-4 large-4\"  >\n\t\t\t\t<div class=\"col-inner\"  >\n\t\t\t\n\t\t\t\n\n<div class=\"row row-collapse row-full-width\"  id=\"row-1917856472\">\n\n\n\t<div id=\"col-77159229\" class=\"col small-12 large-12\"  >\n\t\t\t\t<div class=\"col-inner\"  >\n\t\t\t\n\t\t\t\n\n\t<div id=\"text-3779902464\" class=\"text\">\n\t\t\n\n<h4>Cuneo und der Flusspark Gesso und Stura<\/h4>\n<h5>Segmenti<\/h5>\n\t\t\n<style>\n#text-3779902464 {\n  line-height: 1.2;\n}\n<\/style>\n\t<\/div>\n\t\n\t<div class=\"ux-menu stack stack-col justify-start ux-menu--divider-solid\">\n\t\t\n\n\t<div class=\"ux-menu-link flex menu-item\">\n\t\t<a class=\"ux-menu-link__link flex\" href=\"https:\/\/www.ibikecuneo.com\/percorsi\/alla-scoperta-di-cuneo-e-del-parco-fluviale-gesso-e-stura\/cuneo-citta\/\"  >\n\t\t\t\t\t\t<span class=\"ux-menu-link__text\">\n\t\t\t\tCuneo-Stadt\t\t\t<\/span>\n\t\t<\/a>\n\t<\/div>\n\t\n\n\t<div class=\"ux-menu-link flex menu-item\">\n\t\t<a class=\"ux-menu-link__link flex\" href=\"https:\/\/www.ibikecuneo.com\/percorsi\/alla-scoperta-di-cuneo-e-del-parco-fluviale-gesso-e-stura\/parco-fluviale-gesso-e-stura\/\"  >\n\t\t\t\t\t\t<span class=\"ux-menu-link__text\">\n\t\t\t\tFlusspark Gesso und Stura\t\t\t<\/span>\n\t\t<\/a>\n\t<\/div>\n\t\n\n\t<div class=\"ux-menu-link flex menu-item\">\n\t\t<a class=\"ux-menu-link__link flex\" href=\"https:\/\/www.ibikecuneo.com\/percorsi\/alla-scoperta-di-cuneo-e-del-parco-fluviale-gesso-e-stura\/la-casa-del-fiume\/\"  >\n\t\t\t\t\t\t<span class=\"ux-menu-link__text\">\n\t\t\t\tCasa del Fiume\t\t\t<\/span>\n\t\t<\/a>\n\t<\/div>\n\t\n\n\t<div class=\"ux-menu-link flex menu-item\">\n\t\t<a class=\"ux-menu-link__link flex\" href=\"https:\/\/www.ibikecuneo.com\/percorsi\/alla-scoperta-di-cuneo-e-del-parco-fluviale-gesso-e-stura\/borgo-san-dalmazzo\/\"  >\n\t\t\t\t\t\t<span class=\"ux-menu-link__text\">\n\t\t\t\tBorgo San Dalmazzo\t\t\t<\/span>\n\t\t<\/a>\n\t<\/div>\n\t\n\n\t<div class=\"ux-menu-link flex menu-item\">\n\t\t<a class=\"ux-menu-link__link flex\" href=\"https:\/\/www.ibikecuneo.com\/percorsi\/alla-scoperta-di-cuneo-e-del-parco-fluviale-gesso-e-stura\/cuneo-e-il-suo-boulevard\/\"  >\n\t\t\t\t\t\t<span class=\"ux-menu-link__text\">\n\t\t\t\tDer Boulevard von Cuneo\t\t\t<\/span>\n\t\t<\/a>\n\t<\/div>\n\t\n\n\n\t<\/div>\n\t\n<div class=\"text-center\"><div class=\"is-divider divider clearfix\" style=\"background-color:rgb(0, 162, 157);\"><\/div><\/div>\n\n\t<div id=\"text-334241065\" class=\"text\">\n\t\t\n\n<h4>Andere Routen<\/h4>\n\t\t\n<style>\n#text-334241065 {\n  line-height: 1.2;\n}\n<\/style>\n\t<\/div>\n\t\n\t<div class=\"ux-menu stack stack-col justify-start ux-menu--divider-solid\">\n\t\t\n\n\t<div class=\"ux-menu-link flex menu-item\">\n\t\t<a class=\"ux-menu-link__link flex\" href=\"https:\/\/www.ibikecuneo.com\/percorsi\/pedalare-tra-arte-e-natura-cuneo-valle-grana-e-valle-maira\/\"  >\n\t\t\t\t\t\t<span class=\"ux-menu-link__text\">\n\t\t\t\tEine Radtour im Zeichen von Kunst und Natur: Cuneo, Grana-Tal und Maira-Tal\t\t\t<\/span>\n\t\t<\/a>\n\t<\/div>\n\t\n\n\t<div class=\"ux-menu-link flex menu-item\">\n\t\t<a class=\"ux-menu-link__link flex\" href=\"https:\/\/www.ibikecuneo.com\/percorsi\/da-cuneo-alle-terme-di-valdieri-pedalare-tra-natura-e-benessere\/\"  >\n\t\t\t\t\t\t<span class=\"ux-menu-link__text\">\n\t\t\t\tVon Cuneo zu den Thermen von Valdieri, eine Radtour zwischen Natur und Wellness\t\t\t<\/span>\n\t\t<\/a>\n\t<\/div>\n\t\n\n\t<div class=\"ux-menu-link flex menu-item\">\n\t\t<a class=\"ux-menu-link__link flex\" href=\"https:\/\/www.ibikecuneo.com\/percorsi\/in-bicicletta-tra-cuneo-mondovi-vicoforte-e-chiusa-di-pesio\/\"  >\n\t\t\t\t\t\t<span class=\"ux-menu-link__text\">\n\t\t\t\tEine Radtour von Cuneo nach Mondov\u00ec, Vicoforte und Chiusa di Pesio\t\t\t<\/span>\n\t\t<\/a>\n\t<\/div>\n\t\n\n\t<div class=\"ux-menu-link flex menu-item\">\n\t\t<a class=\"ux-menu-link__link flex\" href=\"https:\/\/www.ibikecuneo.com\"  >\n\t\t\t\t\t\t<span class=\"ux-menu-link__text\">\n\t\t\t\tPercorso 5\t\t\t<\/span>\n\t\t<\/a>\n\t<\/div>\n\t\n\n\n\t<\/div>\n\t\n\n\t\t<\/div>\n\t\t\t\t\t<\/div>\n\n\t\n\n<\/div>\n\n\n\n\n\t\t<\/div>\n\t\t\t\t\t<\/div>\n\n\t\n\n<\/div>\n\n\t\t<\/div>\n\n\t\t\n<style>\n#section_381736618 {\n  padding-top: 30px;\n  padding-bottom: 30px;\n}\n#section_381736618 .ux-shape-divider--top svg {\n  height: 150px;\n  --divider-top-width: 100%;\n}\n#section_381736618 .ux-shape-divider--bottom svg {\n  height: 150px;\n  --divider-width: 100%;\n}\n<\/style>\n\t<\/section>\n\t\n\n","protected":false},"excerpt":{"rendered":"","protected":false},"author":1,"featured_media":286,"parent":993,"menu_order":2,"comment_status":"closed","ping_status":"closed","template":"","meta":[],"_links":{"self":[{"href":"https:\/\/www.ibikecuneo.com\/de\/wp-json\/wp\/v2\/pages\/999"}],"collection":[{"href":"https:\/\/www.ibikecuneo.com\/de\/wp-json\/wp\/v2\/pages"}],"about":[{"href":"https:\/\/www.ibikecuneo.com\/de\/wp-json\/wp\/v2\/types\/page"}],"author":[{"embeddable":true,"href":"https:\/\/www.ibikecuneo.com\/de\/wp-json\/wp\/v2\/users\/1"}],"replies":[{"embeddable":true,"href":"https:\/\/www.ibikecuneo.com\/de\/wp-json\/wp\/v2\/comments?post=999"}],"version-history":[{"count":1,"href":"https:\/\/www.ibikecuneo.com\/de\/wp-json\/wp\/v2\/pages\/999\/revisions"}],"predecessor-version":[{"id":1000,"href":"https:\/\/www.ibikecuneo.com\/de\/wp-json\/wp\/v2\/pages\/999\/revisions\/1000"}],"up":[{"embeddable":true,"href":"https:\/\/www.ibikecuneo.com\/de\/wp-json\/wp\/v2\/pages\/993"}],"wp:featuredmedia":[{"embeddable":true,"href":"https:\/\/www.ibikecuneo.com\/de\/wp-json\/wp\/v2\/media\/286"}],"wp:attachment":[{"href":"https:\/\/www.ibikecuneo.com\/de\/wp-json\/wp\/v2\/media?parent=999"}],"curies":[{"name":"wp","href":"https:\/\/api.w.org\/{rel}","templated":true}]}}

<div id="page-header-969645994" class="page-header-wrapper">
  <div class="page-title dark featured-title">

        <div class="page-title-bg">
      <div class="title-bg fill bg-fill"
        data-parallax-container=".page-title"
        data-parallax-background
        data-parallax="-">
      </div>
      <div class="title-overlay fill"></div>
    </div>
    
    <div class="page-title-inner container align-center flex-row medium-flex-wrap" >
              <div class="title-wrapper flex-col text-left medium-text-center">
          <h1 class="entry-title mb-0">
            Flusspark Gesso und Stura          </h1>
        </div>
                    <div class="title-content flex-col flex-right text-right medium-text-center">
        <div class="title-breadcrumbs pb-half pt-half"></div>      </div>
    </div>

     
<style>
#page-header-969645994 .page-title-inner {
  min-height: 160px;
}
#page-header-969645994 .title-bg {
  background-image: url(https://www.ibikecuneo.com/wp-content/uploads/2022/06/img238.jpg);
}
#page-header-969645994 .title-overlay {
  background-color: rgba(0,0,0,.5);
}
</style>
  </div>
    </div>
  

	<section class="section" id="section_381736618">
		<div class="bg section-bg fill bg-fill  bg-loaded" >

			
			
			

		</div>

		

		<div class="section-content relative">
			

<div class="row row-large row-divided"  id="row-198598008">


	<div id="col-114584123" class="col medium-8 large-8"  >
				<div class="col-inner"  >
			
			

<p>Cuneo gilt aufgrund seiner zahlreichen Parks und Gärten als die „grüne Hauptstadt“ des Piemonts. Die grüne Lunge der Stadt ist der weitläufige Flusspark Gesso e Stura, den man mit dem Fahrrad auf einer einfachen Strecke vom Zentrum erreichen kann, die auch für Kinder geeignet ist.</p>
<p>Der Weg ist mit Etappen und didaktischen Hinweisen versehen und führt von der Altstadt auf einem gut befestigtenSchotterwegdurcheinegrüneNaturlandschaft.</p>
<p>Idealerweise legt man die Strecke zum Flusspark Gesso und Stura im Uhrzeigersinn zurück. Von der Altstadt Cuneos aus folgt man zunächst ab dem Corso Guglielmo Marconi der leicht abschüssigen Allee Via Porta Mondovì. Wer die Abfahrt (bzw. Auffahrt) nicht direkt mit dem Fahrrad zurücklegen will, kann auch den Panoramaaufzug am Beginn des Corso Marconi nehmen. Das Fahrrad kann kostenlos mitgenommen werden und man legt die 27 m Höhenunterschied in 45 Sekunden zurück.</p>
	<div class="img has-hover x md-x lg-x y md-y lg-y" id="image_1763238339">
		<a class="image-lightbox lightbox-gallery" title="" href="https://www.ibikecuneo.com/wp-content/uploads/2022/06/img238-1024x630.jpg">						<div class="img-inner dark" >
			<img width="1020" height="628" src="https://www.ibikecuneo.com/wp-content/uploads/2022/06/img238-1024x630.jpg" class="attachment-large size-large" alt="" decoding="async" loading="lazy" srcset="https://www.ibikecuneo.com/wp-content/uploads/2022/06/img238-1024x630.jpg 1024w, https://www.ibikecuneo.com/wp-content/uploads/2022/06/img238-300x185.jpg 300w, https://www.ibikecuneo.com/wp-content/uploads/2022/06/img238-768x473.jpg 768w, https://www.ibikecuneo.com/wp-content/uploads/2022/06/img238.jpg 1165w" sizes="(max-width: 1020px) 100vw, 1020px" />						
					</div>
						</a>		
<style>
#image_1763238339 {
  width: 100%;
}
</style>
	</div>
	


		</div>
					</div>

	

	<div id="col-260760283" class="col medium-4 large-4"  >
				<div class="col-inner"  >
			
			

<div class="row row-collapse row-full-width"  id="row-1917856472">


	<div id="col-77159229" class="col small-12 large-12"  >
				<div class="col-inner"  >
			
			

	<div id="text-3779902464" class="text">
		

<h4>Cuneo und der Flusspark Gesso und Stura</h4>
<h5>Segmenti</h5>
		
<style>
#text-3779902464 {
  line-height: 1.2;
}
</style>
	</div>
	
	<div class="ux-menu stack stack-col justify-start ux-menu--divider-solid">
		

	<div class="ux-menu-link flex menu-item">
		<a class="ux-menu-link__link flex" href="https://www.ibikecuneo.com/percorsi/alla-scoperta-di-cuneo-e-del-parco-fluviale-gesso-e-stura/cuneo-citta/"  >
						<span class="ux-menu-link__text">
				Cuneo-Stadt			</span>
		</a>
	</div>
	

	<div class="ux-menu-link flex menu-item">
		<a class="ux-menu-link__link flex" href="https://www.ibikecuneo.com/percorsi/alla-scoperta-di-cuneo-e-del-parco-fluviale-gesso-e-stura/parco-fluviale-gesso-e-stura/"  >
						<span class="ux-menu-link__text">
				Flusspark Gesso und Stura			</span>
		</a>
	</div>
	

	<div class="ux-menu-link flex menu-item">
		<a class="ux-menu-link__link flex" href="https://www.ibikecuneo.com/percorsi/alla-scoperta-di-cuneo-e-del-parco-fluviale-gesso-e-stura/la-casa-del-fiume/"  >
						<span class="ux-menu-link__text">
				Casa del Fiume			</span>
		</a>
	</div>
	

	<div class="ux-menu-link flex menu-item">
		<a class="ux-menu-link__link flex" href="https://www.ibikecuneo.com/percorsi/alla-scoperta-di-cuneo-e-del-parco-fluviale-gesso-e-stura/borgo-san-dalmazzo/"  >
						<span class="ux-menu-link__text">
				Borgo San Dalmazzo			</span>
		</a>
	</div>
	

	<div class="ux-menu-link flex menu-item">
		<a class="ux-menu-link__link flex" href="https://www.ibikecuneo.com/percorsi/alla-scoperta-di-cuneo-e-del-parco-fluviale-gesso-e-stura/cuneo-e-il-suo-boulevard/"  >
						<span class="ux-menu-link__text">
				Der Boulevard von Cuneo			</span>
		</a>
	</div>
	


	</div>
	
<div class="text-center"><div class="is-divider divider clearfix" style="background-color:rgb(0, 162, 157);"></div></div>

	<div id="text-334241065" class="text">
		

<h4>Andere Routen</h4>
		
<style>
#text-334241065 {
  line-height: 1.2;
}
</style>
	</div>
	
	<div class="ux-menu stack stack-col justify-start ux-menu--divider-solid">
		

	<div class="ux-menu-link flex menu-item">
		<a class="ux-menu-link__link flex" href="https://www.ibikecuneo.com/percorsi/pedalare-tra-arte-e-natura-cuneo-valle-grana-e-valle-maira/"  >
						<span class="ux-menu-link__text">
				Eine Radtour im Zeichen von Kunst und Natur: Cuneo, Grana-Tal und Maira-Tal			</span>
		</a>
	</div>
	

	<div class="ux-menu-link flex menu-item">
		<a class="ux-menu-link__link flex" href="https://www.ibikecuneo.com/percorsi/da-cuneo-alle-terme-di-valdieri-pedalare-tra-natura-e-benessere/"  >
						<span class="ux-menu-link__text">
				Von Cuneo zu den Thermen von Valdieri, eine Radtour zwischen Natur und Wellness			</span>
		</a>
	</div>
	

	<div class="ux-menu-link flex menu-item">
		<a class="ux-menu-link__link flex" href="https://www.ibikecuneo.com/percorsi/in-bicicletta-tra-cuneo-mondovi-vicoforte-e-chiusa-di-pesio/"  >
						<span class="ux-menu-link__text">
				Eine Radtour von Cuneo nach Mondovì, Vicoforte und Chiusa di Pesio			</span>
		</a>
	</div>
	

	<div class="ux-menu-link flex menu-item">
		<a class="ux-menu-link__link flex" href="https://www.ibikecuneo.com"  >
						<span class="ux-menu-link__text">
				Percorso 5			</span>
		</a>
	</div>
	


	</div>
	

		</div>
					</div>

	

</div>




		</div>
					</div>

	

</div>

		</div>

		
<style>
#section_381736618 {
  padding-top: 30px;
  padding-bottom: 30px;
}
#section_381736618 .ux-shape-divider--top svg {
  height: 150px;
  --divider-top-width: 100%;
}
#section_381736618 .ux-shape-divider--bottom svg {
  height: 150px;
  --divider-width: 100%;
}
</style>
	</section>
