{"id":1106,"date":"2022-06-16T15:43:34","date_gmt":"2022-06-16T15:43:34","guid":{"rendered":"https:\/\/www.ibikecuneo.com\/a-la-decouverte-de-coni-et-du-parc-fluvial-gesso-et-stura\/coni-et-son-boulevard\/"},"modified":"2023-02-06T08:36:38","modified_gmt":"2023-02-06T08:36:38","slug":"coni-et-son-boulevard","status":"publish","type":"page","link":"https:\/\/www.ibikecuneo.com\/fr\/routes\/a-la-decouverte-de-coni-et-du-parc-fluvial-gesso-et-stura\/coni-et-son-boulevard\/","title":{"rendered":"Coni et son boulevard"},"content":{"rendered":"\n  <div id=\"page-header-1844612650\" class=\"page-header-wrapper\">\n  <div class=\"page-title dark featured-title\">\n\n        <div class=\"page-title-bg\">\n      <div class=\"title-bg fill bg-fill\"\n        data-parallax-container=\".page-title\"\n        data-parallax-background\n        data-parallax=\"-\">\n      <\/div>\n      <div class=\"title-overlay fill\"><\/div>\n    <\/div>\n    \n    <div class=\"page-title-inner container align-center flex-row medium-flex-wrap\" >\n              <div class=\"title-wrapper flex-col text-left medium-text-center\">\n          <h1 class=\"entry-title mb-0\">\n            Coni et son boulevard          <\/h1>\n        <\/div>\n                    <div class=\"title-content flex-col flex-right text-right medium-text-center\">\n        <div class=\"title-breadcrumbs pb-half pt-half\"><\/div>      <\/div>\n    <\/div>\n\n     \n<style>\n#page-header-1844612650 .page-title-inner {\n  min-height: 160px;\n}\n#page-header-1844612650 .title-bg {\n  background-image: url(https:\/\/www.ibikecuneo.com\/wp-content\/uploads\/2022\/06\/img264.jpg);\n}\n#page-header-1844612650 .title-overlay {\n  background-color: rgba(0,0,0,.5);\n}\n<\/style>\n  <\/div>\n    <\/div>\n  \n\n\t<section class=\"section\" id=\"section_1831592927\">\n\t\t<div class=\"bg section-bg fill bg-fill  bg-loaded\" >\n\n\t\t\t\n\t\t\t\n\t\t\t\n\n\t\t<\/div>\n\n\t\t\n\n\t\t<div class=\"section-content relative\">\n\t\t\t\n\n<div class=\"row row-large row-divided\"  id=\"row-530776047\">\n\n\n\t<div id=\"col-992079289\" class=\"col medium-8 large-8\"  >\n\t\t\t\t<div class=\"col-inner\"  >\n\t\t\t\n\t\t\t\n\n<p>\u00c0 la fin de l\u2019itin\u00e9raire, l\u2019entr\u00e9e dans la ville de Coni prend un aspect triomphal : sur la selle de nos v\u00e9los, nous parcourons les 3 kilom\u00e8tres du c\u00e9l\u00e8bre Viale degli Angeli. Construite au milieu du XVIIIe si\u00e8cle avec une structure rappelant les boulevards fran\u00e7ais, l\u2019avenue bord\u00e9e d\u2019arbres est parsem\u00e9e de belles villas et, depuis qu\u2019elle est partiellement pi\u00e9tonni\u00e8re, elle est devenue un lieu de promenade pour les habitants, tout particuli\u00e8rement le dimanche. L\u2019avenue tire son nom du joli Sanctuaire de la Madonna degli Angeli, d\u2019o\u00f9 l\u2019on repart pour arriver dans le centre. <\/p>\n\t<div class=\"img has-hover x md-x lg-x y md-y lg-y\" id=\"image_95170301\">\n\t\t<a class=\"image-lightbox lightbox-gallery\" title=\"\" href=\"https:\/\/www.ibikecuneo.com\/wp-content\/uploads\/2022\/06\/img264-725x1024.jpg\">\t\t\t\t\t\t<div class=\"img-inner dark\" >\n\t\t\t<img width=\"725\" height=\"1024\" src=\"https:\/\/www.ibikecuneo.com\/wp-content\/uploads\/2022\/06\/img264-725x1024.jpg\" class=\"attachment-large size-large\" alt=\"\" decoding=\"async\" loading=\"lazy\" srcset=\"https:\/\/www.ibikecuneo.com\/wp-content\/uploads\/2022\/06\/img264-725x1024.jpg 725w, https:\/\/www.ibikecuneo.com\/wp-content\/uploads\/2022\/06\/img264-212x300.jpg 212w, https:\/\/www.ibikecuneo.com\/wp-content\/uploads\/2022\/06\/img264-768x1085.jpg 768w, https:\/\/www.ibikecuneo.com\/wp-content\/uploads\/2022\/06\/img264-1087x1536.jpg 1087w, https:\/\/www.ibikecuneo.com\/wp-content\/uploads\/2022\/06\/img264.jpg 1241w\" sizes=\"(max-width: 725px) 100vw, 725px\" \/>\t\t\t\t\t\t\n\t\t\t\t\t<\/div>\n\t\t\t\t\t\t<\/a>\t\t\n<style>\n#image_95170301 {\n  width: 100%;\n}\n<\/style>\n\t<\/div>\n\t\n\n<div class=\"text-center\"><div class=\"is-divider divider clearfix\" style=\"margin-top:1.8em;margin-bottom:1.8em;max-width:68px;\"><\/div><\/div>\n\n<p>Les services offerts par le Parc fluvial sont multiples. Les services offerts par le Parc fluvial sont multiples. Ils comprennent la location de v\u00e9los et un petit parc \u00e0 v\u00e9los indiqu\u00e9 \u00e9galement pour les moins exp\u00e9riment\u00e9s.<\/p>\n\t<div class=\"img has-hover x md-x lg-x y md-y lg-y\" id=\"image_1113182421\">\n\t\t<a class=\"image-lightbox lightbox-gallery\" title=\"\" href=\"https:\/\/www.ibikecuneo.com\/wp-content\/uploads\/2023\/02\/viale-angeli-Daniele-Molineris-683x1024.jpg\">\t\t\t\t\t\t<div class=\"img-inner dark\" >\n\t\t\t<img width=\"683\" height=\"1024\" src=\"https:\/\/www.ibikecuneo.com\/wp-content\/uploads\/2023\/02\/viale-angeli-Daniele-Molineris-683x1024.jpg\" class=\"attachment-large size-large\" alt=\"\" decoding=\"async\" loading=\"lazy\" srcset=\"https:\/\/www.ibikecuneo.com\/wp-content\/uploads\/2023\/02\/viale-angeli-Daniele-Molineris-683x1024.jpg 683w, https:\/\/www.ibikecuneo.com\/wp-content\/uploads\/2023\/02\/viale-angeli-Daniele-Molineris-200x300.jpg 200w, https:\/\/www.ibikecuneo.com\/wp-content\/uploads\/2023\/02\/viale-angeli-Daniele-Molineris-768x1152.jpg 768w, https:\/\/www.ibikecuneo.com\/wp-content\/uploads\/2023\/02\/viale-angeli-Daniele-Molineris-1024x1536.jpg 1024w, https:\/\/www.ibikecuneo.com\/wp-content\/uploads\/2023\/02\/viale-angeli-Daniele-Molineris-1366x2048.jpg 1366w, https:\/\/www.ibikecuneo.com\/wp-content\/uploads\/2023\/02\/viale-angeli-Daniele-Molineris.jpg 1575w\" sizes=\"(max-width: 683px) 100vw, 683px\" \/>\t\t\t\t\t\t\n\t\t\t\t\t<\/div>\n\t\t\t\t\t\t<\/a>\t\t\n<style>\n#image_1113182421 {\n  width: 100%;\n}\n<\/style>\n\t<\/div>\n\t\n\n\n\t\t<\/div>\n\t\t\t\t\t<\/div>\n\n\t\n\n\t<div id=\"col-39271391\" class=\"col medium-4 large-4\"  >\n\t\t\t\t<div class=\"col-inner\"  >\n\t\t\t\n\t\t\t\n\n<div class=\"row row-collapse row-full-width\"  id=\"row-2074960897\">\n\n\n\t<div id=\"col-1583771882\" class=\"col small-12 large-12\"  >\n\t\t\t\t<div class=\"col-inner\"  >\n\t\t\t\n\t\t\t\n\n\t<div id=\"text-554715329\" class=\"text\">\n\t\t\n\n<h4>\u00c0 la d\u00e9couverte de Coni et du Parc fluvial Gesso et Stura<\/h4>\n<h5>Segmenti<\/h5>\n\t\t\n<style>\n#text-554715329 {\n  line-height: 1.2;\n}\n<\/style>\n\t<\/div>\n\t\n\t<div class=\"ux-menu stack stack-col justify-start ux-menu--divider-solid\">\n\t\t\n\n\t<div class=\"ux-menu-link flex menu-item\">\n\t\t<a class=\"ux-menu-link__link flex\" href=\"https:\/\/www.ibikecuneo.com\/percorsi\/alla-scoperta-di-cuneo-e-del-parco-fluviale-gesso-e-stura\/cuneo-citta\/\"  >\n\t\t\t\t\t\t<span class=\"ux-menu-link__text\">\n\t\t\t\tVille de Coni\t\t\t<\/span>\n\t\t<\/a>\n\t<\/div>\n\t\n\n\t<div class=\"ux-menu-link flex menu-item\">\n\t\t<a class=\"ux-menu-link__link flex\" href=\"https:\/\/www.ibikecuneo.com\/percorsi\/alla-scoperta-di-cuneo-e-del-parco-fluviale-gesso-e-stura\/parco-fluviale-gesso-e-stura\/\"  >\n\t\t\t\t\t\t<span class=\"ux-menu-link__text\">\n\t\t\t\tParc fluvial Gesso et Stura\t\t\t<\/span>\n\t\t<\/a>\n\t<\/div>\n\t\n\n\t<div class=\"ux-menu-link flex menu-item\">\n\t\t<a class=\"ux-menu-link__link flex\" href=\"https:\/\/www.ibikecuneo.com\/percorsi\/alla-scoperta-di-cuneo-e-del-parco-fluviale-gesso-e-stura\/la-casa-del-fiume\/\"  >\n\t\t\t\t\t\t<span class=\"ux-menu-link__text\">\n\t\t\t\tLa Casa del fiume (la Maison de la rivi\u00e8re)\t\t\t<\/span>\n\t\t<\/a>\n\t<\/div>\n\t\n\n\t<div class=\"ux-menu-link flex menu-item\">\n\t\t<a class=\"ux-menu-link__link flex\" href=\"https:\/\/www.ibikecuneo.com\/percorsi\/alla-scoperta-di-cuneo-e-del-parco-fluviale-gesso-e-stura\/borgo-san-dalmazzo\/\"  >\n\t\t\t\t\t\t<span class=\"ux-menu-link__text\">\n\t\t\t\tBorgo San Dalmazzo\t\t\t<\/span>\n\t\t<\/a>\n\t<\/div>\n\t\n\n\t<div class=\"ux-menu-link flex menu-item\">\n\t\t<a class=\"ux-menu-link__link flex\" href=\"https:\/\/www.ibikecuneo.com\/percorsi\/alla-scoperta-di-cuneo-e-del-parco-fluviale-gesso-e-stura\/cuneo-e-il-suo-boulevard\/\"  >\n\t\t\t\t\t\t<span class=\"ux-menu-link__text\">\n\t\t\t\tConi et son boulevard\t\t\t<\/span>\n\t\t<\/a>\n\t<\/div>\n\t\n\n\n\t<\/div>\n\t\n<div class=\"text-center\"><div class=\"is-divider divider clearfix\" style=\"background-color:rgb(0, 162, 157);\"><\/div><\/div>\n\n\t<div id=\"text-873682448\" class=\"text\">\n\t\t\n\n<h4>Autres itin\u00e9raires<\/h4>\n\t\t\n<style>\n#text-873682448 {\n  line-height: 1.2;\n}\n<\/style>\n\t<\/div>\n\t\n\t<div class=\"ux-menu stack stack-col justify-start ux-menu--divider-solid\">\n\t\t\n\n\t<div class=\"ux-menu-link flex menu-item\">\n\t\t<a class=\"ux-menu-link__link flex\" href=\"https:\/\/www.ibikecuneo.com\/percorsi\/pedalare-tra-arte-e-natura-cuneo-valle-grana-e-valle-maira\/\"  >\n\t\t\t\t\t\t<span class=\"ux-menu-link__text\">\n\t\t\t\tP\u00e9daler entre art et nature: Coni, le Val Grana et le Val Maira\t\t\t<\/span>\n\t\t<\/a>\n\t<\/div>\n\t\n\n\t<div class=\"ux-menu-link flex menu-item\">\n\t\t<a class=\"ux-menu-link__link flex\" href=\"https:\/\/www.ibikecuneo.com\/percorsi\/da-cuneo-alle-terme-di-valdieri-pedalare-tra-natura-e-benessere\/\"  >\n\t\t\t\t\t\t<span class=\"ux-menu-link__text\">\n\t\t\t\tDe Coni aux Thermes de Valdieri, rouler \u00e0 v\u00e9lo entre nature et bien-\u00eatre\t\t\t<\/span>\n\t\t<\/a>\n\t<\/div>\n\t\n\n\t<div class=\"ux-menu-link flex menu-item\">\n\t\t<a class=\"ux-menu-link__link flex\" href=\"https:\/\/www.ibikecuneo.com\/percorsi\/in-bicicletta-tra-cuneo-mondovi-vicoforte-e-chiusa-di-pesio\/\"  >\n\t\t\t\t\t\t<span class=\"ux-menu-link__text\">\n\t\t\t\t\u00c0 v\u00e9lo entre Coni, Mondovi, Vicoforte et Chiusa di Pesio\t\t\t<\/span>\n\t\t<\/a>\n\t<\/div>\n\t\n\n\t<div class=\"ux-menu-link flex menu-item\">\n\t\t<a class=\"ux-menu-link__link flex\" href=\"https:\/\/www.ibikecuneo.com\"  >\n\t\t\t\t\t\t<span class=\"ux-menu-link__text\">\n\t\t\t\tPercorso 5\t\t\t<\/span>\n\t\t<\/a>\n\t<\/div>\n\t\n\n\n\t<\/div>\n\t\n\n\t\t<\/div>\n\t\t\t\t\t<\/div>\n\n\t\n\n<\/div>\n\n\n\n\n\t\t<\/div>\n\t\t\t\t\t<\/div>\n\n\t\n\n<\/div>\n\n\t\t<\/div>\n\n\t\t\n<style>\n#section_1831592927 {\n  padding-top: 30px;\n  padding-bottom: 30px;\n}\n#section_1831592927 .ux-shape-divider--top svg {\n  height: 150px;\n  --divider-top-width: 100%;\n}\n#section_1831592927 .ux-shape-divider--bottom svg {\n  height: 150px;\n  --divider-width: 100%;\n}\n<\/style>\n\t<\/section>\n\t\n\n","protected":false},"excerpt":{"rendered":"","protected":false},"author":1,"featured_media":297,"parent":1095,"menu_order":5,"comment_status":"closed","ping_status":"closed","template":"","meta":[],"_links":{"self":[{"href":"https:\/\/www.ibikecuneo.com\/fr\/wp-json\/wp\/v2\/pages\/1106"}],"collection":[{"href":"https:\/\/www.ibikecuneo.com\/fr\/wp-json\/wp\/v2\/pages"}],"about":[{"href":"https:\/\/www.ibikecuneo.com\/fr\/wp-json\/wp\/v2\/types\/page"}],"author":[{"embeddable":true,"href":"https:\/\/www.ibikecuneo.com\/fr\/wp-json\/wp\/v2\/users\/1"}],"replies":[{"embeddable":true,"href":"https:\/\/www.ibikecuneo.com\/fr\/wp-json\/wp\/v2\/comments?post=1106"}],"version-history":[{"count":2,"href":"https:\/\/www.ibikecuneo.com\/fr\/wp-json\/wp\/v2\/pages\/1106\/revisions"}],"predecessor-version":[{"id":1872,"href":"https:\/\/www.ibikecuneo.com\/fr\/wp-json\/wp\/v2\/pages\/1106\/revisions\/1872"}],"up":[{"embeddable":true,"href":"https:\/\/www.ibikecuneo.com\/fr\/wp-json\/wp\/v2\/pages\/1095"}],"wp:featuredmedia":[{"embeddable":true,"href":"https:\/\/www.ibikecuneo.com\/fr\/wp-json\/wp\/v2\/media\/297"}],"wp:attachment":[{"href":"https:\/\/www.ibikecuneo.com\/fr\/wp-json\/wp\/v2\/media?parent=1106"}],"curies":[{"name":"wp","href":"https:\/\/api.w.org\/{rel}","templated":true}]}}

<div id="page-header-1844612650" class="page-header-wrapper">
  <div class="page-title dark featured-title">

        <div class="page-title-bg">
      <div class="title-bg fill bg-fill"
        data-parallax-container=".page-title"
        data-parallax-background
        data-parallax="-">
      </div>
      <div class="title-overlay fill"></div>
    </div>
    
    <div class="page-title-inner container align-center flex-row medium-flex-wrap" >
              <div class="title-wrapper flex-col text-left medium-text-center">
          <h1 class="entry-title mb-0">
            Coni et son boulevard          </h1>
        </div>
                    <div class="title-content flex-col flex-right text-right medium-text-center">
        <div class="title-breadcrumbs pb-half pt-half"></div>      </div>
    </div>

     
<style>
#page-header-1844612650 .page-title-inner {
  min-height: 160px;
}
#page-header-1844612650 .title-bg {
  background-image: url(https://www.ibikecuneo.com/wp-content/uploads/2022/06/img264.jpg);
}
#page-header-1844612650 .title-overlay {
  background-color: rgba(0,0,0,.5);
}
</style>
  </div>
    </div>
  

	<section class="section" id="section_1831592927">
		<div class="bg section-bg fill bg-fill  bg-loaded" >

			
			
			

		</div>

		

		<div class="section-content relative">
			

<div class="row row-large row-divided"  id="row-530776047">


	<div id="col-992079289" class="col medium-8 large-8"  >
				<div class="col-inner"  >
			
			

<p>À la fin de l’itinéraire, l’entrée dans la ville de Coni prend un aspect triomphal : sur la selle de nos vélos, nous parcourons les 3 kilomètres du célèbre Viale degli Angeli. Construite au milieu du XVIIIe siècle avec une structure rappelant les boulevards français, l’avenue bordée d’arbres est parsemée de belles villas et, depuis qu’elle est partiellement piétonnière, elle est devenue un lieu de promenade pour les habitants, tout particulièrement le dimanche. L’avenue tire son nom du joli Sanctuaire de la Madonna degli Angeli, d’où l’on repart pour arriver dans le centre. </p>
	<div class="img has-hover x md-x lg-x y md-y lg-y" id="image_95170301">
		<a class="image-lightbox lightbox-gallery" title="" href="https://www.ibikecuneo.com/wp-content/uploads/2022/06/img264-725x1024.jpg">						<div class="img-inner dark" >
			<img width="725" height="1024" src="https://www.ibikecuneo.com/wp-content/uploads/2022/06/img264-725x1024.jpg" class="attachment-large size-large" alt="" decoding="async" loading="lazy" srcset="https://www.ibikecuneo.com/wp-content/uploads/2022/06/img264-725x1024.jpg 725w, https://www.ibikecuneo.com/wp-content/uploads/2022/06/img264-212x300.jpg 212w, https://www.ibikecuneo.com/wp-content/uploads/2022/06/img264-768x1085.jpg 768w, https://www.ibikecuneo.com/wp-content/uploads/2022/06/img264-1087x1536.jpg 1087w, https://www.ibikecuneo.com/wp-content/uploads/2022/06/img264.jpg 1241w" sizes="(max-width: 725px) 100vw, 725px" />						
					</div>
						</a>		
<style>
#image_95170301 {
  width: 100%;
}
</style>
	</div>
	

<div class="text-center"><div class="is-divider divider clearfix" style="margin-top:1.8em;margin-bottom:1.8em;max-width:68px;"></div></div>

<p>Les services offerts par le Parc fluvial sont multiples. Les services offerts par le Parc fluvial sont multiples. Ils comprennent la location de vélos et un petit parc à vélos indiqué également pour les moins expérimentés.</p>
	<div class="img has-hover x md-x lg-x y md-y lg-y" id="image_1113182421">
		<a class="image-lightbox lightbox-gallery" title="" href="https://www.ibikecuneo.com/wp-content/uploads/2023/02/viale-angeli-Daniele-Molineris-683x1024.jpg">						<div class="img-inner dark" >
			<img width="683" height="1024" src="https://www.ibikecuneo.com/wp-content/uploads/2023/02/viale-angeli-Daniele-Molineris-683x1024.jpg" class="attachment-large size-large" alt="" decoding="async" loading="lazy" srcset="https://www.ibikecuneo.com/wp-content/uploads/2023/02/viale-angeli-Daniele-Molineris-683x1024.jpg 683w, https://www.ibikecuneo.com/wp-content/uploads/2023/02/viale-angeli-Daniele-Molineris-200x300.jpg 200w, https://www.ibikecuneo.com/wp-content/uploads/2023/02/viale-angeli-Daniele-Molineris-768x1152.jpg 768w, https://www.ibikecuneo.com/wp-content/uploads/2023/02/viale-angeli-Daniele-Molineris-1024x1536.jpg 1024w, https://www.ibikecuneo.com/wp-content/uploads/2023/02/viale-angeli-Daniele-Molineris-1366x2048.jpg 1366w, https://www.ibikecuneo.com/wp-content/uploads/2023/02/viale-angeli-Daniele-Molineris.jpg 1575w" sizes="(max-width: 683px) 100vw, 683px" />						
					</div>
						</a>		
<style>
#image_1113182421 {
  width: 100%;
}
</style>
	</div>
	


		</div>
					</div>

	

	<div id="col-39271391" class="col medium-4 large-4"  >
				<div class="col-inner"  >
			
			

<div class="row row-collapse row-full-width"  id="row-2074960897">


	<div id="col-1583771882" class="col small-12 large-12"  >
				<div class="col-inner"  >
			
			

	<div id="text-554715329" class="text">
		

<h4>À la découverte de Coni et du Parc fluvial Gesso et Stura</h4>
<h5>Segmenti</h5>
		
<style>
#text-554715329 {
  line-height: 1.2;
}
</style>
	</div>
	
	<div class="ux-menu stack stack-col justify-start ux-menu--divider-solid">
		

	<div class="ux-menu-link flex menu-item">
		<a class="ux-menu-link__link flex" href="https://www.ibikecuneo.com/percorsi/alla-scoperta-di-cuneo-e-del-parco-fluviale-gesso-e-stura/cuneo-citta/"  >
						<span class="ux-menu-link__text">
				Ville de Coni			</span>
		</a>
	</div>
	

	<div class="ux-menu-link flex menu-item">
		<a class="ux-menu-link__link flex" href="https://www.ibikecuneo.com/percorsi/alla-scoperta-di-cuneo-e-del-parco-fluviale-gesso-e-stura/parco-fluviale-gesso-e-stura/"  >
						<span class="ux-menu-link__text">
				Parc fluvial Gesso et Stura			</span>
		</a>
	</div>
	

	<div class="ux-menu-link flex menu-item">
		<a class="ux-menu-link__link flex" href="https://www.ibikecuneo.com/percorsi/alla-scoperta-di-cuneo-e-del-parco-fluviale-gesso-e-stura/la-casa-del-fiume/"  >
						<span class="ux-menu-link__text">
				La Casa del fiume (la Maison de la rivière)			</span>
		</a>
	</div>
	

	<div class="ux-menu-link flex menu-item">
		<a class="ux-menu-link__link flex" href="https://www.ibikecuneo.com/percorsi/alla-scoperta-di-cuneo-e-del-parco-fluviale-gesso-e-stura/borgo-san-dalmazzo/"  >
						<span class="ux-menu-link__text">
				Borgo San Dalmazzo			</span>
		</a>
	</div>
	

	<div class="ux-menu-link flex menu-item">
		<a class="ux-menu-link__link flex" href="https://www.ibikecuneo.com/percorsi/alla-scoperta-di-cuneo-e-del-parco-fluviale-gesso-e-stura/cuneo-e-il-suo-boulevard/"  >
						<span class="ux-menu-link__text">
				Coni et son boulevard			</span>
		</a>
	</div>
	


	</div>
	
<div class="text-center"><div class="is-divider divider clearfix" style="background-color:rgb(0, 162, 157);"></div></div>

	<div id="text-873682448" class="text">
		

<h4>Autres itinéraires</h4>
		
<style>
#text-873682448 {
  line-height: 1.2;
}
</style>
	</div>
	
	<div class="ux-menu stack stack-col justify-start ux-menu--divider-solid">
		

	<div class="ux-menu-link flex menu-item">
		<a class="ux-menu-link__link flex" href="https://www.ibikecuneo.com/percorsi/pedalare-tra-arte-e-natura-cuneo-valle-grana-e-valle-maira/"  >
						<span class="ux-menu-link__text">
				Pédaler entre art et nature: Coni, le Val Grana et le Val Maira			</span>
		</a>
	</div>
	

	<div class="ux-menu-link flex menu-item">
		<a class="ux-menu-link__link flex" href="https://www.ibikecuneo.com/percorsi/da-cuneo-alle-terme-di-valdieri-pedalare-tra-natura-e-benessere/"  >
						<span class="ux-menu-link__text">
				De Coni aux Thermes de Valdieri, rouler à vélo entre nature et bien-être			</span>
		</a>
	</div>
	

	<div class="ux-menu-link flex menu-item">
		<a class="ux-menu-link__link flex" href="https://www.ibikecuneo.com/percorsi/in-bicicletta-tra-cuneo-mondovi-vicoforte-e-chiusa-di-pesio/"  >
						<span class="ux-menu-link__text">
				À vélo entre Coni, Mondovi, Vicoforte et Chiusa di Pesio			</span>
		</a>
	</div>
	

	<div class="ux-menu-link flex menu-item">
		<a class="ux-menu-link__link flex" href="https://www.ibikecuneo.com"  >
						<span class="ux-menu-link__text">
				Percorso 5			</span>
		</a>
	</div>
	


	</div>
	

		</div>
					</div>

	

</div>




		</div>
					</div>

	

</div>

		</div>

		
<style>
#section_1831592927 {
  padding-top: 30px;
  padding-bottom: 30px;
}
#section_1831592927 .ux-shape-divider--top svg {
  height: 150px;
  --divider-top-width: 100%;
}
#section_1831592927 .ux-shape-divider--bottom svg {
  height: 150px;
  --divider-width: 100%;
}
</style>
	</section>
