{"id":1146,"date":"2022-06-17T13:58:56","date_gmt":"2022-06-17T13:58:56","guid":{"rendered":"https:\/\/www.ibikecuneo.com\/parcs-et-reserves-naturelles-de-la-region-de-coni\/le-parc-fluvial-gesso-et-stura\/"},"modified":"2023-02-01T10:02:54","modified_gmt":"2023-02-01T10:02:54","slug":"le-parc-fluvial-gesso-et-stura","status":"publish","type":"page","link":"https:\/\/www.ibikecuneo.com\/fr\/parcs-et-reserves-naturelles-de-la-region-de-coni\/le-parc-fluvial-gesso-et-stura\/","title":{"rendered":"Le Parc fluvial Gesso et Stura"},"content":{"rendered":"\n  <div id=\"page-header-1596618327\" class=\"page-header-wrapper\">\n  <div class=\"page-title dark featured-title\">\n\n        <div class=\"page-title-bg\">\n      <div class=\"title-bg fill bg-fill\"\n        data-parallax-container=\".page-title\"\n        data-parallax-background\n        data-parallax=\"-\">\n      <\/div>\n      <div class=\"title-overlay fill\"><\/div>\n    <\/div>\n    \n    <div class=\"page-title-inner container align-center flex-row medium-flex-wrap\" >\n              <div class=\"title-wrapper flex-col text-left medium-text-center\">\n          <h1 class=\"entry-title mb-0\">\n            Le Parc fluvial Gesso et Stura          <\/h1>\n        <\/div>\n                    <div class=\"title-content flex-col flex-right text-right medium-text-center\">\n        <div class=\"title-breadcrumbs pb-half pt-half\"><\/div>      <\/div>\n    <\/div>\n\n     \n<style>\n#page-header-1596618327 .page-title-inner {\n  min-height: 160px;\n}\n#page-header-1596618327 .title-bg {\n  background-image: url(https:\/\/www.ibikecuneo.com\/wp-content\/uploads\/2022\/07\/img270.jpg);\n}\n#page-header-1596618327 .title-overlay {\n  background-color: rgba(0,0,0,.5);\n}\n<\/style>\n  <\/div>\n    <\/div>\n  \n\n\t<section class=\"section\" id=\"section_890259468\">\n\t\t<div class=\"bg section-bg fill bg-fill  bg-loaded\" >\n\n\t\t\t\n\t\t\t\n\t\t\t\n\n\t\t<\/div>\n\n\t\t\n\n\t\t<div class=\"section-content relative\">\n\t\t\t\n\n<div class=\"row row-large row-divided\"  id=\"row-1588039778\">\n\n\n\t<div id=\"col-394242237\" class=\"col medium-8 large-8\"  >\n\t\t\t\t<div class=\"col-inner\"  >\n\t\t\t\n\t\t\t\n\n<p>Cr\u00e9\u00e9 en 2007 \u00e0 partir d&rsquo;initiatives locales visant \u00e0 rendre la zone autour des rivi\u00e8res moins d\u00e9grad\u00e9e et plus vivable, le Parc fluvial de Gesso et Stura est aujourd\u2019hui une vaste zone naturelle prot\u00e9g\u00e9e et un v\u00e9ritable poumon vert autour de la ville de Coni. Constitu\u00e9 de 14 municipalit\u00e9s, le corridor fluvial rev\u00eat une importance consid\u00e9rable pour l\u2019ensemble de l\u2019\u00e9cosyst\u00e8me car il s\u2019agit d\u2019une zone humide et d\u2019un habitat pour de nombreuses esp\u00e8ces v\u00e9g\u00e9tales et animales. Il est \u00e9galement un exemple vertueux de la mani\u00e8re dont la synergie et l\u2019int\u00e9gration ont am\u00e9lior\u00e9 la qualit\u00e9 de vie et valoris\u00e9 le territoire.<\/p>\n<p>La Casa del Fiume (Maison de la rivi\u00e8re) est la structure principale du Parc fluvial Gesso et Stura. Elle a \u00e9t\u00e9 enti\u00e8rement construite avec des mat\u00e9riaux durables et est int\u00e9gr\u00e9e dans le paysage de mani\u00e8re \u00e0 se fondre dans l\u2019environnement naturel. Le b\u00e2timent accueille un centre ultramoderne pour l\u2019\u00e9ducation \u00e0 l\u2019environnement et l\u2019organisation d\u2019activit\u00e9s \u00e9ducatives, d\u2019ateliers et d\u2019\u00e9v\u00e9nements visant \u00e0 rapprocher les gens de la nature. Il s\u2019inscrit dans un r\u00e9seau de centres d\u2019\u00e9ducation \u00e0 l\u2019environnement sur le territoire franco-italien, notamment celui des parcs Alpes maritimes italiennes et Mercantour. L\u2019inclusivit\u00e9, l\u2019accessibilit\u00e9 et la sensibilit\u00e9 du projet ressortent \u00e9galement de l\u2019attention port\u00e9e aux personnes handicap\u00e9es, notamment \u00e0 travers de petites mesures visant \u00e0 garantir une utilisabilit\u00e9 maximale pour tous.<\/p>\n<p>\u00c0 c\u00f4t\u00e9 du b\u00e2timent se trouve un rucher \u00e9ducatif, haut en couleurs, qui offre aux enfants et aux adultes la possibilit\u00e9 d\u2019en savoir plus sur la soci\u00e9t\u00e9 des abeilles et son organisation riche et fascinante.<\/p>\n\t<div class=\"img has-hover x md-x lg-x y md-y lg-y\" id=\"image_259685977\">\n\t\t<a class=\"image-lightbox lightbox-gallery\" title=\"\" href=\"https:\/\/www.ibikecuneo.com\/wp-content\/uploads\/2022\/07\/img270-1024x580.jpg\">\t\t\t\t\t\t<div class=\"img-inner dark\" >\n\t\t\t<img width=\"1020\" height=\"578\" src=\"https:\/\/www.ibikecuneo.com\/wp-content\/uploads\/2022\/07\/img270-1024x580.jpg\" class=\"attachment-large size-large\" alt=\"\" decoding=\"async\" loading=\"lazy\" srcset=\"https:\/\/www.ibikecuneo.com\/wp-content\/uploads\/2022\/07\/img270-1024x580.jpg 1024w, https:\/\/www.ibikecuneo.com\/wp-content\/uploads\/2022\/07\/img270-300x170.jpg 300w, https:\/\/www.ibikecuneo.com\/wp-content\/uploads\/2022\/07\/img270-768x435.jpg 768w, https:\/\/www.ibikecuneo.com\/wp-content\/uploads\/2022\/07\/img270.jpg 1165w\" sizes=\"(max-width: 1020px) 100vw, 1020px\" \/>\t\t\t\t\t\t\n\t\t\t\t\t<\/div>\n\t\t\t\t\t\t<\/a>\t\t\n<style>\n#image_259685977 {\n  width: 100%;\n}\n<\/style>\n\t<\/div>\n\t\n\n\n\t\t<\/div>\n\t\t\t\t\t<\/div>\n\n\t\n\n\t<div id=\"col-753519269\" class=\"col medium-4 large-4\"  >\n\t\t\t\t<div class=\"col-inner\"  >\n\t\t\t\n\t\t\t\n\n<div class=\"row row-collapse row-full-width\"  id=\"row-1056038918\">\n\n\n\t<div id=\"col-864550213\" class=\"col small-12 large-12\"  >\n\t\t\t\t<div class=\"col-inner\"  >\n\t\t\t\n\t\t\t\n\n\t<div id=\"text-2147775894\" class=\"text\">\n\t\t\n\n<h4>Parcs et r\u00e9serves naturelles de la r\u00e9gion de Coni<\/h4>\n\n\t\t\n<style>\n#text-2147775894 {\n  line-height: 1.2;\n}\n<\/style>\n\t<\/div>\n\t\n\t<div class=\"ux-menu stack stack-col justify-start ux-menu--divider-solid\">\n\t\t\n\n\t<div class=\"ux-menu-link flex menu-item\">\n\t\t<a class=\"ux-menu-link__link flex\" href=\"https:\/\/www.ibikecuneo.com\/parchi-e-riserve-naturali-del-cuneese\/il-parco-fluviale-gesso-e-stura\/\"  >\n\t\t\t\t\t\t<span class=\"ux-menu-link__text\">\n\t\t\t\tLe Parc fluvial Gesso et Stura\t\t\t<\/span>\n\t\t<\/a>\n\t<\/div>\n\t\n\n\t<div class=\"ux-menu-link flex menu-item\">\n\t\t<a class=\"ux-menu-link__link flex\" href=\"https:\/\/www.ibikecuneo.com\/parchi-e-riserve-naturali-del-cuneese\/forma-il-fiume-a-piede-libero\/\"  >\n\t\t\t\t\t\t<span class=\"ux-menu-link__text\">\n\t\t\t\tf\u2019Orma. Il fiume a piede libero (Pieds nus dans la rivi\u00e8re)\t\t\t<\/span>\n\t\t<\/a>\n\t<\/div>\n\t\n\n\t<div class=\"ux-menu-link flex menu-item\">\n\t\t<a class=\"ux-menu-link__link flex\" href=\"https:\/\/www.ibikecuneo.com\/parchi-e-riserve-naturali-del-cuneese\/la-riserva-naturale-di-crava-morozzo\/\"  >\n\t\t\t\t\t\t<span class=\"ux-menu-link__text\">\n\t\t\t\tLa R\u00e9serve naturelle de Crava-Morozzo\t\t\t<\/span>\n\t\t<\/a>\n\t<\/div>\n\t\n\n\t<div class=\"ux-menu-link flex menu-item\">\n\t\t<a class=\"ux-menu-link__link flex\" href=\"https:\/\/www.ibikecuneo.com\/parchi-e-riserve-naturali-del-cuneese\/il-parco-del-marguareis-e-dellarea-della-roccarina\/\"  >\n\t\t\t\t\t\t<span class=\"ux-menu-link__text\">\n\t\t\t\tLe Parc du Marguareis et de la zone de la Roccarina\t\t\t<\/span>\n\t\t<\/a>\n\t<\/div>\n\t\n\n\t<div class=\"ux-menu-link flex menu-item\">\n\t\t<a class=\"ux-menu-link__link flex\" href=\"https:\/\/www.ibikecuneo.com\/parchi-e-riserve-naturali-del-cuneese\/le-alpi-marittime\/\"  >\n\t\t\t\t\t\t<span class=\"ux-menu-link__text\">\n\t\t\t\tLes Alpes maritimes italiennes\t\t\t<\/span>\n\t\t<\/a>\n\t<\/div>\n\t\n\n\t<div class=\"ux-menu-link flex menu-item\">\n\t\t<a class=\"ux-menu-link__link flex\" href=\"https:\/\/www.ibikecuneo.com\/parchi-e-riserve-naturali-del-cuneese\/il-centro-visita-uomini-e-lupi\/\"  >\n\t\t\t\t\t\t<span class=\"ux-menu-link__text\">\n\t\t\t\tLe Centre visiteurs Uomini e Lupi (Hommes et loups)\t\t\t<\/span>\n\t\t<\/a>\n\t<\/div>\n\t\n\n\t<div class=\"ux-menu-link flex menu-item\">\n\t\t<a class=\"ux-menu-link__link flex\" href=\"https:\/\/www.ibikecuneo.com\/parchi-e-riserve-naturali-del-cuneese\/la-riserva-naturale-ciciu-del-villar\/\"  >\n\t\t\t\t\t\t<span class=\"ux-menu-link__text\">\n\t\t\t\tLa R\u00e9serve naturelle Ciciu del Villar\t\t\t<\/span>\n\t\t<\/a>\n\t<\/div>\n\t\n\n\n\t<\/div>\n\t\n\n\t\t<\/div>\n\t\t\t\t\t<\/div>\n\n\t\n\n<\/div>\n\n\n\n\n\t\t<\/div>\n\t\t\t\t\t<\/div>\n\n\t\n\n<\/div>\n\n\t\t<\/div>\n\n\t\t\n<style>\n#section_890259468 {\n  padding-top: 30px;\n  padding-bottom: 30px;\n}\n#section_890259468 .ux-shape-divider--top svg {\n  height: 150px;\n  --divider-top-width: 100%;\n}\n#section_890259468 .ux-shape-divider--bottom svg {\n  height: 150px;\n  --divider-width: 100%;\n}\n<\/style>\n\t<\/section>\n\t\n\n","protected":false},"excerpt":{"rendered":"","protected":false},"author":1,"featured_media":619,"parent":1143,"menu_order":1,"comment_status":"closed","ping_status":"closed","template":"","meta":[],"_links":{"self":[{"href":"https:\/\/www.ibikecuneo.com\/fr\/wp-json\/wp\/v2\/pages\/1146"}],"collection":[{"href":"https:\/\/www.ibikecuneo.com\/fr\/wp-json\/wp\/v2\/pages"}],"about":[{"href":"https:\/\/www.ibikecuneo.com\/fr\/wp-json\/wp\/v2\/types\/page"}],"author":[{"embeddable":true,"href":"https:\/\/www.ibikecuneo.com\/fr\/wp-json\/wp\/v2\/users\/1"}],"replies":[{"embeddable":true,"href":"https:\/\/www.ibikecuneo.com\/fr\/wp-json\/wp\/v2\/comments?post=1146"}],"version-history":[{"count":3,"href":"https:\/\/www.ibikecuneo.com\/fr\/wp-json\/wp\/v2\/pages\/1146\/revisions"}],"predecessor-version":[{"id":1857,"href":"https:\/\/www.ibikecuneo.com\/fr\/wp-json\/wp\/v2\/pages\/1146\/revisions\/1857"}],"up":[{"embeddable":true,"href":"https:\/\/www.ibikecuneo.com\/fr\/wp-json\/wp\/v2\/pages\/1143"}],"wp:featuredmedia":[{"embeddable":true,"href":"https:\/\/www.ibikecuneo.com\/fr\/wp-json\/wp\/v2\/media\/619"}],"wp:attachment":[{"href":"https:\/\/www.ibikecuneo.com\/fr\/wp-json\/wp\/v2\/media?parent=1146"}],"curies":[{"name":"wp","href":"https:\/\/api.w.org\/{rel}","templated":true}]}}

<div id="page-header-1596618327" class="page-header-wrapper">
  <div class="page-title dark featured-title">

        <div class="page-title-bg">
      <div class="title-bg fill bg-fill"
        data-parallax-container=".page-title"
        data-parallax-background
        data-parallax="-">
      </div>
      <div class="title-overlay fill"></div>
    </div>
    
    <div class="page-title-inner container align-center flex-row medium-flex-wrap" >
              <div class="title-wrapper flex-col text-left medium-text-center">
          <h1 class="entry-title mb-0">
            Le Parc fluvial Gesso et Stura          </h1>
        </div>
                    <div class="title-content flex-col flex-right text-right medium-text-center">
        <div class="title-breadcrumbs pb-half pt-half"></div>      </div>
    </div>

     
<style>
#page-header-1596618327 .page-title-inner {
  min-height: 160px;
}
#page-header-1596618327 .title-bg {
  background-image: url(https://www.ibikecuneo.com/wp-content/uploads/2022/07/img270.jpg);
}
#page-header-1596618327 .title-overlay {
  background-color: rgba(0,0,0,.5);
}
</style>
  </div>
    </div>
  

	<section class="section" id="section_890259468">
		<div class="bg section-bg fill bg-fill  bg-loaded" >

			
			
			

		</div>

		

		<div class="section-content relative">
			

<div class="row row-large row-divided"  id="row-1588039778">


	<div id="col-394242237" class="col medium-8 large-8"  >
				<div class="col-inner"  >
			
			

<p>Créé en 2007 à partir d&rsquo;initiatives locales visant à rendre la zone autour des rivières moins dégradée et plus vivable, le Parc fluvial de Gesso et Stura est aujourd’hui une vaste zone naturelle protégée et un véritable poumon vert autour de la ville de Coni. Constitué de 14 municipalités, le corridor fluvial revêt une importance considérable pour l’ensemble de l’écosystème car il s’agit d’une zone humide et d’un habitat pour de nombreuses espèces végétales et animales. Il est également un exemple vertueux de la manière dont la synergie et l’intégration ont amélioré la qualité de vie et valorisé le territoire.</p>
<p>La Casa del Fiume (Maison de la rivière) est la structure principale du Parc fluvial Gesso et Stura. Elle a été entièrement construite avec des matériaux durables et est intégrée dans le paysage de manière à se fondre dans l’environnement naturel. Le bâtiment accueille un centre ultramoderne pour l’éducation à l’environnement et l’organisation d’activités éducatives, d’ateliers et d’événements visant à rapprocher les gens de la nature. Il s’inscrit dans un réseau de centres d’éducation à l’environnement sur le territoire franco-italien, notamment celui des parcs Alpes maritimes italiennes et Mercantour. L’inclusivité, l’accessibilité et la sensibilité du projet ressortent également de l’attention portée aux personnes handicapées, notamment à travers de petites mesures visant à garantir une utilisabilité maximale pour tous.</p>
<p>À côté du bâtiment se trouve un rucher éducatif, haut en couleurs, qui offre aux enfants et aux adultes la possibilité d’en savoir plus sur la société des abeilles et son organisation riche et fascinante.</p>
	<div class="img has-hover x md-x lg-x y md-y lg-y" id="image_259685977">
		<a class="image-lightbox lightbox-gallery" title="" href="https://www.ibikecuneo.com/wp-content/uploads/2022/07/img270-1024x580.jpg">						<div class="img-inner dark" >
			<img width="1020" height="578" src="https://www.ibikecuneo.com/wp-content/uploads/2022/07/img270-1024x580.jpg" class="attachment-large size-large" alt="" decoding="async" loading="lazy" srcset="https://www.ibikecuneo.com/wp-content/uploads/2022/07/img270-1024x580.jpg 1024w, https://www.ibikecuneo.com/wp-content/uploads/2022/07/img270-300x170.jpg 300w, https://www.ibikecuneo.com/wp-content/uploads/2022/07/img270-768x435.jpg 768w, https://www.ibikecuneo.com/wp-content/uploads/2022/07/img270.jpg 1165w" sizes="(max-width: 1020px) 100vw, 1020px" />						
					</div>
						</a>		
<style>
#image_259685977 {
  width: 100%;
}
</style>
	</div>
	


		</div>
					</div>

	

	<div id="col-753519269" class="col medium-4 large-4"  >
				<div class="col-inner"  >
			
			

<div class="row row-collapse row-full-width"  id="row-1056038918">


	<div id="col-864550213" class="col small-12 large-12"  >
				<div class="col-inner"  >
			
			

	<div id="text-2147775894" class="text">
		

<h4>Parcs et réserves naturelles de la région de Coni</h4>

		
<style>
#text-2147775894 {
  line-height: 1.2;
}
</style>
	</div>
	
	<div class="ux-menu stack stack-col justify-start ux-menu--divider-solid">
		

	<div class="ux-menu-link flex menu-item">
		<a class="ux-menu-link__link flex" href="https://www.ibikecuneo.com/parchi-e-riserve-naturali-del-cuneese/il-parco-fluviale-gesso-e-stura/"  >
						<span class="ux-menu-link__text">
				Le Parc fluvial Gesso et Stura			</span>
		</a>
	</div>
	

	<div class="ux-menu-link flex menu-item">
		<a class="ux-menu-link__link flex" href="https://www.ibikecuneo.com/parchi-e-riserve-naturali-del-cuneese/forma-il-fiume-a-piede-libero/"  >
						<span class="ux-menu-link__text">
				f’Orma. Il fiume a piede libero (Pieds nus dans la rivière)			</span>
		</a>
	</div>
	

	<div class="ux-menu-link flex menu-item">
		<a class="ux-menu-link__link flex" href="https://www.ibikecuneo.com/parchi-e-riserve-naturali-del-cuneese/la-riserva-naturale-di-crava-morozzo/"  >
						<span class="ux-menu-link__text">
				La Réserve naturelle de Crava-Morozzo			</span>
		</a>
	</div>
	

	<div class="ux-menu-link flex menu-item">
		<a class="ux-menu-link__link flex" href="https://www.ibikecuneo.com/parchi-e-riserve-naturali-del-cuneese/il-parco-del-marguareis-e-dellarea-della-roccarina/"  >
						<span class="ux-menu-link__text">
				Le Parc du Marguareis et de la zone de la Roccarina			</span>
		</a>
	</div>
	

	<div class="ux-menu-link flex menu-item">
		<a class="ux-menu-link__link flex" href="https://www.ibikecuneo.com/parchi-e-riserve-naturali-del-cuneese/le-alpi-marittime/"  >
						<span class="ux-menu-link__text">
				Les Alpes maritimes italiennes			</span>
		</a>
	</div>
	

	<div class="ux-menu-link flex menu-item">
		<a class="ux-menu-link__link flex" href="https://www.ibikecuneo.com/parchi-e-riserve-naturali-del-cuneese/il-centro-visita-uomini-e-lupi/"  >
						<span class="ux-menu-link__text">
				Le Centre visiteurs Uomini e Lupi (Hommes et loups)			</span>
		</a>
	</div>
	

	<div class="ux-menu-link flex menu-item">
		<a class="ux-menu-link__link flex" href="https://www.ibikecuneo.com/parchi-e-riserve-naturali-del-cuneese/la-riserva-naturale-ciciu-del-villar/"  >
						<span class="ux-menu-link__text">
				La Réserve naturelle Ciciu del Villar			</span>
		</a>
	</div>
	


	</div>
	

		</div>
					</div>

	

</div>




		</div>
					</div>

	

</div>

		</div>

		
<style>
#section_890259468 {
  padding-top: 30px;
  padding-bottom: 30px;
}
#section_890259468 .ux-shape-divider--top svg {
  height: 150px;
  --divider-top-width: 100%;
}
#section_890259468 .ux-shape-divider--bottom svg {
  height: 150px;
  --divider-width: 100%;
}
</style>
	</section>
