{"id":1154,"date":"2022-06-17T14:02:09","date_gmt":"2022-06-17T14:02:09","guid":{"rendered":"https:\/\/www.ibikecuneo.com\/parcs-et-reserves-naturelles-de-la-region-de-coni\/les-alpes-maritimes-italiennes\/"},"modified":"2022-08-28T10:30:09","modified_gmt":"2022-08-28T10:30:09","slug":"les-alpes-maritimes-italiennes","status":"publish","type":"page","link":"https:\/\/www.ibikecuneo.com\/fr\/parcs-et-reserves-naturelles-de-la-region-de-coni\/les-alpes-maritimes-italiennes\/","title":{"rendered":"Les Alpes maritimes italiennes"},"content":{"rendered":"\n  <div id=\"page-header-313620580\" class=\"page-header-wrapper\">\n  <div class=\"page-title dark featured-title\">\n\n        <div class=\"page-title-bg\">\n      <div class=\"title-bg fill bg-fill\"\n        data-parallax-container=\".page-title\"\n        data-parallax-background\n        data-parallax=\"-\">\n      <\/div>\n      <div class=\"title-overlay fill\"><\/div>\n    <\/div>\n    \n    <div class=\"page-title-inner container align-center flex-row medium-flex-wrap\" >\n              <div class=\"title-wrapper flex-col text-left medium-text-center\">\n          <h1 class=\"entry-title mb-0\">\n            Les Alpes maritimes italiennes          <\/h1>\n        <\/div>\n                    <div class=\"title-content flex-col flex-right text-right medium-text-center\">\n        <div class=\"title-breadcrumbs pb-half pt-half\"><\/div>      <\/div>\n    <\/div>\n\n     \n<style>\n#page-header-313620580 .page-title-inner {\n  min-height: 160px;\n}\n#page-header-313620580 .title-bg {\n  background-image: url(https:\/\/www.ibikecuneo.com\/wp-content\/uploads\/2022\/07\/img293.jpg);\n}\n#page-header-313620580 .title-overlay {\n  background-color: rgba(0,0,0,.5);\n}\n<\/style>\n  <\/div>\n    <\/div>\n  \n\n\t<section class=\"section\" id=\"section_51427009\">\n\t\t<div class=\"bg section-bg fill bg-fill  bg-loaded\" >\n\n\t\t\t\n\t\t\t\n\t\t\t\n\n\t\t<\/div>\n\n\t\t\n\n\t\t<div class=\"section-content relative\">\n\t\t\t\n\n<div class=\"row row-large row-divided\"  id=\"row-1233672569\">\n\n\n\t<div id=\"col-471531856\" class=\"col medium-8 large-8\"  >\n\t\t\t\t<div class=\"col-inner\"  >\n\t\t\t\n\t\t\t\n\n<p>Les deux cours d\u2019eau Gesso et Stura qui embrassent la ville de Coni descendent des Alpes maritimes italiennes, de hauts sommets qui accueillent encore les restes des glaciers les plus m\u00e9ridionaux des Alpes, entre les fronti\u00e8res du Pi\u00e9mont, de la Ligurie et de la France. <\/p>\n<p>Le Val Gesso, qui s\u2019\u00e9l\u00e8ve au sud-ouest de Coni, est une zone qui offre des \u00e9motions en raison de sa nature encore pr\u00e9serv\u00e9e.<\/p>\n\t<div class=\"img has-hover x md-x lg-x y md-y lg-y\" id=\"image_1422625447\">\n\t\t<a class=\"image-lightbox lightbox-gallery\" title=\"\" href=\"https:\/\/www.ibikecuneo.com\/wp-content\/uploads\/2022\/07\/img288-1024x473.jpg\">\t\t\t\t\t\t<div class=\"img-inner dark\" >\n\t\t\t<img width=\"1020\" height=\"471\" src=\"https:\/\/www.ibikecuneo.com\/wp-content\/uploads\/2022\/07\/img288-1024x473.jpg\" class=\"attachment-large size-large\" alt=\"\" decoding=\"async\" loading=\"lazy\" srcset=\"https:\/\/www.ibikecuneo.com\/wp-content\/uploads\/2022\/07\/img288-1024x473.jpg 1024w, https:\/\/www.ibikecuneo.com\/wp-content\/uploads\/2022\/07\/img288-300x139.jpg 300w, https:\/\/www.ibikecuneo.com\/wp-content\/uploads\/2022\/07\/img288-768x355.jpg 768w, https:\/\/www.ibikecuneo.com\/wp-content\/uploads\/2022\/07\/img288.jpg 1165w\" sizes=\"(max-width: 1020px) 100vw, 1020px\" \/>\t\t\t\t\t\t\n\t\t\t\t\t<\/div>\n\t\t\t\t\t\t<\/a>\t\t\n<style>\n#image_1422625447 {\n  width: 100%;\n}\n<\/style>\n\t<\/div>\n\t\n\n<div class=\"text-center\"><div class=\"is-divider divider clearfix\" ><\/div><\/div>\n\n<p>Les Alpes maritimes italiennes constituent le plus grand Parc naturel et la plus grande zone prot\u00e9g\u00e9e du Pi\u00e9mont. D\u00e9j\u00e0 habit\u00e9es \u00e0 l\u2019\u00e9poque pr\u00e9historique, comme en t\u00e9moignent les gravures rupestres, ses vall\u00e9es ont vu passer au fil des si\u00e8cles soldats, marchands, bergers et p\u00e8lerins. Extr\u00e9mit\u00e9 m\u00e9ridionale de la cha\u00eene alpine, elles s\u00e9parent la plaine pi\u00e9montaise de la c\u00f4te ni\u00e7oise et se situent entre deux cols : le Col de Tende et le Col de la Madeleine. Devenue la r\u00e9serve royale de chasse des rois de Savoie, les monarques ont \u00e9tabli leur r\u00e9sidence d\u2019\u00e9t\u00e9 entre Sant\u2019Anna di Valdieri et San Giacomo di Entracque. Aujourd\u2019hui, ce paradis enchant\u00e9 accueille d\u2019innombrables lacs alpins et un tr\u00e9sor unique de biodiversit\u00e9 : gypa\u00e8tes barbus, aigles, bouquetins, marmottes, chamois, cerfs et chevreuils sont chez eux et cohabitent avec les nombreux randonneurs et alpinistes qui aiment la nature des Alpes maritimes italiennes.<\/p>\n\t<div class=\"img has-hover x md-x lg-x y md-y lg-y\" id=\"image_1221231931\">\n\t\t<a class=\"image-lightbox lightbox-gallery\" title=\"\" href=\"https:\/\/www.ibikecuneo.com\/wp-content\/uploads\/2022\/07\/img293-1024x585.jpg\">\t\t\t\t\t\t<div class=\"img-inner dark\" >\n\t\t\t<img width=\"1020\" height=\"583\" src=\"https:\/\/www.ibikecuneo.com\/wp-content\/uploads\/2022\/07\/img293-1024x585.jpg\" class=\"attachment-large size-large\" alt=\"\" decoding=\"async\" loading=\"lazy\" srcset=\"https:\/\/www.ibikecuneo.com\/wp-content\/uploads\/2022\/07\/img293-1024x585.jpg 1024w, https:\/\/www.ibikecuneo.com\/wp-content\/uploads\/2022\/07\/img293-300x171.jpg 300w, https:\/\/www.ibikecuneo.com\/wp-content\/uploads\/2022\/07\/img293-768x438.jpg 768w, https:\/\/www.ibikecuneo.com\/wp-content\/uploads\/2022\/07\/img293.jpg 1165w\" sizes=\"(max-width: 1020px) 100vw, 1020px\" \/>\t\t\t\t\t\t\n\t\t\t\t\t<\/div>\n\t\t\t\t\t\t<\/a>\t\t\n<style>\n#image_1221231931 {\n  width: 100%;\n}\n<\/style>\n\t<\/div>\n\t\n\n\n\t\t<\/div>\n\t\t\t\t\t<\/div>\n\n\t\n\n\t<div id=\"col-264299672\" class=\"col medium-4 large-4\"  >\n\t\t\t\t<div class=\"col-inner\"  >\n\t\t\t\n\t\t\t\n\n<div class=\"row row-collapse row-full-width\"  id=\"row-1780810794\">\n\n\n\t<div id=\"col-315857632\" class=\"col small-12 large-12\"  >\n\t\t\t\t<div class=\"col-inner\"  >\n\t\t\t\n\t\t\t\n\n\t<div id=\"text-422918216\" class=\"text\">\n\t\t\n\n<h4>Parcs et r\u00e9serves naturelles de la r\u00e9gion de Coni<\/h4>\n\n\t\t\n<style>\n#text-422918216 {\n  line-height: 1.2;\n}\n<\/style>\n\t<\/div>\n\t\n\t<div class=\"ux-menu stack stack-col justify-start ux-menu--divider-solid\">\n\t\t\n\n\t<div class=\"ux-menu-link flex menu-item\">\n\t\t<a class=\"ux-menu-link__link flex\" href=\"https:\/\/www.ibikecuneo.com\/parchi-e-riserve-naturali-del-cuneese\/il-parco-fluviale-gesso-e-stura\/\"  >\n\t\t\t\t\t\t<span class=\"ux-menu-link__text\">\n\t\t\t\tLe Parc fluvial Gesso et Stura\t\t\t<\/span>\n\t\t<\/a>\n\t<\/div>\n\t\n\n\t<div class=\"ux-menu-link flex menu-item\">\n\t\t<a class=\"ux-menu-link__link flex\" href=\"https:\/\/www.ibikecuneo.com\/parchi-e-riserve-naturali-del-cuneese\/forma-il-fiume-a-piede-libero\/\"  >\n\t\t\t\t\t\t<span class=\"ux-menu-link__text\">\n\t\t\t\tf\u2019Orma. Il fiume a piede libero (Pieds nus dans la rivi\u00e8re)\t\t\t<\/span>\n\t\t<\/a>\n\t<\/div>\n\t\n\n\t<div class=\"ux-menu-link flex menu-item\">\n\t\t<a class=\"ux-menu-link__link flex\" href=\"https:\/\/www.ibikecuneo.com\/parchi-e-riserve-naturali-del-cuneese\/la-riserva-naturale-di-crava-morozzo\/\"  >\n\t\t\t\t\t\t<span class=\"ux-menu-link__text\">\n\t\t\t\tLa R\u00e9serve naturelle de Crava-Morozzo\t\t\t<\/span>\n\t\t<\/a>\n\t<\/div>\n\t\n\n\t<div class=\"ux-menu-link flex menu-item\">\n\t\t<a class=\"ux-menu-link__link flex\" href=\"https:\/\/www.ibikecuneo.com\/parchi-e-riserve-naturali-del-cuneese\/il-parco-del-marguareis-e-dellarea-della-roccarina\/\"  >\n\t\t\t\t\t\t<span class=\"ux-menu-link__text\">\n\t\t\t\tLe Parc du Marguareis et de la zone de la Roccarina\t\t\t<\/span>\n\t\t<\/a>\n\t<\/div>\n\t\n\n\t<div class=\"ux-menu-link flex menu-item\">\n\t\t<a class=\"ux-menu-link__link flex\" href=\"https:\/\/www.ibikecuneo.com\/parchi-e-riserve-naturali-del-cuneese\/le-alpi-marittime\/\"  >\n\t\t\t\t\t\t<span class=\"ux-menu-link__text\">\n\t\t\t\tLes Alpes maritimes italiennes\t\t\t<\/span>\n\t\t<\/a>\n\t<\/div>\n\t\n\n\t<div class=\"ux-menu-link flex menu-item\">\n\t\t<a class=\"ux-menu-link__link flex\" href=\"https:\/\/www.ibikecuneo.com\/parchi-e-riserve-naturali-del-cuneese\/il-centro-visita-uomini-e-lupi\/\"  >\n\t\t\t\t\t\t<span class=\"ux-menu-link__text\">\n\t\t\t\tLe Centre visiteurs Uomini e Lupi (Hommes et loups)\t\t\t<\/span>\n\t\t<\/a>\n\t<\/div>\n\t\n\n\t<div class=\"ux-menu-link flex menu-item\">\n\t\t<a class=\"ux-menu-link__link flex\" href=\"https:\/\/www.ibikecuneo.com\/parchi-e-riserve-naturali-del-cuneese\/la-riserva-naturale-ciciu-del-villar\/\"  >\n\t\t\t\t\t\t<span class=\"ux-menu-link__text\">\n\t\t\t\tLa R\u00e9serve naturelle Ciciu del Villar\t\t\t<\/span>\n\t\t<\/a>\n\t<\/div>\n\t\n\n\n\t<\/div>\n\t\n\n\t\t<\/div>\n\t\t\t\t\t<\/div>\n\n\t\n\n<\/div>\n\n\n\n\n\t\t<\/div>\n\t\t\t\t\t<\/div>\n\n\t\n\n<\/div>\n\n\t\t<\/div>\n\n\t\t\n<style>\n#section_51427009 {\n  padding-top: 30px;\n  padding-bottom: 30px;\n}\n#section_51427009 .ux-shape-divider--top svg {\n  height: 150px;\n  --divider-top-width: 100%;\n}\n#section_51427009 .ux-shape-divider--bottom svg {\n  height: 150px;\n  --divider-width: 100%;\n}\n<\/style>\n\t<\/section>\n\t\n\n","protected":false},"excerpt":{"rendered":"","protected":false},"author":1,"featured_media":651,"parent":1143,"menu_order":5,"comment_status":"closed","ping_status":"closed","template":"","meta":[],"_links":{"self":[{"href":"https:\/\/www.ibikecuneo.com\/fr\/wp-json\/wp\/v2\/pages\/1154"}],"collection":[{"href":"https:\/\/www.ibikecuneo.com\/fr\/wp-json\/wp\/v2\/pages"}],"about":[{"href":"https:\/\/www.ibikecuneo.com\/fr\/wp-json\/wp\/v2\/types\/page"}],"author":[{"embeddable":true,"href":"https:\/\/www.ibikecuneo.com\/fr\/wp-json\/wp\/v2\/users\/1"}],"replies":[{"embeddable":true,"href":"https:\/\/www.ibikecuneo.com\/fr\/wp-json\/wp\/v2\/comments?post=1154"}],"version-history":[{"count":1,"href":"https:\/\/www.ibikecuneo.com\/fr\/wp-json\/wp\/v2\/pages\/1154\/revisions"}],"predecessor-version":[{"id":1155,"href":"https:\/\/www.ibikecuneo.com\/fr\/wp-json\/wp\/v2\/pages\/1154\/revisions\/1155"}],"up":[{"embeddable":true,"href":"https:\/\/www.ibikecuneo.com\/fr\/wp-json\/wp\/v2\/pages\/1143"}],"wp:featuredmedia":[{"embeddable":true,"href":"https:\/\/www.ibikecuneo.com\/fr\/wp-json\/wp\/v2\/media\/651"}],"wp:attachment":[{"href":"https:\/\/www.ibikecuneo.com\/fr\/wp-json\/wp\/v2\/media?parent=1154"}],"curies":[{"name":"wp","href":"https:\/\/api.w.org\/{rel}","templated":true}]}}

<div id="page-header-313620580" class="page-header-wrapper">
  <div class="page-title dark featured-title">

        <div class="page-title-bg">
      <div class="title-bg fill bg-fill"
        data-parallax-container=".page-title"
        data-parallax-background
        data-parallax="-">
      </div>
      <div class="title-overlay fill"></div>
    </div>
    
    <div class="page-title-inner container align-center flex-row medium-flex-wrap" >
              <div class="title-wrapper flex-col text-left medium-text-center">
          <h1 class="entry-title mb-0">
            Les Alpes maritimes italiennes          </h1>
        </div>
                    <div class="title-content flex-col flex-right text-right medium-text-center">
        <div class="title-breadcrumbs pb-half pt-half"></div>      </div>
    </div>

     
<style>
#page-header-313620580 .page-title-inner {
  min-height: 160px;
}
#page-header-313620580 .title-bg {
  background-image: url(https://www.ibikecuneo.com/wp-content/uploads/2022/07/img293.jpg);
}
#page-header-313620580 .title-overlay {
  background-color: rgba(0,0,0,.5);
}
</style>
  </div>
    </div>
  

	<section class="section" id="section_51427009">
		<div class="bg section-bg fill bg-fill  bg-loaded" >

			
			
			

		</div>

		

		<div class="section-content relative">
			

<div class="row row-large row-divided"  id="row-1233672569">


	<div id="col-471531856" class="col medium-8 large-8"  >
				<div class="col-inner"  >
			
			

<p>Les deux cours d’eau Gesso et Stura qui embrassent la ville de Coni descendent des Alpes maritimes italiennes, de hauts sommets qui accueillent encore les restes des glaciers les plus méridionaux des Alpes, entre les frontières du Piémont, de la Ligurie et de la France. </p>
<p>Le Val Gesso, qui s’élève au sud-ouest de Coni, est une zone qui offre des émotions en raison de sa nature encore préservée.</p>
	<div class="img has-hover x md-x lg-x y md-y lg-y" id="image_1422625447">
		<a class="image-lightbox lightbox-gallery" title="" href="https://www.ibikecuneo.com/wp-content/uploads/2022/07/img288-1024x473.jpg">						<div class="img-inner dark" >
			<img width="1020" height="471" src="https://www.ibikecuneo.com/wp-content/uploads/2022/07/img288-1024x473.jpg" class="attachment-large size-large" alt="" decoding="async" loading="lazy" srcset="https://www.ibikecuneo.com/wp-content/uploads/2022/07/img288-1024x473.jpg 1024w, https://www.ibikecuneo.com/wp-content/uploads/2022/07/img288-300x139.jpg 300w, https://www.ibikecuneo.com/wp-content/uploads/2022/07/img288-768x355.jpg 768w, https://www.ibikecuneo.com/wp-content/uploads/2022/07/img288.jpg 1165w" sizes="(max-width: 1020px) 100vw, 1020px" />						
					</div>
						</a>		
<style>
#image_1422625447 {
  width: 100%;
}
</style>
	</div>
	

<div class="text-center"><div class="is-divider divider clearfix" ></div></div>

<p>Les Alpes maritimes italiennes constituent le plus grand Parc naturel et la plus grande zone protégée du Piémont. Déjà habitées à l’époque préhistorique, comme en témoignent les gravures rupestres, ses vallées ont vu passer au fil des siècles soldats, marchands, bergers et pèlerins. Extrémité méridionale de la chaîne alpine, elles séparent la plaine piémontaise de la côte niçoise et se situent entre deux cols : le Col de Tende et le Col de la Madeleine. Devenue la réserve royale de chasse des rois de Savoie, les monarques ont établi leur résidence d’été entre Sant’Anna di Valdieri et San Giacomo di Entracque. Aujourd’hui, ce paradis enchanté accueille d’innombrables lacs alpins et un trésor unique de biodiversité : gypaètes barbus, aigles, bouquetins, marmottes, chamois, cerfs et chevreuils sont chez eux et cohabitent avec les nombreux randonneurs et alpinistes qui aiment la nature des Alpes maritimes italiennes.</p>
	<div class="img has-hover x md-x lg-x y md-y lg-y" id="image_1221231931">
		<a class="image-lightbox lightbox-gallery" title="" href="https://www.ibikecuneo.com/wp-content/uploads/2022/07/img293-1024x585.jpg">						<div class="img-inner dark" >
			<img width="1020" height="583" src="https://www.ibikecuneo.com/wp-content/uploads/2022/07/img293-1024x585.jpg" class="attachment-large size-large" alt="" decoding="async" loading="lazy" srcset="https://www.ibikecuneo.com/wp-content/uploads/2022/07/img293-1024x585.jpg 1024w, https://www.ibikecuneo.com/wp-content/uploads/2022/07/img293-300x171.jpg 300w, https://www.ibikecuneo.com/wp-content/uploads/2022/07/img293-768x438.jpg 768w, https://www.ibikecuneo.com/wp-content/uploads/2022/07/img293.jpg 1165w" sizes="(max-width: 1020px) 100vw, 1020px" />						
					</div>
						</a>		
<style>
#image_1221231931 {
  width: 100%;
}
</style>
	</div>
	


		</div>
					</div>

	

	<div id="col-264299672" class="col medium-4 large-4"  >
				<div class="col-inner"  >
			
			

<div class="row row-collapse row-full-width"  id="row-1780810794">


	<div id="col-315857632" class="col small-12 large-12"  >
				<div class="col-inner"  >
			
			

	<div id="text-422918216" class="text">
		

<h4>Parcs et réserves naturelles de la région de Coni</h4>

		
<style>
#text-422918216 {
  line-height: 1.2;
}
</style>
	</div>
	
	<div class="ux-menu stack stack-col justify-start ux-menu--divider-solid">
		

	<div class="ux-menu-link flex menu-item">
		<a class="ux-menu-link__link flex" href="https://www.ibikecuneo.com/parchi-e-riserve-naturali-del-cuneese/il-parco-fluviale-gesso-e-stura/"  >
						<span class="ux-menu-link__text">
				Le Parc fluvial Gesso et Stura			</span>
		</a>
	</div>
	

	<div class="ux-menu-link flex menu-item">
		<a class="ux-menu-link__link flex" href="https://www.ibikecuneo.com/parchi-e-riserve-naturali-del-cuneese/forma-il-fiume-a-piede-libero/"  >
						<span class="ux-menu-link__text">
				f’Orma. Il fiume a piede libero (Pieds nus dans la rivière)			</span>
		</a>
	</div>
	

	<div class="ux-menu-link flex menu-item">
		<a class="ux-menu-link__link flex" href="https://www.ibikecuneo.com/parchi-e-riserve-naturali-del-cuneese/la-riserva-naturale-di-crava-morozzo/"  >
						<span class="ux-menu-link__text">
				La Réserve naturelle de Crava-Morozzo			</span>
		</a>
	</div>
	

	<div class="ux-menu-link flex menu-item">
		<a class="ux-menu-link__link flex" href="https://www.ibikecuneo.com/parchi-e-riserve-naturali-del-cuneese/il-parco-del-marguareis-e-dellarea-della-roccarina/"  >
						<span class="ux-menu-link__text">
				Le Parc du Marguareis et de la zone de la Roccarina			</span>
		</a>
	</div>
	

	<div class="ux-menu-link flex menu-item">
		<a class="ux-menu-link__link flex" href="https://www.ibikecuneo.com/parchi-e-riserve-naturali-del-cuneese/le-alpi-marittime/"  >
						<span class="ux-menu-link__text">
				Les Alpes maritimes italiennes			</span>
		</a>
	</div>
	

	<div class="ux-menu-link flex menu-item">
		<a class="ux-menu-link__link flex" href="https://www.ibikecuneo.com/parchi-e-riserve-naturali-del-cuneese/il-centro-visita-uomini-e-lupi/"  >
						<span class="ux-menu-link__text">
				Le Centre visiteurs Uomini e Lupi (Hommes et loups)			</span>
		</a>
	</div>
	

	<div class="ux-menu-link flex menu-item">
		<a class="ux-menu-link__link flex" href="https://www.ibikecuneo.com/parchi-e-riserve-naturali-del-cuneese/la-riserva-naturale-ciciu-del-villar/"  >
						<span class="ux-menu-link__text">
				La Réserve naturelle Ciciu del Villar			</span>
		</a>
	</div>
	


	</div>
	

		</div>
					</div>

	

</div>




		</div>
					</div>

	

</div>

		</div>

		
<style>
#section_51427009 {
  padding-top: 30px;
  padding-bottom: 30px;
}
#section_51427009 .ux-shape-divider--top svg {
  height: 150px;
  --divider-top-width: 100%;
}
#section_51427009 .ux-shape-divider--bottom svg {
  height: 150px;
  --divider-width: 100%;
}
</style>
	</section>
