{"id":1160,"date":"2022-06-17T13:42:22","date_gmt":"2022-06-17T13:42:22","guid":{"rendered":"https:\/\/www.ibikecuneo.com\/en-voyage-dans-le-baroque\/"},"modified":"2022-08-28T15:25:40","modified_gmt":"2022-08-28T15:25:40","slug":"en-voyage-dans-le-baroque","status":"publish","type":"page","link":"https:\/\/www.ibikecuneo.com\/fr\/en-voyage-dans-le-baroque\/","title":{"rendered":"En voyage dans le baroque"},"content":{"rendered":"\n\t<section class=\"section has-parallax\" id=\"section_919799538\">\n\t\t<div class=\"bg section-bg fill bg-fill  \" data-parallax-container=\".section\" data-parallax-background data-parallax=\"-3\">\n\n\t\t\t\n\t\t\t<div class=\"section-bg-overlay absolute fill\"><\/div>\n\t\t\t\n\t<div class=\"is-border\"\n\t\tstyle=\"border-color:rgb(235, 235, 235);border-width:1px 0px 0px 0px;\">\n\t<\/div>\n\n\t\t<\/div>\n\n\t\t\n\n\t\t<div class=\"section-content relative\">\n\t\t\t\n\n<div class=\"row row-large align-middle align-center\"  id=\"row-1559354031\">\n\n\n\t<div id=\"col-71809718\" class=\"col medium-8 small-12 large-8\"  >\n\t\t\t\t<div class=\"col-inner text-center dark\"  >\n\t\t\t\n\t\t\t\n\n<p> <\/p>\n<h2>En voyage dans le baroque<\/h2>\n<p>\u00c9galement connue sous le nom de \u00ab ville des 7 si\u00e8ges \u00bb du fait de sa vocation militaire et de sa position strat\u00e9gique de ville de fronti\u00e8re avec la France, Coni est depuis longtemps li\u00e9e \u00e0 la dynastie de la maison de Savoie. Et c\u2019est \u00e0 cause des nombreux si\u00e8ges que la ville a connus que la plupart de ses vestiges m\u00e9di\u00e9vaux ont \u00e9t\u00e9 perdus. La vieille enceinte de fortification de la ville a \u00e9galement \u00e9t\u00e9 d\u00e9truite avec l\u2019arriv\u00e9e de Napol\u00e9on.<\/p>\n<p>Un des traits caract\u00e9ristiques de Coni est ses 13 kilom\u00e8tres d\u2019arcades, sous lesquelles s\u2019abritaient, en toute saison, les commer\u00e7ants qui profit des \u00e9changes fructueux avec leurs voisins fran\u00e7ais.<\/p>\n<p>La Via Roma, qui est d\u00e9sormais une rue pi\u00e9tonne et ferm\u00e9e \u00e0 la circulation, permet de rejoindre le centre historique, o\u00f9 il est possible de monter en ascenseur ou de gravir les 132 marches jusqu\u2019\u00e0 la Tour municipale qui, du haut de ses 52 m\u00e8tres, offre une vue incroyable sur les toits et les places de la ville et, avec un regard \u00e0 360\u00b0, sur les douces pentes des Langhe, jusqu\u2019au sommet du Mont-Rose.<\/p>\n\n\t\t<\/div>\n\t\t\t\t\t<\/div>\n\n\t\n\n<\/div>\n\n\t\t<\/div>\n\n\t\t\n<style>\n#section_919799538 {\n  padding-top: 75px;\n  padding-bottom: 75px;\n  min-height: 300px;\n  background-color: rgb(171, 171, 171);\n}\n#section_919799538 .section-bg-overlay {\n  background-color: rgba(0, 0, 0, 0.5);\n}\n#section_919799538 .section-bg.bg-loaded {\n  background-image: url(https:\/\/www.ibikecuneo.com\/wp-content\/uploads\/2022\/06\/barocco.jpg);\n}\n#section_919799538 .section-bg {\n  background-position: 58% 33%;\n}\n#section_919799538 .ux-shape-divider--top svg {\n  height: 150px;\n  --divider-top-width: 100%;\n}\n#section_919799538 .ux-shape-divider--bottom svg {\n  height: 150px;\n  --divider-width: 100%;\n}\n<\/style>\n\t<\/section>\n\t\n\t<section class=\"section\" id=\"section_750856998\">\n\t\t<div class=\"bg section-bg fill bg-fill  bg-loaded\" >\n\n\t\t\t\n\t\t\t\n\t\t\t\n\n\t\t<\/div>\n\n\t\t\n\n\t\t<div class=\"section-content relative\">\n\t\t\t\n\n<div class=\"row\"  id=\"row-2095937608\">\n\n\n\t<div id=\"col-1709035865\" class=\"col small-12 large-12\"  >\n\t\t\t\t<div class=\"col-inner\"  >\n\t\t\t\n\t\t\t\n\n<p class=\"lead shortcode-error text-center\">Sorry, no pages was found<\/p>  <style>\n    #pages-690173506 .grid-col-1{height: 200px}\n    #pages-690173506 .grid-col-1-2{height: 100px}\n    #pages-690173506 .grid-col-1-3{height:66.666666666667px}\n    #pages-690173506 .grid-col-2-3{height: 133.33333333333px}\n    #pages-690173506 .grid-col-1-4{height: 50px}\n    #pages-690173506 .grid-col-3-4{height: 150px}\n\n\n        \/* Tablet *\/\n    @media (max-width: 850px){\n      #pages-690173506 .grid-col-1{height: 133.33333333333px}\n      #pages-690173506 .grid-col-1-2{height: 66.666666666667px}\n      #pages-690173506 .grid-col-1-3{height:44.444444444444px}\n      #pages-690173506 .grid-col-2-3{height: 88.888888888889px}\n      #pages-690173506 .grid-col-1-4{height: 33.333333333333px}\n      #pages-690173506 .grid-col-3-4{height: 100px}\n    }\n    \n        \/* Mobile *\/\n    @media (max-width: 550px){\n      #pages-690173506 .grid-col-1{height: 133.33333333333px}\n      #pages-690173506 .grid-col-1-2{height: 66.666666666667px}\n      #pages-690173506 .grid-col-1-3{height:44.444444444444px}\n      #pages-690173506 .grid-col-2-3{height: 88.888888888889px}\n      #pages-690173506 .grid-col-1-4{height: 33.333333333333px}\n      #pages-690173506 .grid-col-3-4{height: 100px}\n    }\n    \n\n  <\/style>\n  \n  \n    <div id=\"pages-690173506\" class=\"row row-grid\" data-packery-options='{\"itemSelector\": \".col\", \"gutter\": 0, \"presentageWidth\" : true}'>\n\n  <\/div>\n\n\n\t\t<\/div>\n\t\t\t\t\t<\/div>\n\n\t\n\n<\/div>\n\n\t\t<\/div>\n\n\t\t\n<style>\n#section_750856998 {\n  padding-top: 60px;\n  padding-bottom: 60px;\n}\n#section_750856998 .ux-shape-divider--top svg {\n  height: 150px;\n  --divider-top-width: 100%;\n}\n#section_750856998 .ux-shape-divider--bottom svg {\n  height: 150px;\n  --divider-width: 100%;\n}\n<\/style>\n\t<\/section>\n\t\n\n\n","protected":false},"excerpt":{"rendered":"","protected":false},"author":1,"featured_media":0,"parent":0,"menu_order":5,"comment_status":"closed","ping_status":"closed","template":"","meta":[],"_links":{"self":[{"href":"https:\/\/www.ibikecuneo.com\/fr\/wp-json\/wp\/v2\/pages\/1160"}],"collection":[{"href":"https:\/\/www.ibikecuneo.com\/fr\/wp-json\/wp\/v2\/pages"}],"about":[{"href":"https:\/\/www.ibikecuneo.com\/fr\/wp-json\/wp\/v2\/types\/page"}],"author":[{"embeddable":true,"href":"https:\/\/www.ibikecuneo.com\/fr\/wp-json\/wp\/v2\/users\/1"}],"replies":[{"embeddable":true,"href":"https:\/\/www.ibikecuneo.com\/fr\/wp-json\/wp\/v2\/comments?post=1160"}],"version-history":[{"count":2,"href":"https:\/\/www.ibikecuneo.com\/fr\/wp-json\/wp\/v2\/pages\/1160\/revisions"}],"predecessor-version":[{"id":1162,"href":"https:\/\/www.ibikecuneo.com\/fr\/wp-json\/wp\/v2\/pages\/1160\/revisions\/1162"}],"wp:attachment":[{"href":"https:\/\/www.ibikecuneo.com\/fr\/wp-json\/wp\/v2\/media?parent=1160"}],"curies":[{"name":"wp","href":"https:\/\/api.w.org\/{rel}","templated":true}]}}

<section class="section has-parallax" id="section_919799538">
		<div class="bg section-bg fill bg-fill  " data-parallax-container=".section" data-parallax-background data-parallax="-3">

			
			<div class="section-bg-overlay absolute fill"></div>
			
	<div class="is-border"
		style="border-color:rgb(235, 235, 235);border-width:1px 0px 0px 0px;">
	</div>

		</div>

		

		<div class="section-content relative">
			

<div class="row row-large align-middle align-center"  id="row-1559354031">


	<div id="col-71809718" class="col medium-8 small-12 large-8"  >
				<div class="col-inner text-center dark"  >
			
			

<p> </p>
<h2>En voyage dans le baroque</h2>
<p>Également connue sous le nom de « ville des 7 sièges » du fait de sa vocation militaire et de sa position stratégique de ville de frontière avec la France, Coni est depuis longtemps liée à la dynastie de la maison de Savoie. Et c’est à cause des nombreux sièges que la ville a connus que la plupart de ses vestiges médiévaux ont été perdus. La vieille enceinte de fortification de la ville a également été détruite avec l’arrivée de Napoléon.</p>
<p>Un des traits caractéristiques de Coni est ses 13 kilomètres d’arcades, sous lesquelles s’abritaient, en toute saison, les commerçants qui profit des échanges fructueux avec leurs voisins français.</p>
<p>La Via Roma, qui est désormais une rue piétonne et fermée à la circulation, permet de rejoindre le centre historique, où il est possible de monter en ascenseur ou de gravir les 132 marches jusqu’à la Tour municipale qui, du haut de ses 52 mètres, offre une vue incroyable sur les toits et les places de la ville et, avec un regard à 360°, sur les douces pentes des Langhe, jusqu’au sommet du Mont-Rose.</p>

		</div>
					</div>

	

</div>

		</div>

		
<style>
#section_919799538 {
  padding-top: 75px;
  padding-bottom: 75px;
  min-height: 300px;
  background-color: rgb(171, 171, 171);
}
#section_919799538 .section-bg-overlay {
  background-color: rgba(0, 0, 0, 0.5);
}
#section_919799538 .section-bg.bg-loaded {
  background-image: url(https://www.ibikecuneo.com/wp-content/uploads/2022/06/barocco.jpg);
}
#section_919799538 .section-bg {
  background-position: 58% 33%;
}
#section_919799538 .ux-shape-divider--top svg {
  height: 150px;
  --divider-top-width: 100%;
}
#section_919799538 .ux-shape-divider--bottom svg {
  height: 150px;
  --divider-width: 100%;
}
</style>
	</section>
	
	<section class="section" id="section_750856998">
		<div class="bg section-bg fill bg-fill  bg-loaded" >

			
			
			

		</div>

		

		<div class="section-content relative">
			

<div class="row"  id="row-2095937608">


	<div id="col-1709035865" class="col small-12 large-12"  >
				<div class="col-inner"  >
			
			

<p class="lead shortcode-error text-center">Sorry, no pages was found</p>  <style>
    #pages-690173506 .grid-col-1{height: 200px}
    #pages-690173506 .grid-col-1-2{height: 100px}
    #pages-690173506 .grid-col-1-3{height:66.666666666667px}
    #pages-690173506 .grid-col-2-3{height: 133.33333333333px}
    #pages-690173506 .grid-col-1-4{height: 50px}
    #pages-690173506 .grid-col-3-4{height: 150px}


        /* Tablet */
    @media (max-width: 850px){
      #pages-690173506 .grid-col-1{height: 133.33333333333px}
      #pages-690173506 .grid-col-1-2{height: 66.666666666667px}
      #pages-690173506 .grid-col-1-3{height:44.444444444444px}
      #pages-690173506 .grid-col-2-3{height: 88.888888888889px}
      #pages-690173506 .grid-col-1-4{height: 33.333333333333px}
      #pages-690173506 .grid-col-3-4{height: 100px}
    }
    
        /* Mobile */
    @media (max-width: 550px){
      #pages-690173506 .grid-col-1{height: 133.33333333333px}
      #pages-690173506 .grid-col-1-2{height: 66.666666666667px}
      #pages-690173506 .grid-col-1-3{height:44.444444444444px}
      #pages-690173506 .grid-col-2-3{height: 88.888888888889px}
      #pages-690173506 .grid-col-1-4{height: 33.333333333333px}
      #pages-690173506 .grid-col-3-4{height: 100px}
    }
    

  </style>
  
  
    <div id="pages-690173506" class="row row-grid" data-packery-options='{"itemSelector": ".col", "gutter": 0, "presentageWidth" : true}'>

  </div>


		</div>
					</div>

	

</div>

		</div>

		
<style>
#section_750856998 {
  padding-top: 60px;
  padding-bottom: 60px;
}
#section_750856998 .ux-shape-divider--top svg {
  height: 150px;
  --divider-top-width: 100%;
}
#section_750856998 .ux-shape-divider--bottom svg {
  height: 150px;
  --divider-width: 100%;
}
</style>
	</section>
