{"id":1176,"date":"2022-06-17T14:12:00","date_gmt":"2022-06-17T14:12:00","guid":{"rendered":"https:\/\/www.ibikecuneo.com\/les-saveurs-de-la-region-de-coni\/les-paste-de-meliga-et-le-moulin-de-dronero\/"},"modified":"2022-08-28T16:27:31","modified_gmt":"2022-08-28T16:27:31","slug":"les-paste-de-meliga-et-le-moulin-de-dronero","status":"publish","type":"page","link":"https:\/\/www.ibikecuneo.com\/fr\/les-saveurs-de-la-region-de-coni\/les-paste-de-meliga-et-le-moulin-de-dronero\/","title":{"rendered":"Les Paste de Meliga et le moulin de Dronero"},"content":{"rendered":"\n  <div id=\"page-header-1047850189\" class=\"page-header-wrapper\">\n  <div class=\"page-title dark featured-title\">\n\n        <div class=\"page-title-bg\">\n      <div class=\"title-bg fill bg-fill\"\n        data-parallax-container=\".page-title\"\n        data-parallax-background\n        data-parallax=\"-\">\n      <\/div>\n      <div class=\"title-overlay fill\"><\/div>\n    <\/div>\n    \n    <div class=\"page-title-inner container align-center flex-row medium-flex-wrap\" >\n              <div class=\"title-wrapper flex-col text-left medium-text-center\">\n          <h1 class=\"entry-title mb-0\">\n            Les Paste de Meliga et le moulin de Dronero          <\/h1>\n        <\/div>\n                    <div class=\"title-content flex-col flex-right text-right medium-text-center\">\n        <div class=\"title-breadcrumbs pb-half pt-half\"><\/div>      <\/div>\n    <\/div>\n\n     \n<style>\n#page-header-1047850189 .page-title-inner {\n  min-height: 160px;\n}\n#page-header-1047850189 .title-bg {\n  background-image: url(https:\/\/www.ibikecuneo.com\/wp-content\/uploads\/2022\/07\/img432.jpg);\n}\n#page-header-1047850189 .title-overlay {\n  background-color: rgba(0,0,0,.5);\n}\n<\/style>\n  <\/div>\n    <\/div>\n  \n\n\t<section class=\"section\" id=\"section_664444916\">\n\t\t<div class=\"bg section-bg fill bg-fill  bg-loaded\" >\n\n\t\t\t\n\t\t\t\n\t\t\t\n\n\t\t<\/div>\n\n\t\t\n\n\t\t<div class=\"section-content relative\">\n\t\t\t\n\n<div class=\"row row-large row-divided\"  id=\"row-175361018\">\n\n\n\t<div id=\"col-344222338\" class=\"col medium-8 large-8\"  >\n\t\t\t\t<div class=\"col-inner\"  >\n\t\t\t\n\t\t\t\n\n<p>Un \u00e9l\u00e9ment de forte caract\u00e9risation, en termes de recherche et de valorisation de la tradition agricole, est repr\u00e9sent\u00e9 par l\u2019ancien Moulin de la Riviera, un joyau cach\u00e9 \u00e0 Dronero, aux portes du Val Maira.<\/p>\n<p>L\u2019histoire ancienne et fascinante de ce moulin a commenc\u00e9 il y a six cents ans, lorsque les moines b\u00e9n\u00e9dictins du lieu ont d\u00e9cid\u00e9 de construire un moulin \u00e0 eau pour y moudre de la farine en utilisant l\u2019eau du canal tout proche. Abandonn\u00e9 et tomb\u00e9 en d\u00e9su\u00e9tude, le moulin a \u00e9t\u00e9 acquis par la famille Cavanna, qui l\u2019a restaur\u00e9 avec passion et l\u2019a remis en service. Le moulin est revenu \u00e0 la mouture sur pierre de farines sp\u00e9ciales \u00e0 partir desquelles prennent forme le pain et les biscuits au go\u00fbt et \u00e0 l\u2019ar\u00f4me authentiques d\u2019antan. Parmi tous les produits, il est int\u00e9ressant de mentionner les biscuits en p\u00e2te de meliga, fabriqu\u00e9s \u00e0 partir de l\u2019ancien ma\u00efs pi\u00e9montais (la meliga), la base d\u2019un petit-d\u00e9jeuner consistant ou d\u2019un en-cas riche en nutriments \u00e0 d\u00e9guster mi-chemin.<\/p>\n\t<div class=\"img has-hover x md-x lg-x y md-y lg-y\" id=\"image_1470269223\">\n\t\t<a class=\"image-lightbox lightbox-gallery\" title=\"\" href=\"https:\/\/www.ibikecuneo.com\/wp-content\/uploads\/2022\/07\/img432-1024x513.jpg\">\t\t\t\t\t\t<div class=\"img-inner dark\" >\n\t\t\t<img width=\"1020\" height=\"511\" src=\"https:\/\/www.ibikecuneo.com\/wp-content\/uploads\/2022\/07\/img432-1024x513.jpg\" class=\"attachment-large size-large\" alt=\"\" decoding=\"async\" loading=\"lazy\" srcset=\"https:\/\/www.ibikecuneo.com\/wp-content\/uploads\/2022\/07\/img432-1024x513.jpg 1024w, https:\/\/www.ibikecuneo.com\/wp-content\/uploads\/2022\/07\/img432-300x150.jpg 300w, https:\/\/www.ibikecuneo.com\/wp-content\/uploads\/2022\/07\/img432-768x385.jpg 768w, https:\/\/www.ibikecuneo.com\/wp-content\/uploads\/2022\/07\/img432.jpg 1165w\" sizes=\"(max-width: 1020px) 100vw, 1020px\" \/>\t\t\t\t\t\t\n\t\t\t\t\t<\/div>\n\t\t\t\t\t\t<\/a>\t\t\n<style>\n#image_1470269223 {\n  width: 100%;\n}\n<\/style>\n\t<\/div>\n\t\n\n\n\t\t<\/div>\n\t\t\t\t\t<\/div>\n\n\t\n\n\t<div id=\"col-538583335\" class=\"col medium-4 large-4\"  >\n\t\t\t\t<div class=\"col-inner\"  >\n\t\t\t\n\t\t\t\n\n<div class=\"row row-collapse row-full-width\"  id=\"row-1779734777\">\n\n\n\t<div id=\"col-1428688534\" class=\"col small-12 large-12\"  >\n\t\t\t\t<div class=\"col-inner\"  >\n\t\t\t\n\t\t\t\n\n\t<div id=\"text-400848706\" class=\"text\">\n\t\t\n\n<h4>Les saveurs de la r\u00e9gion de Coni<\/h4>\n\n\t\t\n<style>\n#text-400848706 {\n  line-height: 1.2;\n}\n<\/style>\n\t<\/div>\n\t\n\t<div class=\"ux-menu stack stack-col justify-start ux-menu--divider-solid\">\n\t\t\n\n\t<div class=\"ux-menu-link flex menu-item\">\n\t\t<a class=\"ux-menu-link__link flex\" href=\"https:\/\/www.ibikecuneo.com\/i-sapori-del-cuneese\/le-paste-di-meliga-e-il-mulino-di-dronero\/\"  >\n\t\t\t\t\t\t<span class=\"ux-menu-link__text\">\n\t\t\t\tLes Paste de Meliga et le moulin de Dronero\t\t\t<\/span>\n\t\t<\/a>\n\t<\/div>\n\t\n\n\t<div class=\"ux-menu-link flex menu-item\">\n\t\t<a class=\"ux-menu-link__link flex\" href=\"https:\/\/www.ibikecuneo.com\/i-sapori-del-cuneese\/la-segale-e-il-museo-di-santanna-di-valdieri\/\"  >\n\t\t\t\t\t\t<span class=\"ux-menu-link__text\">\n\t\t\t\tLe seigle et le Mus\u00e9e de Sant\u2019Anna di Valdieri\t\t\t<\/span>\n\t\t<\/a>\n\t<\/div>\n\t\n\n\t<div class=\"ux-menu-link flex menu-item\">\n\t\t<a class=\"ux-menu-link__link flex\" href=\"https:\/\/www.ibikecuneo.com\/i-sapori-del-cuneese\/i-cuneesi-e-i-mastri-pasticceri\/\"  >\n\t\t\t\t\t\t<span class=\"ux-menu-link__text\">\n\t\t\t\tLes cuneesi et les ma\u00eetres p\u00e2tissiers\t\t\t<\/span>\n\t\t<\/a>\n\t<\/div>\n\t\n\n\t<div class=\"ux-menu-link flex menu-item\">\n\t\t<a class=\"ux-menu-link__link flex\" href=\"https:\/\/www.ibikecuneo.com\/i-sapori-del-cuneese\/frutta-e-verdura\/\"  >\n\t\t\t\t\t\t<span class=\"ux-menu-link__text\">\n\t\t\t\tFruits et l\u00e9gumes\t\t\t<\/span>\n\t\t<\/a>\n\t<\/div>\n\t\n\n\t<div class=\"ux-menu-link flex menu-item\">\n\t\t<a class=\"ux-menu-link__link flex\" href=\"https:\/\/www.ibikecuneo.com\/i-sapori-del-cuneese\/i-formaggi-e-le-carni\/\"  >\n\t\t\t\t\t\t<span class=\"ux-menu-link__text\">\n\t\t\t\tLes fromages et les viandes\t\t\t<\/span>\n\t\t<\/a>\n\t<\/div>\n\t\n\n\t<div class=\"ux-menu-link flex menu-item\">\n\t\t<a class=\"ux-menu-link__link flex\" href=\"https:\/\/www.ibikecuneo.com\/i-sapori-del-cuneese\/bere-bene\/\"  >\n\t\t\t\t\t\t<span class=\"ux-menu-link__text\">\n\t\t\t\tBien boire\t\t\t<\/span>\n\t\t<\/a>\n\t<\/div>\n\t\n\n\t<div class=\"ux-menu-link flex menu-item\">\n\t\t<a class=\"ux-menu-link__link flex\" href=\"https:\/\/www.ibikecuneo.com\/i-sapori-del-cuneese\/la-cultura-gastronomica-montana\/\"  >\n\t\t\t\t\t\t<span class=\"ux-menu-link__text\">\n\t\t\t\tLa culture gastronomique de montagne\t\t\t<\/span>\n\t\t<\/a>\n\t<\/div>\n\t\n\n\n\t<\/div>\n\t\n\n\t\t<\/div>\n\t\t\t\t\t<\/div>\n\n\t\n\n<\/div>\n\n\n\n\n\t\t<\/div>\n\t\t\t\t\t<\/div>\n\n\t\n\n<\/div>\n\n\t\t<\/div>\n\n\t\t\n<style>\n#section_664444916 {\n  padding-top: 30px;\n  padding-bottom: 30px;\n}\n#section_664444916 .ux-shape-divider--top svg {\n  height: 150px;\n  --divider-top-width: 100%;\n}\n#section_664444916 .ux-shape-divider--bottom svg {\n  height: 150px;\n  --divider-width: 100%;\n}\n<\/style>\n\t<\/section>\n\t\n\n","protected":false},"excerpt":{"rendered":"","protected":false},"author":1,"featured_media":720,"parent":1173,"menu_order":1,"comment_status":"closed","ping_status":"closed","template":"","meta":[],"_links":{"self":[{"href":"https:\/\/www.ibikecuneo.com\/fr\/wp-json\/wp\/v2\/pages\/1176"}],"collection":[{"href":"https:\/\/www.ibikecuneo.com\/fr\/wp-json\/wp\/v2\/pages"}],"about":[{"href":"https:\/\/www.ibikecuneo.com\/fr\/wp-json\/wp\/v2\/types\/page"}],"author":[{"embeddable":true,"href":"https:\/\/www.ibikecuneo.com\/fr\/wp-json\/wp\/v2\/users\/1"}],"replies":[{"embeddable":true,"href":"https:\/\/www.ibikecuneo.com\/fr\/wp-json\/wp\/v2\/comments?post=1176"}],"version-history":[{"count":1,"href":"https:\/\/www.ibikecuneo.com\/fr\/wp-json\/wp\/v2\/pages\/1176\/revisions"}],"predecessor-version":[{"id":1177,"href":"https:\/\/www.ibikecuneo.com\/fr\/wp-json\/wp\/v2\/pages\/1176\/revisions\/1177"}],"up":[{"embeddable":true,"href":"https:\/\/www.ibikecuneo.com\/fr\/wp-json\/wp\/v2\/pages\/1173"}],"wp:featuredmedia":[{"embeddable":true,"href":"https:\/\/www.ibikecuneo.com\/fr\/wp-json\/wp\/v2\/media\/720"}],"wp:attachment":[{"href":"https:\/\/www.ibikecuneo.com\/fr\/wp-json\/wp\/v2\/media?parent=1176"}],"curies":[{"name":"wp","href":"https:\/\/api.w.org\/{rel}","templated":true}]}}

<div id="page-header-1047850189" class="page-header-wrapper">
  <div class="page-title dark featured-title">

        <div class="page-title-bg">
      <div class="title-bg fill bg-fill"
        data-parallax-container=".page-title"
        data-parallax-background
        data-parallax="-">
      </div>
      <div class="title-overlay fill"></div>
    </div>
    
    <div class="page-title-inner container align-center flex-row medium-flex-wrap" >
              <div class="title-wrapper flex-col text-left medium-text-center">
          <h1 class="entry-title mb-0">
            Les Paste de Meliga et le moulin de Dronero          </h1>
        </div>
                    <div class="title-content flex-col flex-right text-right medium-text-center">
        <div class="title-breadcrumbs pb-half pt-half"></div>      </div>
    </div>

     
<style>
#page-header-1047850189 .page-title-inner {
  min-height: 160px;
}
#page-header-1047850189 .title-bg {
  background-image: url(https://www.ibikecuneo.com/wp-content/uploads/2022/07/img432.jpg);
}
#page-header-1047850189 .title-overlay {
  background-color: rgba(0,0,0,.5);
}
</style>
  </div>
    </div>
  

	<section class="section" id="section_664444916">
		<div class="bg section-bg fill bg-fill  bg-loaded" >

			
			
			

		</div>

		

		<div class="section-content relative">
			

<div class="row row-large row-divided"  id="row-175361018">


	<div id="col-344222338" class="col medium-8 large-8"  >
				<div class="col-inner"  >
			
			

<p>Un élément de forte caractérisation, en termes de recherche et de valorisation de la tradition agricole, est représenté par l’ancien Moulin de la Riviera, un joyau caché à Dronero, aux portes du Val Maira.</p>
<p>L’histoire ancienne et fascinante de ce moulin a commencé il y a six cents ans, lorsque les moines bénédictins du lieu ont décidé de construire un moulin à eau pour y moudre de la farine en utilisant l’eau du canal tout proche. Abandonné et tombé en désuétude, le moulin a été acquis par la famille Cavanna, qui l’a restauré avec passion et l’a remis en service. Le moulin est revenu à la mouture sur pierre de farines spéciales à partir desquelles prennent forme le pain et les biscuits au goût et à l’arôme authentiques d’antan. Parmi tous les produits, il est intéressant de mentionner les biscuits en pâte de meliga, fabriqués à partir de l’ancien maïs piémontais (la meliga), la base d’un petit-déjeuner consistant ou d’un en-cas riche en nutriments à déguster mi-chemin.</p>
	<div class="img has-hover x md-x lg-x y md-y lg-y" id="image_1470269223">
		<a class="image-lightbox lightbox-gallery" title="" href="https://www.ibikecuneo.com/wp-content/uploads/2022/07/img432-1024x513.jpg">						<div class="img-inner dark" >
			<img width="1020" height="511" src="https://www.ibikecuneo.com/wp-content/uploads/2022/07/img432-1024x513.jpg" class="attachment-large size-large" alt="" decoding="async" loading="lazy" srcset="https://www.ibikecuneo.com/wp-content/uploads/2022/07/img432-1024x513.jpg 1024w, https://www.ibikecuneo.com/wp-content/uploads/2022/07/img432-300x150.jpg 300w, https://www.ibikecuneo.com/wp-content/uploads/2022/07/img432-768x385.jpg 768w, https://www.ibikecuneo.com/wp-content/uploads/2022/07/img432.jpg 1165w" sizes="(max-width: 1020px) 100vw, 1020px" />						
					</div>
						</a>		
<style>
#image_1470269223 {
  width: 100%;
}
</style>
	</div>
	


		</div>
					</div>

	

	<div id="col-538583335" class="col medium-4 large-4"  >
				<div class="col-inner"  >
			
			

<div class="row row-collapse row-full-width"  id="row-1779734777">


	<div id="col-1428688534" class="col small-12 large-12"  >
				<div class="col-inner"  >
			
			

	<div id="text-400848706" class="text">
		

<h4>Les saveurs de la région de Coni</h4>

		
<style>
#text-400848706 {
  line-height: 1.2;
}
</style>
	</div>
	
	<div class="ux-menu stack stack-col justify-start ux-menu--divider-solid">
		

	<div class="ux-menu-link flex menu-item">
		<a class="ux-menu-link__link flex" href="https://www.ibikecuneo.com/i-sapori-del-cuneese/le-paste-di-meliga-e-il-mulino-di-dronero/"  >
						<span class="ux-menu-link__text">
				Les Paste de Meliga et le moulin de Dronero			</span>
		</a>
	</div>
	

	<div class="ux-menu-link flex menu-item">
		<a class="ux-menu-link__link flex" href="https://www.ibikecuneo.com/i-sapori-del-cuneese/la-segale-e-il-museo-di-santanna-di-valdieri/"  >
						<span class="ux-menu-link__text">
				Le seigle et le Musée de Sant’Anna di Valdieri			</span>
		</a>
	</div>
	

	<div class="ux-menu-link flex menu-item">
		<a class="ux-menu-link__link flex" href="https://www.ibikecuneo.com/i-sapori-del-cuneese/i-cuneesi-e-i-mastri-pasticceri/"  >
						<span class="ux-menu-link__text">
				Les cuneesi et les maîtres pâtissiers			</span>
		</a>
	</div>
	

	<div class="ux-menu-link flex menu-item">
		<a class="ux-menu-link__link flex" href="https://www.ibikecuneo.com/i-sapori-del-cuneese/frutta-e-verdura/"  >
						<span class="ux-menu-link__text">
				Fruits et légumes			</span>
		</a>
	</div>
	

	<div class="ux-menu-link flex menu-item">
		<a class="ux-menu-link__link flex" href="https://www.ibikecuneo.com/i-sapori-del-cuneese/i-formaggi-e-le-carni/"  >
						<span class="ux-menu-link__text">
				Les fromages et les viandes			</span>
		</a>
	</div>
	

	<div class="ux-menu-link flex menu-item">
		<a class="ux-menu-link__link flex" href="https://www.ibikecuneo.com/i-sapori-del-cuneese/bere-bene/"  >
						<span class="ux-menu-link__text">
				Bien boire			</span>
		</a>
	</div>
	

	<div class="ux-menu-link flex menu-item">
		<a class="ux-menu-link__link flex" href="https://www.ibikecuneo.com/i-sapori-del-cuneese/la-cultura-gastronomica-montana/"  >
						<span class="ux-menu-link__text">
				La culture gastronomique de montagne			</span>
		</a>
	</div>
	


	</div>
	

		</div>
					</div>

	

</div>




		</div>
					</div>

	

</div>

		</div>

		
<style>
#section_664444916 {
  padding-top: 30px;
  padding-bottom: 30px;
}
#section_664444916 .ux-shape-divider--top svg {
  height: 150px;
  --divider-top-width: 100%;
}
#section_664444916 .ux-shape-divider--bottom svg {
  height: 150px;
  --divider-width: 100%;
}
</style>
	</section>
