{"id":1575,"date":"2022-09-28T14:31:23","date_gmt":"2022-09-28T14:31:23","guid":{"rendered":"https:\/\/www.ibikecuneo.com\/routes\/de-cuneo-au-col-de-tende-a-velo-le-long-dune-ancienne-route-du-sel\/une-grande-station-de-ski\/"},"modified":"2022-10-05T10:07:07","modified_gmt":"2022-10-05T10:07:07","slug":"une-grande-station-de-ski","status":"publish","type":"page","link":"https:\/\/www.ibikecuneo.com\/fr\/routes\/de-cuneo-au-col-de-tende-a-velo-le-long-dune-ancienne-route-du-sel\/une-grande-station-de-ski\/","title":{"rendered":"Une grande station de ski"},"content":{"rendered":"\n  <div id=\"page-header-1007686098\" class=\"page-header-wrapper\">\n  <div class=\"page-title dark featured-title\">\n\n        <div class=\"page-title-bg\">\n      <div class=\"title-bg fill bg-fill\"\n        data-parallax-container=\".page-title\"\n        data-parallax-background\n        data-parallax=\"-\">\n      <\/div>\n      <div class=\"title-overlay fill\"><\/div>\n    <\/div>\n    \n    <div class=\"page-title-inner container align-center flex-row medium-flex-wrap\" >\n              <div class=\"title-wrapper flex-col text-left medium-text-center\">\n          <h1 class=\"entry-title mb-0\">\n            Une grande station de ski          <\/h1>\n        <\/div>\n                    <div class=\"title-content flex-col flex-right text-right medium-text-center\">\n        <div class=\"title-breadcrumbs pb-half pt-half\"><\/div>      <\/div>\n    <\/div>\n\n     \n<style>\n#page-header-1007686098 .page-title-inner {\n  min-height: 160px;\n}\n#page-header-1007686098 .title-bg {\n  background-image: url(https:\/\/www.ibikecuneo.com\/wp-content\/uploads\/2022\/10\/seg4_LIMONE-UNA-GRANDE-STAZIONE-DI-SCI-FOTO-G.-BERNARDI.jpg);\n}\n#page-header-1007686098 .title-overlay {\n  background-color: rgba(0,0,0,.5);\n}\n<\/style>\n  <\/div>\n    <\/div>\n  \n\n\t<section class=\"section\" id=\"section_1062930674\">\n\t\t<div class=\"bg section-bg fill bg-fill  bg-loaded\" >\n\n\t\t\t\n\t\t\t\n\t\t\t\n\n\t\t<\/div>\n\n\t\t\n\n\t\t<div class=\"section-content relative\">\n\t\t\t\n\n<div class=\"row row-large row-divided\"  id=\"row-2012748196\">\n\n\n\t<div id=\"col-1466564796\" class=\"col medium-8 large-8\"  >\n\t\t\t\t<div class=\"col-inner\"  >\n\t\t\t\n\t\t\t\n\n<p>Limone Piemonte est la station de vacances la plus r\u00e9put\u00e9e des montagnes de Cuneo. N\u00e9e et d\u00e9velopp\u00e9e au fil du temps en tant que station de ski, Limone s&rsquo;est \u00e9galement \u00e9quip\u00e9e ces derniers temps pour accueillir la fr\u00e9quentation estivale, proposant des offres li\u00e9es avant tout aux activit\u00e9s de plein air, avec une r\u00e9f\u00e9rence particuli\u00e8re au VTT. Un mus\u00e9e est consacr\u00e9 au ski, rassemblant de nombreuses reliques et rappelant les exploits d&rsquo;une s\u00e9rie de personnalit\u00e9s qui ont marqu\u00e9 l&rsquo;\u00e9volution des sports d&rsquo;hiver dans la station de la haute vall\u00e9e de la Vermenagna.<\/p>\n<p>Mais Limone, ce n&rsquo;est pas seulement le ski, c&rsquo;est une ville dont l&rsquo;histoire s\u00e9culaire est \u00e9troitement li\u00e9e au passage des arm\u00e9es et des caravanes par l&rsquo;un des cols les plus importants de toute la cha\u00eene alpine, le Col de Tende. Le principal t\u00e9moignage de son ancienne splendeur est l&rsquo;\u00e9glise paroissiale de San Pietro, un bel exemple d&rsquo;architecture m\u00e9di\u00e9vale, avec des fresques du XVe si\u00e8cle \u00e0 l&rsquo;int\u00e9rieur. <\/p>\n\t<div class=\"img has-hover x md-x lg-x y md-y lg-y\" id=\"image_770074265\">\n\t\t\t\t\t\t\t\t<div class=\"img-inner dark\" >\n\t\t\t<img width=\"1020\" height=\"765\" src=\"https:\/\/www.ibikecuneo.com\/wp-content\/uploads\/2022\/10\/seg4_LIMONE-UNA-GRANDE-STAZIONE-DI-SCI-FOTO-G.-BERNARDI-1024x768.jpg\" class=\"attachment-large size-large\" alt=\"\" decoding=\"async\" loading=\"lazy\" srcset=\"https:\/\/www.ibikecuneo.com\/wp-content\/uploads\/2022\/10\/seg4_LIMONE-UNA-GRANDE-STAZIONE-DI-SCI-FOTO-G.-BERNARDI-1024x768.jpg 1024w, https:\/\/www.ibikecuneo.com\/wp-content\/uploads\/2022\/10\/seg4_LIMONE-UNA-GRANDE-STAZIONE-DI-SCI-FOTO-G.-BERNARDI-300x225.jpg 300w, https:\/\/www.ibikecuneo.com\/wp-content\/uploads\/2022\/10\/seg4_LIMONE-UNA-GRANDE-STAZIONE-DI-SCI-FOTO-G.-BERNARDI-768x576.jpg 768w, https:\/\/www.ibikecuneo.com\/wp-content\/uploads\/2022\/10\/seg4_LIMONE-UNA-GRANDE-STAZIONE-DI-SCI-FOTO-G.-BERNARDI-1536x1152.jpg 1536w, https:\/\/www.ibikecuneo.com\/wp-content\/uploads\/2022\/10\/seg4_LIMONE-UNA-GRANDE-STAZIONE-DI-SCI-FOTO-G.-BERNARDI.jpg 2000w\" sizes=\"(max-width: 1020px) 100vw, 1020px\" \/>\t\t\t\t\t\t\n\t\t\t\t\t<\/div>\n\t\t\t\t\t\t\t\t\n<style>\n#image_770074265 {\n  width: 100%;\n}\n<\/style>\n\t<\/div>\n\t\n\n\n\t\t<\/div>\n\t\t\t\t\t<\/div>\n\n\t\n\n\t<div id=\"col-503908499\" class=\"col medium-4 large-4\"  >\n\t\t\t\t<div class=\"col-inner\"  >\n\t\t\t\n\t\t\t\n\n<div class=\"row row-collapse row-full-width\"  id=\"row-38666511\">\r\n\r\n\n\t<div id=\"col-1790291618\" class=\"col small-12 large-12\"  >\n\t\t\t\t<div class=\"col-inner\"  >\n\t\t\t\n\t\t\t\r\n\r\n\t<div id=\"text-3725013766\" class=\"text\">\n\t\t\r\n\r\n<h4>De Cuneo au Col de Tende, \u00e0 v\u00e9lo le long d\u2019une ancienne route du sel<\/h4>\r\n<h5>Segments<\/h5>\r\n\t\t\n<style>\n#text-3725013766 {\n  line-height: 1.2;\n}\n<\/style>\n\t<\/div>\n\t\r\n\t<div class=\"ux-menu stack stack-col justify-start ux-menu--divider-solid\">\n\t\t\r\n\r\n\t<div class=\"ux-menu-link flex menu-item\">\n\t\t<a class=\"ux-menu-link__link flex\" href=\"https:\/\/www.ibikecuneo.com\/percorsi\/percorso-5\/da-cuneo-alla-valle-vermenagna\/\"  >\n\t\t\t\t\t\t<span class=\"ux-menu-link__text\">\n\t\t\t\tDe Cuneo \u00e0 la Vall\u00e9e de la Vermenagna\t\t\t<\/span>\n\t\t<\/a>\n\t<\/div>\n\t\r\n\r\n\t<div class=\"ux-menu-link flex menu-item\">\n\t\t<a class=\"ux-menu-link__link flex\" href=\"https:\/\/www.ibikecuneo.com\/percorsi\/percorso-5\/il-paese-di-pinocchio\/\"  >\n\t\t\t\t\t\t<span class=\"ux-menu-link__text\">\n\t\t\t\tLe village de Pinocchio\t\t\t<\/span>\n\t\t<\/a>\n\t<\/div>\n\t\r\n\r\n\t<div class=\"ux-menu-link flex menu-item\">\n\t\t<a class=\"ux-menu-link__link flex\" href=\"https:\/\/www.ibikecuneo.com\/percorsi\/percorso-5\/palanfre-gioiello-di-architettura-alpina\/\"  >\n\t\t\t\t\t\t<span class=\"ux-menu-link__text\">\n\t\t\t\tPalanfr\u00e8, un joyau de l&#039;architecture alpine \t\t\t<\/span>\n\t\t<\/a>\n\t<\/div>\n\t\r\n\r\n\t<div class=\"ux-menu-link flex menu-item\">\n\t\t<a class=\"ux-menu-link__link flex\" href=\"https:\/\/www.ibikecuneo.com\/percorsi\/percorso-5\/una-grande-stazione-di-sci\/\"  >\n\t\t\t\t\t\t<span class=\"ux-menu-link__text\">\n\t\t\t\tUne grande station de ski\t\t\t<\/span>\n\t\t<\/a>\n\t<\/div>\n\t\r\n\r\n\t<div class=\"ux-menu-link flex menu-item\">\n\t\t<a class=\"ux-menu-link__link flex\" href=\"https:\/\/www.ibikecuneo.com\/percorsi\/percorso-5\/i-forti-del-colle-di-tenda-e-la-via-del-sale\/\"  >\n\t\t\t\t\t\t<span class=\"ux-menu-link__text\">\n\t\t\t\tLes forts du Col de Tende et la Route du Sel\t\t\t<\/span>\n\t\t<\/a>\n\t<\/div>\n\t\r\n\r\n\r\n\t<\/div>\n\t\r\n<div class=\"text-center\"><div class=\"is-divider divider clearfix\" style=\"background-color:rgb(0, 162, 157);\"><\/div><\/div>\r\n\r\n\t<div id=\"text-4060572220\" class=\"text\">\n\t\t\r\n\r\n<h4>Autres itin\u00e9raires<\/h4>\r\n\t\t\n<style>\n#text-4060572220 {\n  line-height: 1.2;\n}\n<\/style>\n\t<\/div>\n\t\r\n\t<div class=\"ux-menu stack stack-col justify-start ux-menu--divider-solid\">\n\t\t\r\n\r\n\t<div class=\"ux-menu-link flex menu-item\">\n\t\t<a class=\"ux-menu-link__link flex\" href=\"https:\/\/www.ibikecuneo.com\/percorsi\/alla-scoperta-di-cuneo-e-del-parco-fluviale-gesso-e-stura\/\"  >\n\t\t\t\t\t\t<span class=\"ux-menu-link__text\">\n\t\t\t\t\u00c0 la d\u00e9couverte de Coni et du Parc fluvial Gesso et Stura\t\t\t<\/span>\n\t\t<\/a>\n\t<\/div>\n\t\r\n\r\n\t<div class=\"ux-menu-link flex menu-item\">\n\t\t<a class=\"ux-menu-link__link flex\" href=\"https:\/\/www.ibikecuneo.com\/percorsi\/pedalare-tra-arte-e-natura-cuneo-valle-grana-e-valle-maira\/\"  >\n\t\t\t\t\t\t<span class=\"ux-menu-link__text\">\n\t\t\t\tP\u00e9daler entre art et nature: Coni, le Val Grana et le Val Maira\t\t\t<\/span>\n\t\t<\/a>\n\t<\/div>\n\t\r\n\r\n\t<div class=\"ux-menu-link flex menu-item\">\n\t\t<a class=\"ux-menu-link__link flex\" href=\"https:\/\/www.ibikecuneo.com\/percorsi\/in-bicicletta-tra-cuneo-mondovi-vicoforte-e-chiusa-di-pesio\/\"  >\n\t\t\t\t\t\t<span class=\"ux-menu-link__text\">\n\t\t\t\t\u00c0 v\u00e9lo entre Coni, Mondovi, Vicoforte et Chiusa di Pesio\t\t\t<\/span>\n\t\t<\/a>\n\t<\/div>\n\t\r\n\r\n\t<div class=\"ux-menu-link flex menu-item\">\n\t\t<a class=\"ux-menu-link__link flex\" href=\"https:\/\/www.ibikecuneo.com\/percorsi\/da-cuneo-alle-terme-di-valdieri-pedalare-tra-natura-e-benessere\/\"  >\n\t\t\t\t\t\t<span class=\"ux-menu-link__text\">\n\t\t\t\tDe Coni aux Thermes de Valdieri, rouler \u00e0 v\u00e9lo entre nature et bien-\u00eatre\t\t\t<\/span>\n\t\t<\/a>\n\t<\/div>\n\t\r\n\r\n\r\n\t<\/div>\n\t\r\n\r\n\t\t<\/div>\n\t\t\t\t\t<\/div>\n\n\t\r\n\r\n<\/div>\n\n\n\n\n\t\t<\/div>\n\t\t\t\t\t<\/div>\n\n\t\n\n<\/div>\n\n\t\t<\/div>\n\n\t\t\n<style>\n#section_1062930674 {\n  padding-top: 30px;\n  padding-bottom: 30px;\n}\n#section_1062930674 .ux-shape-divider--top svg {\n  height: 150px;\n  --divider-top-width: 100%;\n}\n#section_1062930674 .ux-shape-divider--bottom svg {\n  height: 150px;\n  --divider-width: 100%;\n}\n<\/style>\n\t<\/section>\n\t\n\n","protected":false},"excerpt":{"rendered":"","protected":false},"author":1,"featured_media":1643,"parent":1554,"menu_order":4,"comment_status":"closed","ping_status":"closed","template":"","meta":[],"_links":{"self":[{"href":"https:\/\/www.ibikecuneo.com\/fr\/wp-json\/wp\/v2\/pages\/1575"}],"collection":[{"href":"https:\/\/www.ibikecuneo.com\/fr\/wp-json\/wp\/v2\/pages"}],"about":[{"href":"https:\/\/www.ibikecuneo.com\/fr\/wp-json\/wp\/v2\/types\/page"}],"author":[{"embeddable":true,"href":"https:\/\/www.ibikecuneo.com\/fr\/wp-json\/wp\/v2\/users\/1"}],"replies":[{"embeddable":true,"href":"https:\/\/www.ibikecuneo.com\/fr\/wp-json\/wp\/v2\/comments?post=1575"}],"version-history":[{"count":4,"href":"https:\/\/www.ibikecuneo.com\/fr\/wp-json\/wp\/v2\/pages\/1575\/revisions"}],"predecessor-version":[{"id":1694,"href":"https:\/\/www.ibikecuneo.com\/fr\/wp-json\/wp\/v2\/pages\/1575\/revisions\/1694"}],"up":[{"embeddable":true,"href":"https:\/\/www.ibikecuneo.com\/fr\/wp-json\/wp\/v2\/pages\/1554"}],"wp:featuredmedia":[{"embeddable":true,"href":"https:\/\/www.ibikecuneo.com\/fr\/wp-json\/wp\/v2\/media\/1643"}],"wp:attachment":[{"href":"https:\/\/www.ibikecuneo.com\/fr\/wp-json\/wp\/v2\/media?parent=1575"}],"curies":[{"name":"wp","href":"https:\/\/api.w.org\/{rel}","templated":true}]}}

<div id="page-header-1007686098" class="page-header-wrapper">
  <div class="page-title dark featured-title">

        <div class="page-title-bg">
      <div class="title-bg fill bg-fill"
        data-parallax-container=".page-title"
        data-parallax-background
        data-parallax="-">
      </div>
      <div class="title-overlay fill"></div>
    </div>
    
    <div class="page-title-inner container align-center flex-row medium-flex-wrap" >
              <div class="title-wrapper flex-col text-left medium-text-center">
          <h1 class="entry-title mb-0">
            Une grande station de ski          </h1>
        </div>
                    <div class="title-content flex-col flex-right text-right medium-text-center">
        <div class="title-breadcrumbs pb-half pt-half"></div>      </div>
    </div>

     
<style>
#page-header-1007686098 .page-title-inner {
  min-height: 160px;
}
#page-header-1007686098 .title-bg {
  background-image: url(https://www.ibikecuneo.com/wp-content/uploads/2022/10/seg4_LIMONE-UNA-GRANDE-STAZIONE-DI-SCI-FOTO-G.-BERNARDI.jpg);
}
#page-header-1007686098 .title-overlay {
  background-color: rgba(0,0,0,.5);
}
</style>
  </div>
    </div>
  

	<section class="section" id="section_1062930674">
		<div class="bg section-bg fill bg-fill  bg-loaded" >

			
			
			

		</div>

		

		<div class="section-content relative">
			

<div class="row row-large row-divided"  id="row-2012748196">


	<div id="col-1466564796" class="col medium-8 large-8"  >
				<div class="col-inner"  >
			
			

<p>Limone Piemonte est la station de vacances la plus réputée des montagnes de Cuneo. Née et développée au fil du temps en tant que station de ski, Limone s&rsquo;est également équipée ces derniers temps pour accueillir la fréquentation estivale, proposant des offres liées avant tout aux activités de plein air, avec une référence particulière au VTT. Un musée est consacré au ski, rassemblant de nombreuses reliques et rappelant les exploits d&rsquo;une série de personnalités qui ont marqué l&rsquo;évolution des sports d&rsquo;hiver dans la station de la haute vallée de la Vermenagna.</p>
<p>Mais Limone, ce n&rsquo;est pas seulement le ski, c&rsquo;est une ville dont l&rsquo;histoire séculaire est étroitement liée au passage des armées et des caravanes par l&rsquo;un des cols les plus importants de toute la chaîne alpine, le Col de Tende. Le principal témoignage de son ancienne splendeur est l&rsquo;église paroissiale de San Pietro, un bel exemple d&rsquo;architecture médiévale, avec des fresques du XVe siècle à l&rsquo;intérieur. </p>
	<div class="img has-hover x md-x lg-x y md-y lg-y" id="image_770074265">
								<div class="img-inner dark" >
			<img width="1020" height="765" src="https://www.ibikecuneo.com/wp-content/uploads/2022/10/seg4_LIMONE-UNA-GRANDE-STAZIONE-DI-SCI-FOTO-G.-BERNARDI-1024x768.jpg" class="attachment-large size-large" alt="" decoding="async" loading="lazy" srcset="https://www.ibikecuneo.com/wp-content/uploads/2022/10/seg4_LIMONE-UNA-GRANDE-STAZIONE-DI-SCI-FOTO-G.-BERNARDI-1024x768.jpg 1024w, https://www.ibikecuneo.com/wp-content/uploads/2022/10/seg4_LIMONE-UNA-GRANDE-STAZIONE-DI-SCI-FOTO-G.-BERNARDI-300x225.jpg 300w, https://www.ibikecuneo.com/wp-content/uploads/2022/10/seg4_LIMONE-UNA-GRANDE-STAZIONE-DI-SCI-FOTO-G.-BERNARDI-768x576.jpg 768w, https://www.ibikecuneo.com/wp-content/uploads/2022/10/seg4_LIMONE-UNA-GRANDE-STAZIONE-DI-SCI-FOTO-G.-BERNARDI-1536x1152.jpg 1536w, https://www.ibikecuneo.com/wp-content/uploads/2022/10/seg4_LIMONE-UNA-GRANDE-STAZIONE-DI-SCI-FOTO-G.-BERNARDI.jpg 2000w" sizes="(max-width: 1020px) 100vw, 1020px" />						
					</div>
								
<style>
#image_770074265 {
  width: 100%;
}
</style>
	</div>
	


		</div>
					</div>

	

	<div id="col-503908499" class="col medium-4 large-4"  >
				<div class="col-inner"  >
			
			

<div class="row row-collapse row-full-width"  id="row-38666511">


	<div id="col-1790291618" class="col small-12 large-12"  >
				<div class="col-inner"  >
			
			

	<div id="text-3725013766" class="text">
		

<h4>De Cuneo au Col de Tende, à vélo le long d’une ancienne route du sel</h4>
<h5>Segments</h5>
		
<style>
#text-3725013766 {
  line-height: 1.2;
}
</style>
	</div>
	
	<div class="ux-menu stack stack-col justify-start ux-menu--divider-solid">
		

	<div class="ux-menu-link flex menu-item">
		<a class="ux-menu-link__link flex" href="https://www.ibikecuneo.com/percorsi/percorso-5/da-cuneo-alla-valle-vermenagna/"  >
						<span class="ux-menu-link__text">
				De Cuneo à la Vallée de la Vermenagna			</span>
		</a>
	</div>
	

	<div class="ux-menu-link flex menu-item">
		<a class="ux-menu-link__link flex" href="https://www.ibikecuneo.com/percorsi/percorso-5/il-paese-di-pinocchio/"  >
						<span class="ux-menu-link__text">
				Le village de Pinocchio			</span>
		</a>
	</div>
	

	<div class="ux-menu-link flex menu-item">
		<a class="ux-menu-link__link flex" href="https://www.ibikecuneo.com/percorsi/percorso-5/palanfre-gioiello-di-architettura-alpina/"  >
						<span class="ux-menu-link__text">
				Palanfrè, un joyau de l&#039;architecture alpine 			</span>
		</a>
	</div>
	

	<div class="ux-menu-link flex menu-item">
		<a class="ux-menu-link__link flex" href="https://www.ibikecuneo.com/percorsi/percorso-5/una-grande-stazione-di-sci/"  >
						<span class="ux-menu-link__text">
				Une grande station de ski			</span>
		</a>
	</div>
	

	<div class="ux-menu-link flex menu-item">
		<a class="ux-menu-link__link flex" href="https://www.ibikecuneo.com/percorsi/percorso-5/i-forti-del-colle-di-tenda-e-la-via-del-sale/"  >
						<span class="ux-menu-link__text">
				Les forts du Col de Tende et la Route du Sel			</span>
		</a>
	</div>
	


	</div>
	
<div class="text-center"><div class="is-divider divider clearfix" style="background-color:rgb(0, 162, 157);"></div></div>

	<div id="text-4060572220" class="text">
		

<h4>Autres itinéraires</h4>
		
<style>
#text-4060572220 {
  line-height: 1.2;
}
</style>
	</div>
	
	<div class="ux-menu stack stack-col justify-start ux-menu--divider-solid">
		

	<div class="ux-menu-link flex menu-item">
		<a class="ux-menu-link__link flex" href="https://www.ibikecuneo.com/percorsi/alla-scoperta-di-cuneo-e-del-parco-fluviale-gesso-e-stura/"  >
						<span class="ux-menu-link__text">
				À la découverte de Coni et du Parc fluvial Gesso et Stura			</span>
		</a>
	</div>
	

	<div class="ux-menu-link flex menu-item">
		<a class="ux-menu-link__link flex" href="https://www.ibikecuneo.com/percorsi/pedalare-tra-arte-e-natura-cuneo-valle-grana-e-valle-maira/"  >
						<span class="ux-menu-link__text">
				Pédaler entre art et nature: Coni, le Val Grana et le Val Maira			</span>
		</a>
	</div>
	

	<div class="ux-menu-link flex menu-item">
		<a class="ux-menu-link__link flex" href="https://www.ibikecuneo.com/percorsi/in-bicicletta-tra-cuneo-mondovi-vicoforte-e-chiusa-di-pesio/"  >
						<span class="ux-menu-link__text">
				À vélo entre Coni, Mondovi, Vicoforte et Chiusa di Pesio			</span>
		</a>
	</div>
	

	<div class="ux-menu-link flex menu-item">
		<a class="ux-menu-link__link flex" href="https://www.ibikecuneo.com/percorsi/da-cuneo-alle-terme-di-valdieri-pedalare-tra-natura-e-benessere/"  >
						<span class="ux-menu-link__text">
				De Coni aux Thermes de Valdieri, rouler à vélo entre nature et bien-être			</span>
		</a>
	</div>
	


	</div>
	

		</div>
					</div>

	

</div>




		</div>
					</div>

	

</div>

		</div>

		
<style>
#section_1062930674 {
  padding-top: 30px;
  padding-bottom: 30px;
}
#section_1062930674 .ux-shape-divider--top svg {
  height: 150px;
  --divider-top-width: 100%;
}
#section_1062930674 .ux-shape-divider--bottom svg {
  height: 150px;
  --divider-width: 100%;
}
</style>
	</section>
