{"id":1577,"date":"2022-09-28T14:32:17","date_gmt":"2022-09-28T14:32:17","guid":{"rendered":"https:\/\/www.ibikecuneo.com\/routes\/de-cuneo-au-col-de-tende-a-velo-le-long-dune-ancienne-route-du-sel\/les-forts-du-col-de-tende-et-la-route-du-sel\/"},"modified":"2022-10-05T09:58:38","modified_gmt":"2022-10-05T09:58:38","slug":"les-forts-du-col-de-tende-et-la-route-du-sel","status":"publish","type":"page","link":"https:\/\/www.ibikecuneo.com\/fr\/routes\/de-cuneo-au-col-de-tende-a-velo-le-long-dune-ancienne-route-du-sel\/les-forts-du-col-de-tende-et-la-route-du-sel\/","title":{"rendered":"Les forts du Col de Tende et la Route du Sel"},"content":{"rendered":"\n  <div id=\"page-header-35068252\" class=\"page-header-wrapper\">\n  <div class=\"page-title dark featured-title\">\n\n        <div class=\"page-title-bg\">\n      <div class=\"title-bg fill bg-fill\"\n        data-parallax-container=\".page-title\"\n        data-parallax-background\n        data-parallax=\"-\">\n      <\/div>\n      <div class=\"title-overlay fill\"><\/div>\n    <\/div>\n    \n    <div class=\"page-title-inner container align-center flex-row medium-flex-wrap\" >\n              <div class=\"title-wrapper flex-col text-left medium-text-center\">\n          <h1 class=\"entry-title mb-0\">\n            Les forts du Col de Tende et la Route du Sel          <\/h1>\n        <\/div>\n                    <div class=\"title-content flex-col flex-right text-right medium-text-center\">\n        <div class=\"title-breadcrumbs pb-half pt-half\"><\/div>      <\/div>\n    <\/div>\n\n     \n<style>\n#page-header-35068252 .page-title-inner {\n  min-height: 160px;\n}\n#page-header-35068252 .title-bg {\n  background-image: url(https:\/\/www.ibikecuneo.com\/wp-content\/uploads\/2022\/10\/seg5_ALTA-VIA-DEL-SALE-FOTO-AUGUSTO-RIVELLI.jpg);\n}\n#page-header-35068252 .title-overlay {\n  background-color: rgba(0,0,0,.5);\n}\n<\/style>\n  <\/div>\n    <\/div>\n  \n\n\t<section class=\"section\" id=\"section_582818392\">\n\t\t<div class=\"bg section-bg fill bg-fill  bg-loaded\" >\n\n\t\t\t\n\t\t\t\n\t\t\t\n\n\t\t<\/div>\n\n\t\t\n\n\t\t<div class=\"section-content relative\">\n\t\t\t\n\n<div class=\"row row-large row-divided\"  id=\"row-511104207\">\n\n\n\t<div id=\"col-1007049744\" class=\"col medium-8 large-8\"  >\n\t\t\t\t<div class=\"col-inner\"  >\n\t\t\t\n\t\t\t\n\n<p>De Limone, une route avec de larges lacets monte au Col de Tende. Le long de la ligne de partage des eaux o\u00f9 s&rsquo;ouvre le col, outre les ouvrages militaires li\u00e9s \u00e0 la construction, avant la Seconde Guerre mondiale, du \u00ab\u00a0Val Alpin\u00a0\u00bb, on trouve six imposants forts (Pepino, Taborda, Centrale, Margaria, Pernante, Giaura), construits \u00e0 des fins d\u00e9fensives par la Maison de Savoie entre 1877 et 1888. Jamais utilis\u00e9s en temps de guerre, ils ont \u00e9t\u00e9 d\u00e9sarm\u00e9s \u00e0 partir de 1915. Aujourd&rsquo;hui, ils sont dans un \u00e9tat tr\u00e8s pr\u00e9caire, aussi le visiteur, s&rsquo;il ne veut pas courir de dangers, doit se limiter \u00e0 les observer de l&rsquo;ext\u00e9rieur.<\/p>\n<p>Du Col de Tende, en direction de l&rsquo;est, une ancienne route militaire bifurque, traversant des environnements de haute altitude spectaculaires autour du massif du Marguareis et descendant ensuite vers la mer. R\u00e9nov\u00e9e ces derni\u00e8res ann\u00e9es et baptis\u00e9e \u00ab\u00a0Route du sel\u00a0\u00bb, elle rappelle un type de voie de communication tr\u00e8s r\u00e9pandu dans la r\u00e9gion, au centre des \u00e9changes entre la c\u00f4te et la plaine du P\u00f4.<\/p>\n<p>Aujourd&rsquo;hui, la route, qui est payante, peut \u00eatre parcourue par divers moyens en \u00e9t\u00e9 ; deux jours en milieu de semaine sont r\u00e9serv\u00e9s aux &nbsp;v\u00e9los.<\/p>\n\t<div class=\"img has-hover x md-x lg-x y md-y lg-y\" id=\"image_256512417\">\n\t\t\t\t\t\t\t\t<div class=\"img-inner dark\" >\n\t\t\t<img width=\"1020\" height=\"679\" src=\"https:\/\/www.ibikecuneo.com\/wp-content\/uploads\/2022\/10\/seg5_ALTA-VIA-DEL-SALE-FOTO-AUGUSTO-RIVELLI-1024x682.jpg\" class=\"attachment-large size-large\" alt=\"\" decoding=\"async\" loading=\"lazy\" srcset=\"https:\/\/www.ibikecuneo.com\/wp-content\/uploads\/2022\/10\/seg5_ALTA-VIA-DEL-SALE-FOTO-AUGUSTO-RIVELLI-1024x682.jpg 1024w, https:\/\/www.ibikecuneo.com\/wp-content\/uploads\/2022\/10\/seg5_ALTA-VIA-DEL-SALE-FOTO-AUGUSTO-RIVELLI-300x200.jpg 300w, https:\/\/www.ibikecuneo.com\/wp-content\/uploads\/2022\/10\/seg5_ALTA-VIA-DEL-SALE-FOTO-AUGUSTO-RIVELLI-768x512.jpg 768w, https:\/\/www.ibikecuneo.com\/wp-content\/uploads\/2022\/10\/seg5_ALTA-VIA-DEL-SALE-FOTO-AUGUSTO-RIVELLI-1536x1024.jpg 1536w, https:\/\/www.ibikecuneo.com\/wp-content\/uploads\/2022\/10\/seg5_ALTA-VIA-DEL-SALE-FOTO-AUGUSTO-RIVELLI.jpg 2000w\" sizes=\"(max-width: 1020px) 100vw, 1020px\" \/>\t\t\t\t\t\t\n\t\t\t\t\t<\/div>\n\t\t\t\t\t\t\t\t\n<style>\n#image_256512417 {\n  width: 100%;\n}\n<\/style>\n\t<\/div>\n\t\n\n\n\t\t<\/div>\n\t\t\t\t\t<\/div>\n\n\t\n\n\t<div id=\"col-476733283\" class=\"col medium-4 large-4\"  >\n\t\t\t\t<div class=\"col-inner\"  >\n\t\t\t\n\t\t\t\n\n<div class=\"row row-collapse row-full-width\"  id=\"row-1339605213\">\r\n\r\n\n\t<div id=\"col-1269235869\" class=\"col small-12 large-12\"  >\n\t\t\t\t<div class=\"col-inner\"  >\n\t\t\t\n\t\t\t\r\n\r\n\t<div id=\"text-3467245092\" class=\"text\">\n\t\t\r\n\r\n<h4>De Cuneo au Col de Tende, \u00e0 v\u00e9lo le long d\u2019une ancienne route du sel<\/h4>\r\n<h5>Segments<\/h5>\r\n\t\t\n<style>\n#text-3467245092 {\n  line-height: 1.2;\n}\n<\/style>\n\t<\/div>\n\t\r\n\t<div class=\"ux-menu stack stack-col justify-start ux-menu--divider-solid\">\n\t\t\r\n\r\n\t<div class=\"ux-menu-link flex menu-item\">\n\t\t<a class=\"ux-menu-link__link flex\" href=\"https:\/\/www.ibikecuneo.com\/percorsi\/percorso-5\/da-cuneo-alla-valle-vermenagna\/\"  >\n\t\t\t\t\t\t<span class=\"ux-menu-link__text\">\n\t\t\t\tDe Cuneo \u00e0 la Vall\u00e9e de la Vermenagna\t\t\t<\/span>\n\t\t<\/a>\n\t<\/div>\n\t\r\n\r\n\t<div class=\"ux-menu-link flex menu-item\">\n\t\t<a class=\"ux-menu-link__link flex\" href=\"https:\/\/www.ibikecuneo.com\/percorsi\/percorso-5\/il-paese-di-pinocchio\/\"  >\n\t\t\t\t\t\t<span class=\"ux-menu-link__text\">\n\t\t\t\tLe village de Pinocchio\t\t\t<\/span>\n\t\t<\/a>\n\t<\/div>\n\t\r\n\r\n\t<div class=\"ux-menu-link flex menu-item\">\n\t\t<a class=\"ux-menu-link__link flex\" href=\"https:\/\/www.ibikecuneo.com\/percorsi\/percorso-5\/palanfre-gioiello-di-architettura-alpina\/\"  >\n\t\t\t\t\t\t<span class=\"ux-menu-link__text\">\n\t\t\t\tPalanfr\u00e8, un joyau de l&#039;architecture alpine \t\t\t<\/span>\n\t\t<\/a>\n\t<\/div>\n\t\r\n\r\n\t<div class=\"ux-menu-link flex menu-item\">\n\t\t<a class=\"ux-menu-link__link flex\" href=\"https:\/\/www.ibikecuneo.com\/percorsi\/percorso-5\/una-grande-stazione-di-sci\/\"  >\n\t\t\t\t\t\t<span class=\"ux-menu-link__text\">\n\t\t\t\tUne grande station de ski\t\t\t<\/span>\n\t\t<\/a>\n\t<\/div>\n\t\r\n\r\n\t<div class=\"ux-menu-link flex menu-item\">\n\t\t<a class=\"ux-menu-link__link flex\" href=\"https:\/\/www.ibikecuneo.com\/percorsi\/percorso-5\/i-forti-del-colle-di-tenda-e-la-via-del-sale\/\"  >\n\t\t\t\t\t\t<span class=\"ux-menu-link__text\">\n\t\t\t\tLes forts du Col de Tende et la Route du Sel\t\t\t<\/span>\n\t\t<\/a>\n\t<\/div>\n\t\r\n\r\n\r\n\t<\/div>\n\t\r\n<div class=\"text-center\"><div class=\"is-divider divider clearfix\" style=\"background-color:rgb(0, 162, 157);\"><\/div><\/div>\r\n\r\n\t<div id=\"text-1159758908\" class=\"text\">\n\t\t\r\n\r\n<h4>Autres itin\u00e9raires<\/h4>\r\n\t\t\n<style>\n#text-1159758908 {\n  line-height: 1.2;\n}\n<\/style>\n\t<\/div>\n\t\r\n\t<div class=\"ux-menu stack stack-col justify-start ux-menu--divider-solid\">\n\t\t\r\n\r\n\t<div class=\"ux-menu-link flex menu-item\">\n\t\t<a class=\"ux-menu-link__link flex\" href=\"https:\/\/www.ibikecuneo.com\/percorsi\/alla-scoperta-di-cuneo-e-del-parco-fluviale-gesso-e-stura\/\"  >\n\t\t\t\t\t\t<span class=\"ux-menu-link__text\">\n\t\t\t\t\u00c0 la d\u00e9couverte de Coni et du Parc fluvial Gesso et Stura\t\t\t<\/span>\n\t\t<\/a>\n\t<\/div>\n\t\r\n\r\n\t<div class=\"ux-menu-link flex menu-item\">\n\t\t<a class=\"ux-menu-link__link flex\" href=\"https:\/\/www.ibikecuneo.com\/percorsi\/pedalare-tra-arte-e-natura-cuneo-valle-grana-e-valle-maira\/\"  >\n\t\t\t\t\t\t<span class=\"ux-menu-link__text\">\n\t\t\t\tP\u00e9daler entre art et nature: Coni, le Val Grana et le Val Maira\t\t\t<\/span>\n\t\t<\/a>\n\t<\/div>\n\t\r\n\r\n\t<div class=\"ux-menu-link flex menu-item\">\n\t\t<a class=\"ux-menu-link__link flex\" href=\"https:\/\/www.ibikecuneo.com\/percorsi\/in-bicicletta-tra-cuneo-mondovi-vicoforte-e-chiusa-di-pesio\/\"  >\n\t\t\t\t\t\t<span class=\"ux-menu-link__text\">\n\t\t\t\t\u00c0 v\u00e9lo entre Coni, Mondovi, Vicoforte et Chiusa di Pesio\t\t\t<\/span>\n\t\t<\/a>\n\t<\/div>\n\t\r\n\r\n\t<div class=\"ux-menu-link flex menu-item\">\n\t\t<a class=\"ux-menu-link__link flex\" href=\"https:\/\/www.ibikecuneo.com\/percorsi\/da-cuneo-alle-terme-di-valdieri-pedalare-tra-natura-e-benessere\/\"  >\n\t\t\t\t\t\t<span class=\"ux-menu-link__text\">\n\t\t\t\tDe Coni aux Thermes de Valdieri, rouler \u00e0 v\u00e9lo entre nature et bien-\u00eatre\t\t\t<\/span>\n\t\t<\/a>\n\t<\/div>\n\t\r\n\r\n\r\n\t<\/div>\n\t\r\n\r\n\t\t<\/div>\n\t\t\t\t\t<\/div>\n\n\t\r\n\r\n<\/div>\n\n\n\n\n\t\t<\/div>\n\t\t\t\t\t<\/div>\n\n\t\n\n<\/div>\n\n\t\t<\/div>\n\n\t\t\n<style>\n#section_582818392 {\n  padding-top: 30px;\n  padding-bottom: 30px;\n}\n#section_582818392 .ux-shape-divider--top svg {\n  height: 150px;\n  --divider-top-width: 100%;\n}\n#section_582818392 .ux-shape-divider--bottom svg {\n  height: 150px;\n  --divider-width: 100%;\n}\n<\/style>\n\t<\/section>\n\t\n\n","protected":false},"excerpt":{"rendered":"","protected":false},"author":1,"featured_media":1632,"parent":1554,"menu_order":5,"comment_status":"closed","ping_status":"closed","template":"","meta":[],"_links":{"self":[{"href":"https:\/\/www.ibikecuneo.com\/fr\/wp-json\/wp\/v2\/pages\/1577"}],"collection":[{"href":"https:\/\/www.ibikecuneo.com\/fr\/wp-json\/wp\/v2\/pages"}],"about":[{"href":"https:\/\/www.ibikecuneo.com\/fr\/wp-json\/wp\/v2\/types\/page"}],"author":[{"embeddable":true,"href":"https:\/\/www.ibikecuneo.com\/fr\/wp-json\/wp\/v2\/users\/1"}],"replies":[{"embeddable":true,"href":"https:\/\/www.ibikecuneo.com\/fr\/wp-json\/wp\/v2\/comments?post=1577"}],"version-history":[{"count":2,"href":"https:\/\/www.ibikecuneo.com\/fr\/wp-json\/wp\/v2\/pages\/1577\/revisions"}],"predecessor-version":[{"id":1639,"href":"https:\/\/www.ibikecuneo.com\/fr\/wp-json\/wp\/v2\/pages\/1577\/revisions\/1639"}],"up":[{"embeddable":true,"href":"https:\/\/www.ibikecuneo.com\/fr\/wp-json\/wp\/v2\/pages\/1554"}],"wp:featuredmedia":[{"embeddable":true,"href":"https:\/\/www.ibikecuneo.com\/fr\/wp-json\/wp\/v2\/media\/1632"}],"wp:attachment":[{"href":"https:\/\/www.ibikecuneo.com\/fr\/wp-json\/wp\/v2\/media?parent=1577"}],"curies":[{"name":"wp","href":"https:\/\/api.w.org\/{rel}","templated":true}]}}

<div id="page-header-35068252" class="page-header-wrapper">
  <div class="page-title dark featured-title">

        <div class="page-title-bg">
      <div class="title-bg fill bg-fill"
        data-parallax-container=".page-title"
        data-parallax-background
        data-parallax="-">
      </div>
      <div class="title-overlay fill"></div>
    </div>
    
    <div class="page-title-inner container align-center flex-row medium-flex-wrap" >
              <div class="title-wrapper flex-col text-left medium-text-center">
          <h1 class="entry-title mb-0">
            Les forts du Col de Tende et la Route du Sel          </h1>
        </div>
                    <div class="title-content flex-col flex-right text-right medium-text-center">
        <div class="title-breadcrumbs pb-half pt-half"></div>      </div>
    </div>

     
<style>
#page-header-35068252 .page-title-inner {
  min-height: 160px;
}
#page-header-35068252 .title-bg {
  background-image: url(https://www.ibikecuneo.com/wp-content/uploads/2022/10/seg5_ALTA-VIA-DEL-SALE-FOTO-AUGUSTO-RIVELLI.jpg);
}
#page-header-35068252 .title-overlay {
  background-color: rgba(0,0,0,.5);
}
</style>
  </div>
    </div>
  

	<section class="section" id="section_582818392">
		<div class="bg section-bg fill bg-fill  bg-loaded" >

			
			
			

		</div>

		

		<div class="section-content relative">
			

<div class="row row-large row-divided"  id="row-511104207">


	<div id="col-1007049744" class="col medium-8 large-8"  >
				<div class="col-inner"  >
			
			

<p>De Limone, une route avec de larges lacets monte au Col de Tende. Le long de la ligne de partage des eaux où s&rsquo;ouvre le col, outre les ouvrages militaires liés à la construction, avant la Seconde Guerre mondiale, du « Val Alpin », on trouve six imposants forts (Pepino, Taborda, Centrale, Margaria, Pernante, Giaura), construits à des fins défensives par la Maison de Savoie entre 1877 et 1888. Jamais utilisés en temps de guerre, ils ont été désarmés à partir de 1915. Aujourd&rsquo;hui, ils sont dans un état très précaire, aussi le visiteur, s&rsquo;il ne veut pas courir de dangers, doit se limiter à les observer de l&rsquo;extérieur.</p>
<p>Du Col de Tende, en direction de l&rsquo;est, une ancienne route militaire bifurque, traversant des environnements de haute altitude spectaculaires autour du massif du Marguareis et descendant ensuite vers la mer. Rénovée ces dernières années et baptisée « Route du sel », elle rappelle un type de voie de communication très répandu dans la région, au centre des échanges entre la côte et la plaine du Pô.</p>
<p>Aujourd&rsquo;hui, la route, qui est payante, peut être parcourue par divers moyens en été ; deux jours en milieu de semaine sont réservés aux &nbsp;vélos.</p>
	<div class="img has-hover x md-x lg-x y md-y lg-y" id="image_256512417">
								<div class="img-inner dark" >
			<img width="1020" height="679" src="https://www.ibikecuneo.com/wp-content/uploads/2022/10/seg5_ALTA-VIA-DEL-SALE-FOTO-AUGUSTO-RIVELLI-1024x682.jpg" class="attachment-large size-large" alt="" decoding="async" loading="lazy" srcset="https://www.ibikecuneo.com/wp-content/uploads/2022/10/seg5_ALTA-VIA-DEL-SALE-FOTO-AUGUSTO-RIVELLI-1024x682.jpg 1024w, https://www.ibikecuneo.com/wp-content/uploads/2022/10/seg5_ALTA-VIA-DEL-SALE-FOTO-AUGUSTO-RIVELLI-300x200.jpg 300w, https://www.ibikecuneo.com/wp-content/uploads/2022/10/seg5_ALTA-VIA-DEL-SALE-FOTO-AUGUSTO-RIVELLI-768x512.jpg 768w, https://www.ibikecuneo.com/wp-content/uploads/2022/10/seg5_ALTA-VIA-DEL-SALE-FOTO-AUGUSTO-RIVELLI-1536x1024.jpg 1536w, https://www.ibikecuneo.com/wp-content/uploads/2022/10/seg5_ALTA-VIA-DEL-SALE-FOTO-AUGUSTO-RIVELLI.jpg 2000w" sizes="(max-width: 1020px) 100vw, 1020px" />						
					</div>
								
<style>
#image_256512417 {
  width: 100%;
}
</style>
	</div>
	


		</div>
					</div>

	

	<div id="col-476733283" class="col medium-4 large-4"  >
				<div class="col-inner"  >
			
			

<div class="row row-collapse row-full-width"  id="row-1339605213">


	<div id="col-1269235869" class="col small-12 large-12"  >
				<div class="col-inner"  >
			
			

	<div id="text-3467245092" class="text">
		

<h4>De Cuneo au Col de Tende, à vélo le long d’une ancienne route du sel</h4>
<h5>Segments</h5>
		
<style>
#text-3467245092 {
  line-height: 1.2;
}
</style>
	</div>
	
	<div class="ux-menu stack stack-col justify-start ux-menu--divider-solid">
		

	<div class="ux-menu-link flex menu-item">
		<a class="ux-menu-link__link flex" href="https://www.ibikecuneo.com/percorsi/percorso-5/da-cuneo-alla-valle-vermenagna/"  >
						<span class="ux-menu-link__text">
				De Cuneo à la Vallée de la Vermenagna			</span>
		</a>
	</div>
	

	<div class="ux-menu-link flex menu-item">
		<a class="ux-menu-link__link flex" href="https://www.ibikecuneo.com/percorsi/percorso-5/il-paese-di-pinocchio/"  >
						<span class="ux-menu-link__text">
				Le village de Pinocchio			</span>
		</a>
	</div>
	

	<div class="ux-menu-link flex menu-item">
		<a class="ux-menu-link__link flex" href="https://www.ibikecuneo.com/percorsi/percorso-5/palanfre-gioiello-di-architettura-alpina/"  >
						<span class="ux-menu-link__text">
				Palanfrè, un joyau de l&#039;architecture alpine 			</span>
		</a>
	</div>
	

	<div class="ux-menu-link flex menu-item">
		<a class="ux-menu-link__link flex" href="https://www.ibikecuneo.com/percorsi/percorso-5/una-grande-stazione-di-sci/"  >
						<span class="ux-menu-link__text">
				Une grande station de ski			</span>
		</a>
	</div>
	

	<div class="ux-menu-link flex menu-item">
		<a class="ux-menu-link__link flex" href="https://www.ibikecuneo.com/percorsi/percorso-5/i-forti-del-colle-di-tenda-e-la-via-del-sale/"  >
						<span class="ux-menu-link__text">
				Les forts du Col de Tende et la Route du Sel			</span>
		</a>
	</div>
	


	</div>
	
<div class="text-center"><div class="is-divider divider clearfix" style="background-color:rgb(0, 162, 157);"></div></div>

	<div id="text-1159758908" class="text">
		

<h4>Autres itinéraires</h4>
		
<style>
#text-1159758908 {
  line-height: 1.2;
}
</style>
	</div>
	
	<div class="ux-menu stack stack-col justify-start ux-menu--divider-solid">
		

	<div class="ux-menu-link flex menu-item">
		<a class="ux-menu-link__link flex" href="https://www.ibikecuneo.com/percorsi/alla-scoperta-di-cuneo-e-del-parco-fluviale-gesso-e-stura/"  >
						<span class="ux-menu-link__text">
				À la découverte de Coni et du Parc fluvial Gesso et Stura			</span>
		</a>
	</div>
	

	<div class="ux-menu-link flex menu-item">
		<a class="ux-menu-link__link flex" href="https://www.ibikecuneo.com/percorsi/pedalare-tra-arte-e-natura-cuneo-valle-grana-e-valle-maira/"  >
						<span class="ux-menu-link__text">
				Pédaler entre art et nature: Coni, le Val Grana et le Val Maira			</span>
		</a>
	</div>
	

	<div class="ux-menu-link flex menu-item">
		<a class="ux-menu-link__link flex" href="https://www.ibikecuneo.com/percorsi/in-bicicletta-tra-cuneo-mondovi-vicoforte-e-chiusa-di-pesio/"  >
						<span class="ux-menu-link__text">
				À vélo entre Coni, Mondovi, Vicoforte et Chiusa di Pesio			</span>
		</a>
	</div>
	

	<div class="ux-menu-link flex menu-item">
		<a class="ux-menu-link__link flex" href="https://www.ibikecuneo.com/percorsi/da-cuneo-alle-terme-di-valdieri-pedalare-tra-natura-e-benessere/"  >
						<span class="ux-menu-link__text">
				De Coni aux Thermes de Valdieri, rouler à vélo entre nature et bien-être			</span>
		</a>
	</div>
	


	</div>
	

		</div>
					</div>

	

</div>




		</div>
					</div>

	

</div>

		</div>

		
<style>
#section_582818392 {
  padding-top: 30px;
  padding-bottom: 30px;
}
#section_582818392 .ux-shape-divider--top svg {
  height: 150px;
  --divider-top-width: 100%;
}
#section_582818392 .ux-shape-divider--bottom svg {
  height: 150px;
  --divider-width: 100%;
}
</style>
	</section>
